{"id":465,"date":"2016-11-04T01:58:09","date_gmt":"2016-11-04T00:58:09","guid":{"rendered":"http:\/\/klubmamgdynia.pl\/index.php\/produkt\/ark-therapeutic-gryzak-logopedyczny-arks-grabber-z-wyp-czerwony\/"},"modified":"2026-04-28T23:15:16","modified_gmt":"2026-04-28T21:15:16","slug":"ark-therapeutic-gryzak-logopedyczny-arks-grabber-z-wyp-czerwony","status":"publish","type":"product","link":"http:\/\/klubmamgdynia.pl\/index.php\/produkt\/ark-therapeutic-gryzak-logopedyczny-arks-grabber-z-wyp-czerwony\/","title":{"rendered":"Ark Therapeutic Gryzak Logopedyczny Ark&#8217;S Grabber Z Wyp. Czerwony"},"content":{"rendered":"<p>Gryzak Grabber z wypustkami &#8211; Czerwony Bardzo Mi\u0119kkiMi\u0119kki gryzak do \u0107wiczenia narz\u0105du \u017cucia oraz ust, j\u0119zyka, policzk\u00f3w.Urozmaicona tekstura w postaci licznych wypustek znacznie wzbogaca doznania czuciowe.Przyk\u0142adowe zastosowania:Do stymulacji sensorycznej uk\u0142adu proprioceptywnegoJako bezpieczna alternatywa dla ssania palcy, zabawek, kredek itp.Jako pomoc w zmniejszaniu awersji do jedzenia.\u0106wiczenie gryzienia, \u017cucia bez ryzyka zad\u0142awieniaWzmocnienie si\u0142y mi\u0119\u015bni, oraz sprawno\u015bci aparatu gryz\u0105co-\u017cuj\u0105cego i mowy.Gryzak wyprodukowany w USA w zgodzie ze standardami FDA. Produkt nie zawiera o\u0142owiu, ftalan\u00f3w, PCV, BPA czy lateksu.Twardo\u015b\u0107 gryzak\u00f3w &#8211; w Skali: 1-6Bardzo Mi\u0119kki &#8211; 1 ( Czerwony ; Fuksja )Mi\u0119kki &#8211; 4 ( Zielony ; Turkusowy )Twardy &#8211; 6 ( Niebieski ; Ciemno Zielony )Ka\u017cdy z gryzak\u00f3w dost\u0119pny jest na osobnej aukcji<\/p>\n<h2>Ark Therapeutic Gryzak Logopedyczny ArkS Grabber Z Wyp. Czerwony <\/h2>\n<p>pan twardowski na ksi\u0119\u017cycu wiersz, lol kolorowanka do druku, prezent na roczek dla chrze\u015bniaka, dziwne zagadki, wroc\u0142aw dla dzieci, gra kulki, adriana imi\u0119, tabliczka mno\u017cenia zadania do druku, pomys\u0142 na prezent dla nastolatk\u00f3w, przyja\u017a\u0144 cytaty, opisy do zdj\u0119\u0107 z dzieckiem, \u0142amig\u0142\u00f3wki matematyczne<\/p>\n<p>yyyyy<\/p>\n<p>&nbsp;<\/p>\n","protected":false},"excerpt":{"rendered":"<p>Gryzak Grabber z wypustkami &#8211; Czerwony Bardzo Mi\u0119kkiMi\u0119kki gryzak do \u0107wiczenia narz\u0105du \u017cucia oraz ust, j\u0119zyka, policzk\u00f3w.Urozmaicona tekstura w postaci licznych wypustek znacznie wzbogaca doznania czuciowe.Przyk\u0142adowe zastosowania:Do stymulacji sensorycznej uk\u0142adu proprioceptywnegoJako bezpieczna alternatywa dla ssania palcy, zabawek, kredek itp.Jako pomoc w zmniejszaniu awersji do jedzenia.\u0106wiczenie gryzienia, \u017cucia bez ryzyka zad\u0142awieniaWzmocnienie si\u0142y mi\u0119\u015bni, oraz sprawno\u015bci aparatu [&hellip;]<\/p>\n","protected":false},"featured_media":466,"comment_status":"closed","ping_status":"open","template":"","meta":[],"product_cat":[63],"product_tag":[864,753,731,736,604],"class_list":["post-465","product","type-product","status-publish","has-post-thumbnail","hentry","product_cat-grzechotki-i-gryzaki","product_tag-basen-warszawa","product_tag-kamila","product_tag-maly-ksiaze-cytaty","product_tag-zabawki-na-roczek","product_tag-zagadki-trudne"],"_links":{"self":[{"href":"http:\/\/klubmamgdynia.pl\/index.php\/wp-json\/wp\/v2\/product\/465","targetHints":{"allow":["GET"]}}],"collection":[{"href":"http:\/\/klubmamgdynia.pl\/index.php\/wp-json\/wp\/v2\/product"}],"about":[{"href":"http:\/\/klubmamgdynia.pl\/index.php\/wp-json\/wp\/v2\/types\/product"}],"replies":[{"embeddable":true,"href":"http:\/\/klubmamgdynia.pl\/index.php\/wp-json\/wp\/v2\/comments?post=465"}],"wp:featuredmedia":[{"embeddable":true,"href":"http:\/\/klubmamgdynia.pl\/index.php\/wp-json\/wp\/v2\/media\/466"}],"wp:attachment":[{"href":"http:\/\/klubmamgdynia.pl\/index.php\/wp-json\/wp\/v2\/media?parent=465"}],"wp:term":[{"taxonomy":"product_cat","embeddable":true,"href":"http:\/\/klubmamgdynia.pl\/index.php\/wp-json\/wp\/v2\/product_cat?post=465"},{"taxonomy":"product_tag","embeddable":true,"href":"http:\/\/klubmamgdynia.pl\/index.php\/wp-json\/wp\/v2\/product_tag?post=465"}],"curies":[{"name":"wp","href":"https:\/\/api.w.org\/{rel}","templated":true}]}}