{"id":4651,"date":"2021-05-24T09:22:25","date_gmt":"2021-05-24T07:22:25","guid":{"rendered":"http:\/\/klubmamgdynia.pl\/index.php\/produkt\/artyk-parking-czerwony-160547\/"},"modified":"2026-05-17T22:45:55","modified_gmt":"2026-05-17T20:45:55","slug":"artyk-parking-czerwony-160547","status":"publish","type":"product","link":"http:\/\/klubmamgdynia.pl\/index.php\/produkt\/artyk-parking-czerwony-160547\/","title":{"rendered":"Artyk Parking Czerwony 160547"},"content":{"rendered":"<p>SUPER CENA &#8211; TANIA DOSTAWA ! &#8211; Parking 160547 ARTYK &#8211; PACZKOMAT, POCZTA, KURIER<\/p>\n<h2>Artyk Parking Czerwony 160547 Artyk<\/h2>\n<p>Keyword, piosenki dla dzieci o jesieni, kr\u00f3tkie bajki dla dzieci, zagadki slowne, karty pracy dla dzieci z ukrainy pdf, quiz o koniach, zaproszenie na urodziny dziecka tekst do druku, po\u0142\u0105cz kropki do druku \u0142atwe, tajemniczy ogr\u00f3d test z odpowiedziami, trudne zagadki na inteligencje, filmy rodzinne na halloween, prezent dla rocznej dziewczynki, zagadki halloween dla dzieci, ko\u0142ysanki dla dzieci + tekst, prezent na 1 urodziny, co mo\u017cna zrobi\u0107 na prima aprilis, piosenki na dobranoc dla dzieci + tekst, lato lato lato czeka, kolorowanki super zings<\/p>\n<p>yyyyy<\/p>\n<p>&nbsp;<\/p>\n","protected":false},"excerpt":{"rendered":"<p>SUPER CENA &#8211; TANIA DOSTAWA ! &#8211; Parking 160547 ARTYK &#8211; PACZKOMAT, POCZTA, KURIER Artyk Parking Czerwony 160547 Artyk Keyword, piosenki dla dzieci o jesieni, kr\u00f3tkie bajki dla dzieci, zagadki slowne, karty pracy dla dzieci z ukrainy pdf, quiz o koniach, zaproszenie na urodziny dziecka tekst do druku, po\u0142\u0105cz kropki do druku \u0142atwe, tajemniczy ogr\u00f3d [&hellip;]<\/p>\n","protected":false},"featured_media":4652,"comment_status":"closed","ping_status":"open","template":"","meta":[],"product_cat":[336,141],"product_tag":[717,709,623,791,607],"class_list":["post-4651","product","type-product","status-publish","has-post-thumbnail","hentry","product_cat-artyk","product_cat-parkingi-garaze-i-tory-wyscigowe","product_tag-prezent-roczek","product_tag-zagadki-dla-dzieci-6-7-lat","product_tag-zagadki-logiczne-smieszne","product_tag-zagadki-na-myslenie","product_tag-zarty-na-prima-aprilis-dla-rodzicow"],"_links":{"self":[{"href":"http:\/\/klubmamgdynia.pl\/index.php\/wp-json\/wp\/v2\/product\/4651","targetHints":{"allow":["GET"]}}],"collection":[{"href":"http:\/\/klubmamgdynia.pl\/index.php\/wp-json\/wp\/v2\/product"}],"about":[{"href":"http:\/\/klubmamgdynia.pl\/index.php\/wp-json\/wp\/v2\/types\/product"}],"replies":[{"embeddable":true,"href":"http:\/\/klubmamgdynia.pl\/index.php\/wp-json\/wp\/v2\/comments?post=4651"}],"wp:featuredmedia":[{"embeddable":true,"href":"http:\/\/klubmamgdynia.pl\/index.php\/wp-json\/wp\/v2\/media\/4652"}],"wp:attachment":[{"href":"http:\/\/klubmamgdynia.pl\/index.php\/wp-json\/wp\/v2\/media?parent=4651"}],"wp:term":[{"taxonomy":"product_cat","embeddable":true,"href":"http:\/\/klubmamgdynia.pl\/index.php\/wp-json\/wp\/v2\/product_cat?post=4651"},{"taxonomy":"product_tag","embeddable":true,"href":"http:\/\/klubmamgdynia.pl\/index.php\/wp-json\/wp\/v2\/product_tag?post=4651"}],"curies":[{"name":"wp","href":"https:\/\/api.w.org\/{rel}","templated":true}]}}