{"id":4653,"date":"2020-12-12T01:19:54","date_gmt":"2020-12-12T00:19:54","guid":{"rendered":"http:\/\/klubmamgdynia.pl\/index.php\/produkt\/fotelik-samochodowy-cybex-aton-s2-i-size-beach-blue-0-13-kg\/"},"modified":"2026-04-04T17:43:41","modified_gmt":"2026-04-04T15:43:41","slug":"fotelik-samochodowy-cybex-aton-s2-i-size-beach-blue-0-13-kg","status":"publish","type":"product","link":"http:\/\/klubmamgdynia.pl\/index.php\/produkt\/fotelik-samochodowy-cybex-aton-s2-i-size-beach-blue-0-13-kg\/","title":{"rendered":"Fotelik samochodowy Cybex Aton S2 I-Size Beach-Blue 0-13 Kg"},"content":{"rendered":"<p>Wszystko, czego potrzebuje Twoje dziecko od pierwszej podr\u00f3\u017cy do domu. Fotelik samochodowy Cybex Aton S2 i-Size oferuje ochron\u0119 i stylowy komfort.<\/p>\n<h2>Fotelik samochodowy Cybex Aton S2 I-Size Beach-Blue 0-13 Kg Cybex<\/h2>\n<p>dzieci.pl, pikachu kolorowanka, estera, bajki dla dzieci do czytania na dobranoc, jeremi imi\u0119, prezent dla nastolatk\u00f3w, jak narysowa\u0107 koty, kolorowanka spiderman, pomys\u0142y na prezent dla nastolatki, zima z\u0142a tekst, \u0142atwe laurki, rodzina sentencja<\/p>\n<p>yyyyy<\/p>\n<p>&nbsp;<\/p>\n","protected":false},"excerpt":{"rendered":"<p>Wszystko, czego potrzebuje Twoje dziecko od pierwszej podr\u00f3\u017cy do domu. Fotelik samochodowy Cybex Aton S2 i-Size oferuje ochron\u0119 i stylowy komfort. Fotelik samochodowy Cybex Aton S2 I-Size Beach-Blue 0-13 Kg Cybex dzieci.pl, pikachu kolorowanka, estera, bajki dla dzieci do czytania na dobranoc, jeremi imi\u0119, prezent dla nastolatk\u00f3w, jak narysowa\u0107 koty, kolorowanka spiderman, pomys\u0142y na prezent [&hellip;]<\/p>\n","protected":false},"featured_media":4654,"comment_status":"closed","ping_status":"open","template":"","meta":[],"product_cat":[34,32],"product_tag":[871,648,754,707],"class_list":["post-4653","product","type-product","status-publish","has-post-thumbnail","hentry","product_cat-cybex","product_cat-foteliki-samochodowe","product_tag-bajka-o-smoku-wawelskim","product_tag-dobrej-nocy-i-sza","product_tag-dyplomy-do-wydrukowania-a4","product_tag-karty-pracy-dla-dzieci-z-ukrainy"],"_links":{"self":[{"href":"http:\/\/klubmamgdynia.pl\/index.php\/wp-json\/wp\/v2\/product\/4653","targetHints":{"allow":["GET"]}}],"collection":[{"href":"http:\/\/klubmamgdynia.pl\/index.php\/wp-json\/wp\/v2\/product"}],"about":[{"href":"http:\/\/klubmamgdynia.pl\/index.php\/wp-json\/wp\/v2\/types\/product"}],"replies":[{"embeddable":true,"href":"http:\/\/klubmamgdynia.pl\/index.php\/wp-json\/wp\/v2\/comments?post=4653"}],"wp:featuredmedia":[{"embeddable":true,"href":"http:\/\/klubmamgdynia.pl\/index.php\/wp-json\/wp\/v2\/media\/4654"}],"wp:attachment":[{"href":"http:\/\/klubmamgdynia.pl\/index.php\/wp-json\/wp\/v2\/media?parent=4653"}],"wp:term":[{"taxonomy":"product_cat","embeddable":true,"href":"http:\/\/klubmamgdynia.pl\/index.php\/wp-json\/wp\/v2\/product_cat?post=4653"},{"taxonomy":"product_tag","embeddable":true,"href":"http:\/\/klubmamgdynia.pl\/index.php\/wp-json\/wp\/v2\/product_tag?post=4653"}],"curies":[{"name":"wp","href":"https:\/\/api.w.org\/{rel}","templated":true}]}}