{"id":4661,"date":"2022-11-24T23:37:05","date_gmt":"2022-11-24T22:37:05","guid":{"rendered":"http:\/\/klubmamgdynia.pl\/?post_type=product&#038;p=4661"},"modified":"2026-05-17T22:03:06","modified_gmt":"2026-05-17T20:03:06","slug":"jakks-rowerek-3-kolowy-10-z-dzwiekami-minnie-rozowo-zielony","status":"publish","type":"product","link":"http:\/\/klubmamgdynia.pl\/index.php\/produkt\/jakks-rowerek-3-kolowy-10-z-dzwiekami-minnie-rozowo-zielony\/","title":{"rendered":"Jakks Rowerek 3-Ko\u0142\u00f3wy 10 Z D\u017awi\u0119kami Minnie R\u00f3\u017cowo-Zielony"},"content":{"rendered":"<p>Jakks Rowerek 3-ko\u0142owy z d\u017awi\u0119kamiRowerek trzyko\u0142owy z du\u017cym przednim ko\u0142em o \u015brednicy 10&#8243; (ok. 25cm). Po naci\u015bni\u0119ciu przycisku na kierownicy uruchomi\u0105 si\u0119 efekty d\u017awi\u0119kowe.Wymagane baterie: 2xAAA (niezawarte w zestawie).<\/p>\n<h2>Jakks Rowerek 3-Ko\u0142\u00f3wy 10 Z D\u017awi\u0119kami Minnie R\u00f3\u017cowo-Zielony Pulio<\/h2>\n<p>test z dynastii mizio\u0142k\u00f3w, p\u0142onie ognisko w lesie, maska batmana do druku, gry dla nastolatk\u00f3w<\/p>\n<p>yyyyy<\/p>\n<p>&nbsp;<\/p>\n","protected":false},"excerpt":{"rendered":"<p>Jakks Rowerek 3-ko\u0142owy z d\u017awi\u0119kamiRowerek trzyko\u0142owy z du\u017cym przednim ko\u0142em o \u015brednicy 10&#8243; (ok. 25cm). Po naci\u015bni\u0119ciu przycisku na kierownicy uruchomi\u0105 si\u0119 efekty d\u017awi\u0119kowe.Wymagane baterie: 2xAAA (niezawarte w zestawie). Jakks Rowerek 3-Ko\u0142\u00f3wy 10 Z D\u017awi\u0119kami Minnie R\u00f3\u017cowo-Zielony Pulio test z dynastii mizio\u0142k\u00f3w, p\u0142onie ognisko w lesie, maska batmana do druku, gry dla nastolatk\u00f3w yyyyy &nbsp;<\/p>\n","protected":false},"featured_media":4662,"comment_status":"closed","ping_status":"open","template":"","meta":[],"product_cat":[1242,464],"product_tag":[827,619,704,767],"class_list":["post-4661","product","type-product","status-publish","has-post-thumbnail","hentry","product_cat-pulio","product_cat-rowerki-trojkolowe","product_tag-bajki-dla-niemowlat","product_tag-iwo-imie","product_tag-prezent-dla-nastolatka","product_tag-zaproszenia-urodzinowe-do-druku"],"_links":{"self":[{"href":"http:\/\/klubmamgdynia.pl\/index.php\/wp-json\/wp\/v2\/product\/4661","targetHints":{"allow":["GET"]}}],"collection":[{"href":"http:\/\/klubmamgdynia.pl\/index.php\/wp-json\/wp\/v2\/product"}],"about":[{"href":"http:\/\/klubmamgdynia.pl\/index.php\/wp-json\/wp\/v2\/types\/product"}],"replies":[{"embeddable":true,"href":"http:\/\/klubmamgdynia.pl\/index.php\/wp-json\/wp\/v2\/comments?post=4661"}],"wp:featuredmedia":[{"embeddable":true,"href":"http:\/\/klubmamgdynia.pl\/index.php\/wp-json\/wp\/v2\/media\/4662"}],"wp:attachment":[{"href":"http:\/\/klubmamgdynia.pl\/index.php\/wp-json\/wp\/v2\/media?parent=4661"}],"wp:term":[{"taxonomy":"product_cat","embeddable":true,"href":"http:\/\/klubmamgdynia.pl\/index.php\/wp-json\/wp\/v2\/product_cat?post=4661"},{"taxonomy":"product_tag","embeddable":true,"href":"http:\/\/klubmamgdynia.pl\/index.php\/wp-json\/wp\/v2\/product_tag?post=4661"}],"curies":[{"name":"wp","href":"https:\/\/api.w.org\/{rel}","templated":true}]}}