{"id":4687,"date":"2012-06-25T10:14:52","date_gmt":"2012-06-25T08:14:52","guid":{"rendered":"http:\/\/klubmamgdynia.pl\/index.php\/produkt\/70mai-dash-cam-pro-plus-a500s-rc06\/"},"modified":"2026-04-28T06:48:32","modified_gmt":"2026-04-28T04:48:32","slug":"70mai-dash-cam-pro-plus-a500s-rc06","status":"publish","type":"product","link":"http:\/\/klubmamgdynia.pl\/index.php\/produkt\/70mai-dash-cam-pro-plus-a500s-rc06\/","title":{"rendered":"70mai\u00a0Dash\u00a0Cam\u00a0Pro\u00a0Plus+ A500S + RC06"},"content":{"rendered":"<p>70mai Dash Cam Pro Plus+ A500S + RC06Kamera samochodowa 70mai A500S Dash Cam Pro Plus+ przystosowana zosta\u0142a do wymaga\u0144 wsp\u00f3\u0142czesnych i \u015bwiadomych konsument\u00f3w. Jej mo\u017cliwo\u015bci rejestrowania obrazu s\u0105 doskona\u0142e &#8211; zapisuje jeszcze wi\u0119cej szczeg\u00f3\u0142\u00f3w, niezale\u017cnie od panuj\u0105cych warunk\u00f3w pogodowych i og\u00f3lnej widoczno\u015bci na drodze. Rozdzielczo\u015b\u0107 nagrywania 2,7K, wbudowany GPS, asystent ADAS i dedykowana aplikacja to tylko niekt\u00f3re z wielu przydatnych funkcji, jakie znajdziesz na pok\u0142adzie A500S.                            <\/p>\n<p>Wbudowany GPSDodanie modu\u0142u GPS pozwala na rejestrowanie aktualnej pr\u0119dko\u015bci, jak i wsp\u00f3\u0142rz\u0119dnych geograficznych z po\u0142o\u017ceniem pojazdu. Je\u015bli nie chcemy, aby informacje te by\u0142y zapisywane, mo\u017cemy deaktywowa\u0107 t\u0119 funkcj\u0119.\u00a0                            <\/p>\n<p>Kamera tylnaW zestawie znajdziemy r\u00f3wnie\u017c modu\u0142 kamery tylnej. Pozwala ona na rejestrowanie tego, co dzieje si\u0119 bezpo\u015brednio za pojazdem. Monta\u017c urz\u0105dzenia jest prosty i sprowadza si\u0119 do po\u0142\u0105czenia urz\u0105dze\u0144 jednym przewodem. Dzi\u0119ki temu ca\u0142o\u015b\u0107 jest kompatybilna z wi\u0119kszo\u015bci\u0105 samochod\u00f3w.\u00a0                            <\/p>\n<p>\u0141atwa obs\u0142ugaProducent zadba\u0142 o komfort u\u017cytkowania urz\u0105dzenia. Funkcjami kamery zarz\u0105dza\u0107 mo\u017cna zar\u00f3wno poprzez aplikacj\u0119 na telefonie, jak i bezpo\u015brednio z poziomu urz\u0105dzenia, dzi\u0119ki fizycznym przyciskom i wyra\u017anemu ekranowi.                            <\/p>\n<p>Szeroki k\u0105t widzeniaA500S posiada optyk\u0119 o szerokim polu widzenia 140 stopni. W kamerze samochodowej bardzo istotne jest to, aby mog\u0142a ona zobaczy\u0107 i nagra\u0107 mo\u017cliwie du\u017co. To, jak wiele w rzeczywisto\u015bci wida\u0107 na nagraniach z tej kamery, zobaczy\u0107 mo\u017cna ogl\u0105daj\u0105c zdj\u0119cia w zak\u0142adce opisuj\u0105cej jako\u015b\u0107 nagra\u0144.\u00a0                            <\/p>\n<p>Sensor Sony STARVISUk\u0142ad Sony STARVIS IMX335 stanowi podstaw\u0119 dobrej jako\u015bci nagra\u0144 modelu A500S. Jest to markowa matryca, kt\u00f3ra radzi sobie znakomicie zar\u00f3wno w warunkach dobrego o\u015bwietlenia, jak i po zmroku. Wspierana jest przez jasn\u0105 optyk\u0119 z przes\u0142on\u0105 F\/1.8. To solidne po\u0142\u0105czenie stoi za tak dobr\u0105 jako\u015bci\u0105 otrzymywanych nagra\u0144.\u00a0\u00a0                            <\/p>\n<p>WiFiAby \u0142atwiej ustawi\u0107 odpowiedni k\u0105t pochylenia obu kamer, przy monta\u017cu warto u\u017cy\u0107 funkcji podgl\u0105du zdalnego. Jest on dost\u0119pny po pod\u0142\u0105czeniu do kamery telefonu z zainstalowan\u0105 aplikacj\u0105 producenta. Aplikacja jest darmowa i dost\u0119pna w j\u0119zyku polskim. Telefon \u0142\u0105czy si\u0119 z sieci\u0105 WiFi, kt\u00f3r\u0105 tworzy kamera. Mamy wtedy podgl\u0105d tego, co widz\u0105 kamery, mo\u017cliwo\u015b\u0107 pobierania zarejestrowanych nagra\u0144, czy zmiany ustawie\u0144 urz\u0105dzenia.\u00a0                            <\/p>\n<p>Tryb parkingowyKamera posiada tryb parkingowy z detekcj\u0105 wstrz\u0105s\u00f3w. Dzi\u0119ki obecno\u015bci funkcji \u201eAuto power off\u201d mo\u017cliwe jest ustawienie czasu, po kt\u00f3rym wideorejestrator przejdzie w tryb czuwania (5\/10\/20min). Aby tryb parkingowy dzia\u0142a\u0142 poprawnie, kamer\u0119 nale\u017cy pod\u0142\u0105czy\u0107 do adaptera sta\u0142ego zasilania. Po bezp\u0142atnej aktualizacji oprogramowania kamery poprzez aplikacj\u0119 dostajemy mo\u017cliwo\u015b\u0107 nagrywania film\u00f3w timelapse. W trybie parkingowym urz\u0105dzenie rejestruje materia\u0142 poklatkowy tylko z przedniej kamery. Po wykryciu wstrz\u0105su oba modu\u0142y nagraj\u0105 zwyk\u0142e filmy, kt\u00f3re zostan\u0105 zabezpieczone. Kiedy wstrz\u0105sy ustan\u0105, przednia kamera powr\u00f3ci do nagrywania timelapse.<\/p>\n<h2>70mai\u00a0Dash\u00a0Cam\u00a0Pro\u00a0Plus+ A500S + RC06 70mai<\/h2>\n<p>elzbieta imie, gry z pi\u0142k\u0105, test z narnii, stare wierszyki dla dzieci, rzadkie imiona dla dziewczynek, gry dla nastolatk\u00f3w, wierszyki na lany poniedzia\u0142ek, opowie\u015bci z narni test, mateusz imi\u0119<\/p>\n<p>yyyyy<\/p>\n<p>&nbsp;<\/p>\n","protected":false},"excerpt":{"rendered":"<p>70mai Dash Cam Pro Plus+ A500S + RC06Kamera samochodowa 70mai A500S Dash Cam Pro Plus+ przystosowana zosta\u0142a do wymaga\u0144 wsp\u00f3\u0142czesnych i \u015bwiadomych konsument\u00f3w. Jej mo\u017cliwo\u015bci rejestrowania obrazu s\u0105 doskona\u0142e &#8211; zapisuje jeszcze wi\u0119cej szczeg\u00f3\u0142\u00f3w, niezale\u017cnie od panuj\u0105cych warunk\u00f3w pogodowych i og\u00f3lnej widoczno\u015bci na drodze. Rozdzielczo\u015b\u0107 nagrywania 2,7K, wbudowany GPS, asystent ADAS i dedykowana aplikacja to [&hellip;]<\/p>\n","protected":false},"featured_media":4688,"comment_status":"closed","ping_status":"open","template":"","meta":[],"product_cat":[1252,893],"product_tag":[776,699,689,747,820],"class_list":["post-4687","product","type-product","status-publish","has-post-thumbnail","hentry","product_cat-70mai","product_cat-kamery-samochodowe","product_tag-dobrej-nocy","product_tag-kolorowanki-do-druku-dla-dziewczyn","product_tag-linda","product_tag-malowanki-do-druku","product_tag-ziemia-wyspa-zielona-tekst"],"_links":{"self":[{"href":"http:\/\/klubmamgdynia.pl\/index.php\/wp-json\/wp\/v2\/product\/4687","targetHints":{"allow":["GET"]}}],"collection":[{"href":"http:\/\/klubmamgdynia.pl\/index.php\/wp-json\/wp\/v2\/product"}],"about":[{"href":"http:\/\/klubmamgdynia.pl\/index.php\/wp-json\/wp\/v2\/types\/product"}],"replies":[{"embeddable":true,"href":"http:\/\/klubmamgdynia.pl\/index.php\/wp-json\/wp\/v2\/comments?post=4687"}],"wp:featuredmedia":[{"embeddable":true,"href":"http:\/\/klubmamgdynia.pl\/index.php\/wp-json\/wp\/v2\/media\/4688"}],"wp:attachment":[{"href":"http:\/\/klubmamgdynia.pl\/index.php\/wp-json\/wp\/v2\/media?parent=4687"}],"wp:term":[{"taxonomy":"product_cat","embeddable":true,"href":"http:\/\/klubmamgdynia.pl\/index.php\/wp-json\/wp\/v2\/product_cat?post=4687"},{"taxonomy":"product_tag","embeddable":true,"href":"http:\/\/klubmamgdynia.pl\/index.php\/wp-json\/wp\/v2\/product_tag?post=4687"}],"curies":[{"name":"wp","href":"https:\/\/api.w.org\/{rel}","templated":true}]}}