{"id":4695,"date":"2020-09-13T03:46:04","date_gmt":"2020-09-13T01:46:04","guid":{"rendered":"http:\/\/klubmamgdynia.pl\/index.php\/produkt\/malplay-zestaw-do-tworzenia-bransoletek-charm-chick\/"},"modified":"2026-04-03T18:45:57","modified_gmt":"2026-04-03T16:45:57","slug":"malplay-zestaw-do-tworzenia-bransoletek-charm-chick","status":"publish","type":"product","link":"http:\/\/klubmamgdynia.pl\/index.php\/produkt\/malplay-zestaw-do-tworzenia-bransoletek-charm-chick\/","title":{"rendered":"MalPlay ZESTAW Do Tworzenia BRANSOLETEK Charm Chick"},"content":{"rendered":"<p>Zestaw do robienia bransoletek charm chicMLSTPZestaw do robienia bransoletek Charm Chic 7146 Zestaw sk\u0142ada si\u0119 z dziesi\u0119ciu rodzaj\u00f3w koralik\u00f3w: kuleczki wi\u0119ksze i mniejsze, kwiatuszki, motylki i inne kszta\u0142ty. Wymiary opakowania: 26,0 x 20,0 x 3,0 cm + 6 lat<\/p>\n<h2>MalPlay ZESTAW Do Tworzenia BRANSOLETEK Charm Chick Malplay<\/h2>\n<p>psi patrol kolorowanki, literki, spongebob kolorowanka, szlaczki do druku, lektura asiunia &#8211; test, przyja\u017a\u0144 cytaty, nadia imi\u0119, bajki dla dzieci czytane, jak si\u0119 rysuje psa, zaproszenie na urodziny do druku, bajki dla dzieci na dobranoc do czytania, test z lektury dynastia mizio\u0142k\u00f3w, prezenty dla nastolatkow, malowanka, kr\u00f3tkie zagadki, policja kolorowanka, wpad\u0142a bomba do piwnicy, nauka pisania literek do wydruku pdf, kuba imi\u0119, teksty o rodzinie, imi\u0119 iwo<\/p>\n<p>yyyyy<\/p>\n<p>&nbsp;<\/p>\n","protected":false},"excerpt":{"rendered":"<p>Zestaw do robienia bransoletek charm chicMLSTPZestaw do robienia bransoletek Charm Chic 7146 Zestaw sk\u0142ada si\u0119 z dziesi\u0119ciu rodzaj\u00f3w koralik\u00f3w: kuleczki wi\u0119ksze i mniejsze, kwiatuszki, motylki i inne kszta\u0142ty. Wymiary opakowania: 26,0 x 20,0 x 3,0 cm + 6 lat MalPlay ZESTAW Do Tworzenia BRANSOLETEK Charm Chick Malplay psi patrol kolorowanki, literki, spongebob kolorowanka, szlaczki do [&hellip;]<\/p>\n","protected":false},"featured_media":4696,"comment_status":"closed","ping_status":"open","template":"","meta":[],"product_cat":[84,21],"product_tag":[673,809,581],"class_list":["post-4695","product","type-product","status-publish","has-post-thumbnail","hentry","product_cat-malplay","product_cat-zabawki-plastyczne","product_tag-juz-blisko-koleda-tekst","product_tag-zagadki","product_tag-zagadki-dla-8-latka"],"_links":{"self":[{"href":"http:\/\/klubmamgdynia.pl\/index.php\/wp-json\/wp\/v2\/product\/4695","targetHints":{"allow":["GET"]}}],"collection":[{"href":"http:\/\/klubmamgdynia.pl\/index.php\/wp-json\/wp\/v2\/product"}],"about":[{"href":"http:\/\/klubmamgdynia.pl\/index.php\/wp-json\/wp\/v2\/types\/product"}],"replies":[{"embeddable":true,"href":"http:\/\/klubmamgdynia.pl\/index.php\/wp-json\/wp\/v2\/comments?post=4695"}],"wp:featuredmedia":[{"embeddable":true,"href":"http:\/\/klubmamgdynia.pl\/index.php\/wp-json\/wp\/v2\/media\/4696"}],"wp:attachment":[{"href":"http:\/\/klubmamgdynia.pl\/index.php\/wp-json\/wp\/v2\/media?parent=4695"}],"wp:term":[{"taxonomy":"product_cat","embeddable":true,"href":"http:\/\/klubmamgdynia.pl\/index.php\/wp-json\/wp\/v2\/product_cat?post=4695"},{"taxonomy":"product_tag","embeddable":true,"href":"http:\/\/klubmamgdynia.pl\/index.php\/wp-json\/wp\/v2\/product_tag?post=4695"}],"curies":[{"name":"wp","href":"https:\/\/api.w.org\/{rel}","templated":true}]}}