{"id":4709,"date":"2019-10-08T12:53:51","date_gmt":"2019-10-08T10:53:51","guid":{"rendered":"http:\/\/klubmamgdynia.pl\/index.php\/produkt\/lampa-nilsen-enzo-czarny-px032\/"},"modified":"2026-04-05T11:27:52","modified_gmt":"2026-04-05T09:27:52","slug":"lampa-nilsen-enzo-czarny-px032","status":"publish","type":"product","link":"http:\/\/klubmamgdynia.pl\/index.php\/produkt\/lampa-nilsen-enzo-czarny-px032\/","title":{"rendered":"Lampa Nilsen Enzo Czarny PX032"},"content":{"rendered":"<h2>Lampa Nilsen Enzo Czarny PX032 Nilsen<\/h2>\n<p>ma\u0142y ksi\u0105\u017ce cytaty o przyja\u017ani, bajki dla dzieci na dobranoc do czytania, motto dla nauczyciela, jak zapakowa\u0107 prezent dla dziecka, testy na znaki drogowe, film animowany o \u015bwi\u0119tach, malowanki dla dzieci, kolorowanka peppa do druku, szablon krokus kolorowanka, cytat z kubusia puchatka o mi\u0142o\u015bci, minionki kolorowanka, zagadki dla ma\u0142ych dzieci, \u017c\u0105rty na prima aprilis<\/p>\n<p>yyyyy<\/p>\n<p>&nbsp;<\/p>\n","protected":false},"excerpt":{"rendered":"<p>Lampa Nilsen Enzo Czarny PX032 Nilsen ma\u0142y ksi\u0105\u017ce cytaty o przyja\u017ani, bajki dla dzieci na dobranoc do czytania, motto dla nauczyciela, jak zapakowa\u0107 prezent dla dziecka, testy na znaki drogowe, film animowany o \u015bwi\u0119tach, malowanki dla dzieci, kolorowanka peppa do druku, szablon krokus kolorowanka, cytat z kubusia puchatka o mi\u0142o\u015bci, minionki kolorowanka, zagadki dla ma\u0142ych [&hellip;]<\/p>\n","protected":false},"featured_media":4710,"comment_status":"closed","ping_status":"open","template":"","meta":[],"product_cat":[1254,1253],"product_tag":[863,707,814,649],"class_list":["post-4709","product","type-product","status-publish","has-post-thumbnail","hentry","product_cat-lampy-stolowe","product_cat-nilsen","product_tag-bajki-dla-dziewczynek","product_tag-karty-pracy-dla-dzieci-z-ukrainy","product_tag-prezenty-dla-nastolatek","product_tag-zagadki-dla-nastolatkow"],"_links":{"self":[{"href":"http:\/\/klubmamgdynia.pl\/index.php\/wp-json\/wp\/v2\/product\/4709","targetHints":{"allow":["GET"]}}],"collection":[{"href":"http:\/\/klubmamgdynia.pl\/index.php\/wp-json\/wp\/v2\/product"}],"about":[{"href":"http:\/\/klubmamgdynia.pl\/index.php\/wp-json\/wp\/v2\/types\/product"}],"replies":[{"embeddable":true,"href":"http:\/\/klubmamgdynia.pl\/index.php\/wp-json\/wp\/v2\/comments?post=4709"}],"wp:featuredmedia":[{"embeddable":true,"href":"http:\/\/klubmamgdynia.pl\/index.php\/wp-json\/wp\/v2\/media\/4710"}],"wp:attachment":[{"href":"http:\/\/klubmamgdynia.pl\/index.php\/wp-json\/wp\/v2\/media?parent=4709"}],"wp:term":[{"taxonomy":"product_cat","embeddable":true,"href":"http:\/\/klubmamgdynia.pl\/index.php\/wp-json\/wp\/v2\/product_cat?post=4709"},{"taxonomy":"product_tag","embeddable":true,"href":"http:\/\/klubmamgdynia.pl\/index.php\/wp-json\/wp\/v2\/product_tag?post=4709"}],"curies":[{"name":"wp","href":"https:\/\/api.w.org\/{rel}","templated":true}]}}