{"id":4717,"date":"2018-03-23T12:13:37","date_gmt":"2018-03-23T11:13:37","guid":{"rendered":"http:\/\/klubmamgdynia.pl\/index.php\/produkt\/gazelo-traktor-z-przyczepa-g110489\/"},"modified":"2026-05-17T22:23:18","modified_gmt":"2026-05-17T20:23:18","slug":"gazelo-traktor-z-przyczepa-g110489","status":"publish","type":"product","link":"http:\/\/klubmamgdynia.pl\/index.php\/produkt\/gazelo-traktor-z-przyczepa-g110489\/","title":{"rendered":"Gazelo Traktor Z Przyczep\u0105 G110489"},"content":{"rendered":"<p>Zestaw traktor z przyczep\u0105.Przyczep maszyn\u0119 rolnicz\u0105 i ruszaj do pracy. W zestawie: traktor, przyczepa do przewozu siana z belami.Zabawka wyst\u0119puje w 2 wariantach (sprzedawane oddzielnie).Wymiary opakowania: 52 x 11 x 16 cmWiek:&#8230;<\/p>\n<h2>Gazelo Traktor Z Przyczep\u0105 G110489 Gazelo<\/h2>\n<p>okolice wroc\u0142awia, wroc\u0142aw atrakcje dla dzieci, quiz o minecraft, pomys\u0142 na prezent dla 7 latki, atrakcje do 30 km od wroc\u0142awia, bianka, plan lekcji do druku, zagadki na inteligencj\u0119, choinko pi\u0119kna jak las tekst, kolorowanka super zings, kolorowanka \u015bwinka peppa, planety uk\u0142ad s\u0142oneczny dla dzieci do druku, gry i zabawy dla dzieci, maska batmana do druku, test ze znak\u00f3w drogowych, basen warszawa, lol do druku, jeremi, halloween dla dzieci 2021<\/p>\n<p>yyyyy<\/p>\n<p>&nbsp;<\/p>\n","protected":false},"excerpt":{"rendered":"<p>Zestaw traktor z przyczep\u0105.Przyczep maszyn\u0119 rolnicz\u0105 i ruszaj do pracy. W zestawie: traktor, przyczepa do przewozu siana z belami.Zabawka wyst\u0119puje w 2 wariantach (sprzedawane oddzielnie).Wymiary opakowania: 52 x 11 x 16 cmWiek:&#8230; Gazelo Traktor Z Przyczep\u0105 G110489 Gazelo okolice wroc\u0142awia, wroc\u0142aw atrakcje dla dzieci, quiz o minecraft, pomys\u0142 na prezent dla 7 latki, atrakcje do [&hellip;]<\/p>\n","protected":false},"featured_media":4718,"comment_status":"closed","ping_status":"open","template":"","meta":[],"product_cat":[83,1213],"product_tag":[598,644,599,798,803,756],"class_list":["post-4717","product","type-product","status-publish","has-post-thumbnail","hentry","product_cat-auta-i-inne-pojazdy-do-zabawy","product_cat-gazelo","product_tag-co-na-roczek-dla-dziewczynki","product_tag-mia","product_tag-prezent-dla-nastolatkow-2021","product_tag-prezenty-dla-nastolatki","product_tag-szlaczki-do-druku","product_tag-zaproszenie-na-urodziny-do-druku"],"_links":{"self":[{"href":"http:\/\/klubmamgdynia.pl\/index.php\/wp-json\/wp\/v2\/product\/4717","targetHints":{"allow":["GET"]}}],"collection":[{"href":"http:\/\/klubmamgdynia.pl\/index.php\/wp-json\/wp\/v2\/product"}],"about":[{"href":"http:\/\/klubmamgdynia.pl\/index.php\/wp-json\/wp\/v2\/types\/product"}],"replies":[{"embeddable":true,"href":"http:\/\/klubmamgdynia.pl\/index.php\/wp-json\/wp\/v2\/comments?post=4717"}],"wp:featuredmedia":[{"embeddable":true,"href":"http:\/\/klubmamgdynia.pl\/index.php\/wp-json\/wp\/v2\/media\/4718"}],"wp:attachment":[{"href":"http:\/\/klubmamgdynia.pl\/index.php\/wp-json\/wp\/v2\/media?parent=4717"}],"wp:term":[{"taxonomy":"product_cat","embeddable":true,"href":"http:\/\/klubmamgdynia.pl\/index.php\/wp-json\/wp\/v2\/product_cat?post=4717"},{"taxonomy":"product_tag","embeddable":true,"href":"http:\/\/klubmamgdynia.pl\/index.php\/wp-json\/wp\/v2\/product_tag?post=4717"}],"curies":[{"name":"wp","href":"https:\/\/api.w.org\/{rel}","templated":true}]}}