{"id":4739,"date":"2017-08-15T22:05:23","date_gmt":"2017-08-15T20:05:23","guid":{"rendered":"http:\/\/klubmamgdynia.pl\/index.php\/produkt\/haakaa-breastmilk-storage-set-on-the-go-jasnoniebieski\/"},"modified":"2026-05-01T13:17:20","modified_gmt":"2026-05-01T11:17:20","slug":"haakaa-breastmilk-storage-set-on-the-go-jasnoniebieski","status":"publish","type":"product","link":"http:\/\/klubmamgdynia.pl\/index.php\/produkt\/haakaa-breastmilk-storage-set-on-the-go-jasnoniebieski\/","title":{"rendered":"Haakaa Breastmilk Storage Set On-The-Go Jasnoniebieski"},"content":{"rendered":"<p>Dla mam karmi\u0105cych piersi\u0105 ka\u017cda kropla mleka jest cenna &#8211; niewa\u017cne jak du\u017co czy jak ma\u0142o. Dlatego haakaa stworzy\u0142a idealn\u0105 pompk\u0119 do picia i zestaw do przechowywania w podr\u00f3\u017cy, kt\u00f3ry zbiera i bezpiecznie przechowuje wyciekaj\u0105ce mleko przez ca\u0142y dzie\u0144, dzi\u0119ki czemu mo\u017cesz w pe\u0142ni wykorzysta\u0107 sw\u00f3j zastrzyk mleka! Czyszczenie i piel\u0119gnacja Czy\u015bci\u0107 po ka\u017cdym u\u017cyciu. Zalecamy r\u0119czne czyszczenie produkt\u00f3w silikonowych Haakaa przy u\u017cyciu ciep\u0142ej wody i myd\u0142a. Silikon mo\u017ce sta\u0107 si\u0119 mleczny w zmywarce. Nie nale\u017cy u\u017cywa\u0107 agresywnych \u015brodk\u00f3w wybielaj\u0105cych ani tabletek sterylizuj\u0105cych. Sterylizuj produkty silikonowe Haakaa po ka\u017cdym u\u017cyciu, najlepiej w sterylizatorze parowym lub gotuj\u0105c je w gor\u0105cej wodzie przez 2-3 minuty. Nie nale\u017cy r\u00f3wnie\u017c u\u017cywa\u0107 sterylizator\u00f3w UV, poniewa\u017c skracaj\u0105 one \u017cywotno\u015b\u0107 produkt\u00f3w. Nale\u017cy regularnie sprawdza\u0107, czy produkt jest nadal w pe\u0142ni nienaruszony i wymieni\u0107 go, je\u015bli wykazuje jakiekolwiek oznaki uszkodzenia. Nie nale\u017cy przechowywa\u0107 urz\u0105dzenia w pobli\u017cu ostrych przedmiot\u00f3w. Produkt nale\u017cy przechowywa\u0107 w ch\u0142odnym, suchym miejscu i unika\u0107 bezpo\u015bredniego dzia\u0142ania promieni s\u0142onecznych. Do czyszczenia nale\u017cy u\u017cywa\u0107 wy\u0142\u0105cznie mi\u0119kkich g\u0105bek lub szczotek z mi\u0119kkim w\u0142osiem (twarde w\u0142osie lub g\u0105bki mog\u0105 uszkodzi\u0107 powierzchni\u0119 silikonu). W przypadku kontaktu z p\u0142ynem do mycia naczy\u0144 silikon mo\u017ce sta\u0107 si\u0119 bia\u0142y. U\u017cywaj przedmiotu tylko zgodnie z jego przeznaczeniem. Stosowa\u0107 wy\u0142\u0105cznie pod nadzorem osoby doros\u0142ej. Szczeg\u00f3\u0142y produktu Butelka, laktator i schowek &#8211; wszystko w jednym Najlepsze opakowanie do zbierania i przechowywania mleka matki Wielofunkcyjny Design u\u0142atwia zar\u00f3wno zbieranie, jak i delikatne odci\u0105ganie mleka w ci\u0105gu dnia \u0141atwy do zabrania ze sob\u0105 i cichy, wi\u0119c mo\u017ce by\u0107 noszony dyskretnie przez ca\u0142y dzie\u0144 Odporne na przeciekanie worki do przechowywania mleka zwijaj\u0105 si\u0119 w kompaktowy spos\u00f3b, co u\u0142atwia przenoszenie. Kubki i woreczki wykonane s\u0105 w 100% z silikonu spo\u017cywczego Szczotka skutecznie czy\u015bci sprz\u0119t do karmienia piersi\u0105 Przeno\u015bna torba do przechowywania sprz\u0119tu zapewnia bezpiecze\u0144stwo i sucho\u015b\u0107 podczas podr\u00f3\u017cy Nie zawiera BPA, PVC i ftalan\u00f3w Dostarczane z 2 x 75ml silikonowe pojemniki do zbierania mleka 2 x 260ml silikonowe woreczki do przechowywania 1 x Mi\u0119kka szczotka do czyszczenia 1 x przeno\u015bna torba do przechowywania<\/p>\n<h2>Haakaa Breastmilk Storage Set On-The-Go Jasnoniebieski <\/h2>\n<p>zagadki dla dzieci do druku, aurelia imi\u0119, trudne zagadki matematyczne, wroc\u0142aw atrakcje dla dzieci, 45 pa\u0144stw europy i ich stolice quiz, \u017carty prima aprilis, quiz bajki, sta\u0142a pod \u015bniegiem, impreza halloween 2021 dla dzieci, jagna imi\u0119, cytaty o przyja\u017ani kr\u00f3tkie, prezent dla nastolatk\u00f3w 2021, michalina, mia imie, szlaczki do druku, papuga kolorowanka, zagadki \u015bmieszne dla dzieci, gad\u017cety dla nastolatka, imiona z bajek, karty pracy dla dzieci z ukrainy pdf<\/p>\n<p>yyyyy<\/p>\n<p>&nbsp;<\/p>\n","protected":false},"excerpt":{"rendered":"<p>Dla mam karmi\u0105cych piersi\u0105 ka\u017cda kropla mleka jest cenna &#8211; niewa\u017cne jak du\u017co czy jak ma\u0142o. Dlatego haakaa stworzy\u0142a idealn\u0105 pompk\u0119 do picia i zestaw do przechowywania w podr\u00f3\u017cy, kt\u00f3ry zbiera i bezpiecznie przechowuje wyciekaj\u0105ce mleko przez ca\u0142y dzie\u0144, dzi\u0119ki czemu mo\u017cesz w pe\u0142ni wykorzysta\u0107 sw\u00f3j zastrzyk mleka! Czyszczenie i piel\u0119gnacja Czy\u015bci\u0107 po ka\u017cdym u\u017cyciu. [&hellip;]<\/p>\n","protected":false},"featured_media":4740,"comment_status":"closed","ping_status":"open","template":"","meta":[],"product_cat":[1016],"product_tag":[670,876,743,872,873],"class_list":["post-4739","product","type-product","status-publish","has-post-thumbnail","hentry","product_cat-laktatory","product_tag-irma","product_tag-przyjazn","product_tag-quiz-dla-dzieci","product_tag-zagadki-dla-dzieci-6-lat","product_tag-zagadki-z-odpowiedziami-dla-dzieci"],"_links":{"self":[{"href":"http:\/\/klubmamgdynia.pl\/index.php\/wp-json\/wp\/v2\/product\/4739","targetHints":{"allow":["GET"]}}],"collection":[{"href":"http:\/\/klubmamgdynia.pl\/index.php\/wp-json\/wp\/v2\/product"}],"about":[{"href":"http:\/\/klubmamgdynia.pl\/index.php\/wp-json\/wp\/v2\/types\/product"}],"replies":[{"embeddable":true,"href":"http:\/\/klubmamgdynia.pl\/index.php\/wp-json\/wp\/v2\/comments?post=4739"}],"wp:featuredmedia":[{"embeddable":true,"href":"http:\/\/klubmamgdynia.pl\/index.php\/wp-json\/wp\/v2\/media\/4740"}],"wp:attachment":[{"href":"http:\/\/klubmamgdynia.pl\/index.php\/wp-json\/wp\/v2\/media?parent=4739"}],"wp:term":[{"taxonomy":"product_cat","embeddable":true,"href":"http:\/\/klubmamgdynia.pl\/index.php\/wp-json\/wp\/v2\/product_cat?post=4739"},{"taxonomy":"product_tag","embeddable":true,"href":"http:\/\/klubmamgdynia.pl\/index.php\/wp-json\/wp\/v2\/product_tag?post=4739"}],"curies":[{"name":"wp","href":"https:\/\/api.w.org\/{rel}","templated":true}]}}