{"id":4751,"date":"2025-03-28T16:25:40","date_gmt":"2025-03-28T15:25:40","guid":{"rendered":"http:\/\/klubmamgdynia.pl\/?post_type=product&#038;p=4751"},"modified":"2026-04-04T10:24:02","modified_gmt":"2026-04-04T08:24:02","slug":"roba-kojec-6-katny-bialy-adameule","status":"publish","type":"product","link":"http:\/\/klubmamgdynia.pl\/index.php\/produkt\/roba-kojec-6-katny-bialy-adameule\/","title":{"rendered":"Roba Kojec 6 K\u0105tny Bia\u0142y Adam&amp;Eule"},"content":{"rendered":"<p>Praktyczny i stabilny kojec z drewna dla dziecka. Zapewni dziecku du\u017co miejsca, komfortowy sen i miejsce do zabaw. Posiada 3-stopniow\u0105 regulacje wysoko\u015bci pod\u0142o\u017ca. K\u00f3\u0142ka pozwol\u0105 na wygodne przemieszczanie kojca. Idealne miejsce do zabaw i wypoczynku. Szczeg\u00f3\u0142y: kolor: bia\u0142y Design: 148 &#8211; Adam &amp; Eule Materia\u0142: p\u0142yta MDF, lakierowane tkanina: mieszkanka bawe\u0142na\/poliester wype\u0142nienie: w\u0142\u00f3kno poliestrowe wymiary le\u017cenia: \u015brednica 120cm wymiary: szeroko\u015b\u0107 x g\u0142\u0119boko\u015b\u0107 x wysoko\u015b\u0107 124,4 x 105,6 x 72,4 cm 3-stopniowa regulacja wysoko\u015bci W zestawie 6 k\u00f3\u0142ek wk\u0142adka redukcyjna<\/p>\n<h2>Roba Kojec 6 K\u0105tny Bia\u0142y Adam&amp;Eule Roba<\/h2>\n<p>misie z bajek, dobranoc pch\u0142y na noc, bajka o biedronce, co na roczek dla ch\u0142opca, j\u0119zyk polski dla dzieci z ukrainy, \u017carty na prima aprilis dla rodzic\u00f3w, minionki do druku, flagi europy quiz, karmen imie, lato lato lato czeka, pomys\u0142y na dzie\u0144 dziecka dla nastolatk\u00f3w, tajemniczy ogr\u00f3d test z lektury, znaczenia imienia alicja, kolorowanki do druku dla dziewczynek, pisanie po \u015bladzie do druku pdf, kr\u00f3tkie zagadki dla doros\u0142ych<\/p>\n<p>yyyyy<\/p>\n<p>&nbsp;<\/p>\n","protected":false},"excerpt":{"rendered":"<p>Praktyczny i stabilny kojec z drewna dla dziecka. Zapewni dziecku du\u017co miejsca, komfortowy sen i miejsce do zabaw. Posiada 3-stopniow\u0105 regulacje wysoko\u015bci pod\u0142o\u017ca. K\u00f3\u0142ka pozwol\u0105 na wygodne przemieszczanie kojca. Idealne miejsce do zabaw i wypoczynku. Szczeg\u00f3\u0142y: kolor: bia\u0142y Design: 148 &#8211; Adam &amp; Eule Materia\u0142: p\u0142yta MDF, lakierowane tkanina: mieszkanka bawe\u0142na\/poliester wype\u0142nienie: w\u0142\u00f3kno poliestrowe wymiary [&hellip;]<\/p>\n","protected":false},"featured_media":4752,"comment_status":"closed","ping_status":"open","template":"","meta":[],"product_cat":[1256,1087],"product_tag":[838,685,580,669,847,821],"class_list":["post-4751","product","type-product","status-publish","has-post-thumbnail","hentry","product_cat-kojce","product_cat-roba","product_tag-bajki-dla-dzieci-na-dobranoc","product_tag-cytaty-o-rodzinie","product_tag-janusz","product_tag-kolorowanki","product_tag-kolorowanki-pokemon","product_tag-marianna"],"_links":{"self":[{"href":"http:\/\/klubmamgdynia.pl\/index.php\/wp-json\/wp\/v2\/product\/4751","targetHints":{"allow":["GET"]}}],"collection":[{"href":"http:\/\/klubmamgdynia.pl\/index.php\/wp-json\/wp\/v2\/product"}],"about":[{"href":"http:\/\/klubmamgdynia.pl\/index.php\/wp-json\/wp\/v2\/types\/product"}],"replies":[{"embeddable":true,"href":"http:\/\/klubmamgdynia.pl\/index.php\/wp-json\/wp\/v2\/comments?post=4751"}],"wp:featuredmedia":[{"embeddable":true,"href":"http:\/\/klubmamgdynia.pl\/index.php\/wp-json\/wp\/v2\/media\/4752"}],"wp:attachment":[{"href":"http:\/\/klubmamgdynia.pl\/index.php\/wp-json\/wp\/v2\/media?parent=4751"}],"wp:term":[{"taxonomy":"product_cat","embeddable":true,"href":"http:\/\/klubmamgdynia.pl\/index.php\/wp-json\/wp\/v2\/product_cat?post=4751"},{"taxonomy":"product_tag","embeddable":true,"href":"http:\/\/klubmamgdynia.pl\/index.php\/wp-json\/wp\/v2\/product_tag?post=4751"}],"curies":[{"name":"wp","href":"https:\/\/api.w.org\/{rel}","templated":true}]}}