{"id":477,"date":"2011-02-09T03:27:13","date_gmt":"2011-02-09T02:27:13","guid":{"rendered":"http:\/\/klubmamgdynia.pl\/index.php\/produkt\/procter-gamble-pampers-active-baby-rozmiar-4-9-14kg-132szt\/"},"modified":"2026-04-05T19:37:22","modified_gmt":"2026-04-05T17:37:22","slug":"procter-gamble-pampers-active-baby-rozmiar-4-9-14kg-132szt","status":"publish","type":"product","link":"http:\/\/klubmamgdynia.pl\/index.php\/produkt\/procter-gamble-pampers-active-baby-rozmiar-4-9-14kg-132szt\/","title":{"rendered":"Procter &amp; Gamble Pampers Active Baby Rozmiar 4, 9-14kg 132Szt."},"content":{"rendered":"<h2>Procter &amp; Gamble Pampers Active Baby Rozmiar 4, 9-14kg 132Szt. Pampers<\/h2>\n<p>gry ruchowe dla dzieci, quiz o psie kt\u00f3ry je\u017adzi\u0142 kolej\u0105, znane misie z bajek, znaczenie imiona justyna, quiz online, karaluchy pod poduchy, \u015bmigus dyngus wiersz dla dzieci, ale kino program, przyjazn, test z dzieci z bullerbyn<\/p>\n<p>yyyyy<\/p>\n<p>&nbsp;<\/p>\n","protected":false},"excerpt":{"rendered":"<p>Procter &amp; Gamble Pampers Active Baby Rozmiar 4, 9-14kg 132Szt. Pampers gry ruchowe dla dzieci, quiz o psie kt\u00f3ry je\u017adzi\u0142 kolej\u0105, znane misie z bajek, znaczenie imiona justyna, quiz online, karaluchy pod poduchy, \u015bmigus dyngus wiersz dla dzieci, ale kino program, przyjazn, test z dzieci z bullerbyn yyyyy &nbsp;<\/p>\n","protected":false},"featured_media":478,"comment_status":"closed","ping_status":"open","template":"","meta":[],"product_cat":[185,17],"product_tag":[617,870,786,751,609],"class_list":["post-477","product","type-product","status-publish","has-post-thumbnail","hentry","product_cat-pampers","product_cat-pieluchy","product_tag-keyword","product_tag-prezent-dla-chlopca-na-roczek","product_tag-prezent-na-1-urodziny","product_tag-psi-patrol-kolorowanka","product_tag-quiz-flagi-europy"],"_links":{"self":[{"href":"http:\/\/klubmamgdynia.pl\/index.php\/wp-json\/wp\/v2\/product\/477","targetHints":{"allow":["GET"]}}],"collection":[{"href":"http:\/\/klubmamgdynia.pl\/index.php\/wp-json\/wp\/v2\/product"}],"about":[{"href":"http:\/\/klubmamgdynia.pl\/index.php\/wp-json\/wp\/v2\/types\/product"}],"replies":[{"embeddable":true,"href":"http:\/\/klubmamgdynia.pl\/index.php\/wp-json\/wp\/v2\/comments?post=477"}],"wp:featuredmedia":[{"embeddable":true,"href":"http:\/\/klubmamgdynia.pl\/index.php\/wp-json\/wp\/v2\/media\/478"}],"wp:attachment":[{"href":"http:\/\/klubmamgdynia.pl\/index.php\/wp-json\/wp\/v2\/media?parent=477"}],"wp:term":[{"taxonomy":"product_cat","embeddable":true,"href":"http:\/\/klubmamgdynia.pl\/index.php\/wp-json\/wp\/v2\/product_cat?post=477"},{"taxonomy":"product_tag","embeddable":true,"href":"http:\/\/klubmamgdynia.pl\/index.php\/wp-json\/wp\/v2\/product_tag?post=477"}],"curies":[{"name":"wp","href":"https:\/\/api.w.org\/{rel}","templated":true}]}}