{"id":4779,"date":"2012-02-24T04:54:25","date_gmt":"2012-02-24T03:54:25","guid":{"rendered":"http:\/\/klubmamgdynia.pl\/index.php\/produkt\/fotelik-samochodowy-maxi-cosi-coral-360-baza-0-12-kg-essential-graphite\/"},"modified":"2026-04-05T12:40:08","modified_gmt":"2026-04-05T10:40:08","slug":"fotelik-samochodowy-maxi-cosi-coral-360-baza-0-12-kg-essential-graphite","status":"publish","type":"product","link":"http:\/\/klubmamgdynia.pl\/index.php\/produkt\/fotelik-samochodowy-maxi-cosi-coral-360-baza-0-12-kg-essential-graphite\/","title":{"rendered":"Fotelik samochodowy Maxi-Cosi Coral 360 Baz\u0105 0-12 kg Essential Graphite"},"content":{"rendered":"<p>Maxi Cosi Coral 360 &#8211; obrotowy fotelik samochodowy, zestaw z baz\u0105 ~0-12 kgKolor\/wz\u00f3r: BLK Essential GraphiteMaxi Cosi Coral 360 to fotelik o niesamowitej modu\u0142owej konstrukcji, dzi\u0119ki kt\u00f3rej po\u0142\u0105czysz bezpieczn\u0105 jazd\u0119, z niezwykle wygodnym przenoszeniem dziecka. Samo noside\u0142ko to jedyne 1,7 kg dodatkowego ci\u0119\u017caru oraz ogromna wygoda i bezpiecze\u0144stwo. Stabilne podparcie g\u0142owy, zapi\u0119cie w trzypunktow\u0105 uprz\u0105\u017c oraz amortyzacja wstrz\u0105s\u00f3w, dzi\u0119ki u\u017cyciu elastycznych materia\u0142\u00f3w, to tylko niekt\u00f3re z zalet innowacyjnego produktu od Maxi Cosi. Umieszczenie fotelika na obrotowej bazie FamilyFix 360 to jeszcze wi\u0119ksza wygoda. Ustaw siedzisko w Twoim kierunku, by bez niepotrzebnego schylania przygotowa\u0107 dziecko do podr\u00f3\u017cy. Z Innowacyjnym produktem segmentu Premium od Maxi Cosi zyskasz wygod\u0119, bezpiecze\u0144stwo i oszcz\u0119dno\u015b\u0107 czasu &#8211; rzeczy bezcenne podczas wymagaj\u0105cego okresu rodzicielstwa.W zestawie:fotelik Coral 360,wk\u0142adka redukcyjna,baza FamilyFix 360.Cechy charakterystyczneModu\u0142owa budowaWyj\u0105tkowa konstrukcja Maxi Cosi Coral 360, pozwala na oddzielenie nosid\u0142a od skorupy fotelika, takie rozwi\u0105zanie to wyj\u0105tkowa lekko\u015b\u0107 i wygoda przenoszenia Twojego dziecka. Natomiast uzbrojenie nosid\u0142a w dodatkowy szkielet, pozwoli zredukowa\u0107 przykre konsekwencje ewentualnych kolizji podczas jazdy samochodem.Mo\u017cliwo\u015b\u0107 obrotu\u017beby w pe\u0142ni doceni\u0107 zalety Maxi Cosi Coral 360, nale\u017cy wpi\u0105\u0107 fotelik do obrotowej bazy FamilyFix 360. Takie rozwi\u0105zanie to maksimum wygody podczas zabezpieczenia pasa\u017cera przed podr\u00f3\u017c\u0105.Lekkie noside\u0142koWyj\u0105tkowa propozycja od Maxi Cosi to nie tylko fotelik samochodowy, ale i ergonomiczne nosid\u0142o. U\u017cycie lekkich i wytrzyma\u0142ych materia\u0142\u00f3w przek\u0142ada si\u0119 na wyj\u0105tkow\u0105 lekko\u015b\u0107 noside\u0142ka. Niewielka waga pozwoli u\u017cywa\u0107 Coral 360 podczas spaceru, wyj\u015bcia do sklepu i innych codziennych aktywno\u015bci.Ochrona przed s\u0142o\u0144cemRozk\u0142adana budka z filtrem UV ochroni ma\u0142ego pasa\u017cera przez gro\u017anymi konsekwencjami oparze\u0144 s\u0142onecznych. Filtr 50+ UPF to najwy\u017cszy poziom zabezpieczenia blokuj\u0105cy 97.5 \u2013 98% promieniowania ultrafioletowego.Baza z systemem ISOFIXBaza z mocowaniem ISOFIX i nog\u0105 podpieraj\u0105c\u0105 zapewnia stabilno\u015b\u0107 i pozwala unikn\u0105\u0107 podstawowych b\u0142\u0119d\u00f3w monta\u017cowych. Wpi\u0119cie fotelika w baz\u0119 FamilyFix 360 sprowadza si\u0119 do jednego klikni\u0119cia.Zgodny z i-SizeKonstrukcja fotelika Coral 360 zosta\u0142a zaprojektowana, tak by spe\u0142ni\u0107 wszystkie wytyczne normy i-Size. Dlatego decyduj\u0105c si\u0119 na zakup fotelika dla najm\u0142odszych od Maxi Cosi mo\u017cesz by\u0107 pewny, \u017ce b\u0119dzie od idealnie dopasowany do wzrostu Twojego dziecka.Ergonomiczny uchwytWyposa\u017cenie siedziska w niezale\u017cne, elastyczne uchwyty pozwala na wygodne przenoszenie dziecka.System ochrony bocznejU\u017cycie elastycznych i wytrzyma\u0142ych materia\u0142\u00f3w pozwala na zredukowanie si\u0142y zmierzaj\u0105cej w stron\u0119 dziecka w tracie gro\u017anej kolizji bocznej.Wk\u0142adka dla najm\u0142odszychPierwsze miesi\u0105ce \u017cycia wymagaj\u0105 szczeg\u00f3lnej ochrony g\u0142\u00f3wki i szyi. Profilowana wk\u0142adka pozwoli zmieni\u0107 wn\u0119trze siedziska, tak by przystosowa\u0107 je dla najm\u0142odszych u\u017cytkownik\u00f3w.SpecyfikacjaWaga fotelika ze skorup\u0105:3,55 kgWaga noside\u0142ka z wk\u0142adk\u0105:1,95 kgWzrost dziecka (zgodnie z i-Size):40 do 75 cmGrupa wagowa:0(od 0 do 12 kg)<\/p>\n<h2>Fotelik samochodowy Maxi-Cosi Coral 360 Baz\u0105 0-12 kg Essential Graphite Maxi-Cosi<\/h2>\n<p>gry edukacyjne dla dzieci online za darmo, aurelia imie, wiersze o wakacjach, imie lilianna, wiersz na dobranoc dla dzieci, prezenty dla 16 latki, \u0142amig\u0142\u00f3wki do druku, pa\u0144stwa europy i ich stolice quiz, kolorowanki jesie\u0144 do druku, ry\u017c z owocami, zagadki dla dzieci 7-8 lat online, kr\u00f3tkie zagadki dla doros\u0142ych, dobranoc pch\u0142y na noc, przyja\u017a\u0144, quizy dla dzieci 10 lat, babciu droga babciu tekst, dzieci z bullerbyn quiz, podzi\u0119kowania dla nauczyciela cytaty, miasto dzieci krak\u00f3w, cytaty na dzie\u0144 edukacji narodowej, kolorowanki \u015bwi\u0119to niepodleg\u0142o\u015bci do druku<\/p>\n<p>yyyyy<\/p>\n<p>&nbsp;<\/p>\n","protected":false},"excerpt":{"rendered":"<p>Maxi Cosi Coral 360 &#8211; obrotowy fotelik samochodowy, zestaw z baz\u0105 ~0-12 kgKolor\/wz\u00f3r: BLK Essential GraphiteMaxi Cosi Coral 360 to fotelik o niesamowitej modu\u0142owej konstrukcji, dzi\u0119ki kt\u00f3rej po\u0142\u0105czysz bezpieczn\u0105 jazd\u0119, z niezwykle wygodnym przenoszeniem dziecka. Samo noside\u0142ko to jedyne 1,7 kg dodatkowego ci\u0119\u017caru oraz ogromna wygoda i bezpiecze\u0144stwo. Stabilne podparcie g\u0142owy, zapi\u0119cie w trzypunktow\u0105 uprz\u0105\u017c [&hellip;]<\/p>\n","protected":false},"featured_media":4780,"comment_status":"closed","ping_status":"open","template":"","meta":[],"product_cat":[32,995],"product_tag":[671,670,642,631,647],"class_list":["post-4779","product","type-product","status-publish","has-post-thumbnail","hentry","product_cat-foteliki-samochodowe","product_cat-maxi-cosi","product_tag-cicha-noc-po-angielsku-tekst","product_tag-irma","product_tag-mia-imie","product_tag-prezent-na-roczek","product_tag-warszawa-z-dzieckiem"],"_links":{"self":[{"href":"http:\/\/klubmamgdynia.pl\/index.php\/wp-json\/wp\/v2\/product\/4779","targetHints":{"allow":["GET"]}}],"collection":[{"href":"http:\/\/klubmamgdynia.pl\/index.php\/wp-json\/wp\/v2\/product"}],"about":[{"href":"http:\/\/klubmamgdynia.pl\/index.php\/wp-json\/wp\/v2\/types\/product"}],"replies":[{"embeddable":true,"href":"http:\/\/klubmamgdynia.pl\/index.php\/wp-json\/wp\/v2\/comments?post=4779"}],"wp:featuredmedia":[{"embeddable":true,"href":"http:\/\/klubmamgdynia.pl\/index.php\/wp-json\/wp\/v2\/media\/4780"}],"wp:attachment":[{"href":"http:\/\/klubmamgdynia.pl\/index.php\/wp-json\/wp\/v2\/media?parent=4779"}],"wp:term":[{"taxonomy":"product_cat","embeddable":true,"href":"http:\/\/klubmamgdynia.pl\/index.php\/wp-json\/wp\/v2\/product_cat?post=4779"},{"taxonomy":"product_tag","embeddable":true,"href":"http:\/\/klubmamgdynia.pl\/index.php\/wp-json\/wp\/v2\/product_tag?post=4779"}],"curies":[{"name":"wp","href":"https:\/\/api.w.org\/{rel}","templated":true}]}}