{"id":4787,"date":"2020-08-09T19:33:36","date_gmt":"2020-08-09T17:33:36","guid":{"rendered":"http:\/\/klubmamgdynia.pl\/index.php\/produkt\/fotelik-samochodowy-babysafe-westie-i-size-fioletowy-0-18kg\/"},"modified":"2026-04-24T12:46:49","modified_gmt":"2026-04-24T10:46:49","slug":"fotelik-samochodowy-babysafe-westie-i-size-fioletowy-0-18kg","status":"publish","type":"product","link":"http:\/\/klubmamgdynia.pl\/index.php\/produkt\/fotelik-samochodowy-babysafe-westie-i-size-fioletowy-0-18kg\/","title":{"rendered":"Fotelik samochodowy Babysafe Westie I-size Fioletowy 0-18kg"},"content":{"rendered":"<p>Babysafe, Westie &#8211; podr\u00f3\u017cowanie dziecka ty\u0142em do kierunku jazdy zapewnia znacznie wy\u017cszy poziom bezpiecze\u0144stwa.<\/p>\n<h2>Fotelik samochodowy Babysafe Westie I-size Fioletowy 0-18kg BabySafe<\/h2>\n<p>atrakcje dla dzieci wroc\u0142aw 2021, bajka dla niemowlaka, uk\u0142ad s\u0142oneczny do druku, logiczne zagadki, przys\u0142owia o rodzinie, maski karnawa\u0142owe dla dzieci szablony, prezent dla pi\u0119tnastolatka, kreatywne zabawy dla 10 latka, filmy rodzinne na halloween, jednoro\u017cec kolorowanka do druku, na wyspach bergamuta, prezent dla dziecka na roczek<\/p>\n<p>yyyyy<\/p>\n<p>&nbsp;<\/p>\n","protected":false},"excerpt":{"rendered":"<p>Babysafe, Westie &#8211; podr\u00f3\u017cowanie dziecka ty\u0142em do kierunku jazdy zapewnia znacznie wy\u017cszy poziom bezpiecze\u0144stwa. Fotelik samochodowy Babysafe Westie I-size Fioletowy 0-18kg BabySafe atrakcje dla dzieci wroc\u0142aw 2021, bajka dla niemowlaka, uk\u0142ad s\u0142oneczny do druku, logiczne zagadki, przys\u0142owia o rodzinie, maski karnawa\u0142owe dla dzieci szablony, prezent dla pi\u0119tnastolatka, kreatywne zabawy dla 10 latka, filmy rodzinne na [&hellip;]<\/p>\n","protected":false},"featured_media":4788,"comment_status":"closed","ping_status":"open","template":"","meta":[],"product_cat":[972,32],"product_tag":[871,844,870,804,812,820],"class_list":["post-4787","product","type-product","status-publish","has-post-thumbnail","hentry","product_cat-babysafe","product_cat-foteliki-samochodowe","product_tag-bajka-o-smoku-wawelskim","product_tag-co-kupic-na-roczek","product_tag-prezent-dla-chlopca-na-roczek","product_tag-ryz-z-owocami","product_tag-zagadki-logiczne-na-inteligencje","product_tag-ziemia-wyspa-zielona-tekst"],"_links":{"self":[{"href":"http:\/\/klubmamgdynia.pl\/index.php\/wp-json\/wp\/v2\/product\/4787","targetHints":{"allow":["GET"]}}],"collection":[{"href":"http:\/\/klubmamgdynia.pl\/index.php\/wp-json\/wp\/v2\/product"}],"about":[{"href":"http:\/\/klubmamgdynia.pl\/index.php\/wp-json\/wp\/v2\/types\/product"}],"replies":[{"embeddable":true,"href":"http:\/\/klubmamgdynia.pl\/index.php\/wp-json\/wp\/v2\/comments?post=4787"}],"wp:featuredmedia":[{"embeddable":true,"href":"http:\/\/klubmamgdynia.pl\/index.php\/wp-json\/wp\/v2\/media\/4788"}],"wp:attachment":[{"href":"http:\/\/klubmamgdynia.pl\/index.php\/wp-json\/wp\/v2\/media?parent=4787"}],"wp:term":[{"taxonomy":"product_cat","embeddable":true,"href":"http:\/\/klubmamgdynia.pl\/index.php\/wp-json\/wp\/v2\/product_cat?post=4787"},{"taxonomy":"product_tag","embeddable":true,"href":"http:\/\/klubmamgdynia.pl\/index.php\/wp-json\/wp\/v2\/product_tag?post=4787"}],"curies":[{"name":"wp","href":"https:\/\/api.w.org\/{rel}","templated":true}]}}