{"id":479,"date":"2021-02-01T07:56:40","date_gmt":"2021-02-01T06:56:40","guid":{"rendered":"http:\/\/klubmamgdynia.pl\/index.php\/produkt\/jodavita-jodavit-pierwiastek-zycia-30mg-l-250ml\/"},"modified":"2026-04-28T19:29:05","modified_gmt":"2026-04-28T17:29:05","slug":"jodavita-jodavit-pierwiastek-zycia-30mg-l-250ml","status":"publish","type":"product","link":"http:\/\/klubmamgdynia.pl\/index.php\/produkt\/jodavita-jodavit-pierwiastek-zycia-30mg-l-250ml\/","title":{"rendered":"Jodavita Jodavit Pierwiastek \u017bycia 30Mg\/L 250ml"},"content":{"rendered":"<p>Jodavita Jodavit Pierwiastek \u017bycia 30Mg\/L 250mlJODAVIT to suplement diety zapewniaj\u0105cy 100% dziennego zapotrzebowania organizmu na jod, w p\u0142ynnej formie zawieraj\u0105cy niepowtarzaln\u0105, opatentowan\u0105 kompozycj\u0119 jodu w rekomendowanej dawce wed\u0142ug zalece\u0144 \u015awiatowej Organizacji Zdrowia (WHO) i Ministerstwa Zdrowia.Jod jest kluczowy dla zdrowia tarczycy i prawid\u0142owego metabolizmu! Pomaga w prawid\u0142owej produkcji hormon\u00f3w tarczycy i w prawid\u0142owym funkcjonowaniu tarczycy. W\u0142a\u015bciwo\u015bci jodu maj\u0105 bezpo\u015bredni i znacz\u0105cy wp\u0142yw na utrzymanie prawid\u0142owych funkcji poznawczych dzieci.                            <\/p>\n<p>W\u0142a\u015bciwo\u015bci:Jod bierze udzia\u0142 w produkcji hormon\u00f3w tarczycy, jest wi\u0119c niezb\u0119dny do prawid\u0142owego dzia\u0142ania tarczycy, zwalczaj\u0105c problemy z niedoczynno\u015bci\u0105 tarczycy.Jod jest niezb\u0119dny do rozwoju kom\u00f3rek w organizmie, m.in. jest potrzebny do prawid\u0142owej pracy uk\u0142adu mi\u0119\u015bniowego i nerwowego.Jod pomaga w utrzymaniu zdrowej sk\u00f3ry, w\u0142os\u00f3w, paznokci i z\u0119b\u00f3w.Jod jednym z najsilniejszych przeciwutleniaczy, dzia\u0142a tak\u017ce przeciwzapalnie i przeciwnowotworowo.Odtruwa toksyny zatruwaj\u0105ce pokarm i ma w\u0142a\u015bciwo\u015bci antyalergiczne.Jest antyseptykiem chroni\u0105cym \u017co\u0142\u0105dek przed rozwojem helicobacter pylori, bakteri\u0105 przyczyniaj\u0105c\u0105 si\u0119 do owrzodzenia przewodu trawiennego.                            <\/p>\n<p>Zalecane spo\u017cycieU os\u00f3b doros\u0142ych: stosowa\u0107 1 porcj\u0119 3- 5 ml dziennie.U kobiet w ci\u0105\u017cy oraz karmi\u0105cych: 1 porcj\u0119 (5 ml) dziennie.Do pojemniczka dozuj\u0105cego wla\u0107 roztw\u00f3r do kreski oznaczonej 3 ml lub 5 ml, odmierzon\u0105 porcj\u0119 doda\u0107 do wody lub napoju bezalkoholowego. Po u\u017cyciu umy\u0107 pojemnik dozuj\u0105cy.Sk\u0142adnikiWoda, jodek potasu, jodan potasu, jodek sodu, jodan sodu.                            <\/p>\n<p>***W przypadku chor\u00f3b tarczycy &#8211; przed rozpocz\u0119ciem dawkowania nale\u017cy zawsze skonsultowa\u0107 si\u0119 z lekarzem. Produkt nie mo\u017ce by\u0107 podawany osobom choruj\u0105cym jednocze\u015bnie na niedoczynno\u015b\u0107 tarczycy i chorob\u0119 Hashimoto. Nie nale\u017cy przekracza\u0107 zalecanej dziennej porcji. Stosowanie u kobiet w ci\u0105\u017cy oraz karmi\u0105cych po konsultacji z lekarzem. Przechowywa\u0107 w spos\u00f3b niedost\u0119pny dla ma\u0142ych dzieci. Przechowywa\u0107 w temperaturze 1-25\u00b0C. Chroni\u0107 przed bezpo\u015brednim dzia\u0142aniem promieni s\u0142onecznych. Nie nale\u017cy przekracza\u0107 dziennej zalecanej porcji do spo\u017cycia. Zr\u00f3wnowa\u017cony spos\u00f3b \u017cywienia i prawid\u0142owy tryb \u017cycia s\u0105 wa\u017cne dla prawid\u0142owego funkcjonowania organizmu. Suplement diety nie mo\u017ce by\u0107 stosowany jako substytut (zamiennik) zr\u00f3\u017cnicowanej diety. Przechowywa\u0107 w suchym i ch\u0142odnym miejscu, niedost\u0119pnym dla ma\u0142ych dzieci.<\/p>\n<h2>Jodavita Jodavit Pierwiastek \u017bycia 30Mg\/L 250ml Biogeneza<\/h2>\n<p>prezent dla trzynastolatki, quizy dla dzieci o zwierz\u0119tach, zagadki walentynkowe, pa\u0144stwa europy i ich stolice quiz, choinka z bibu\u0142y, proste zagadki logiczne, ciekawe zagadki, opowie\u015b\u0107 wigilijna test z odpowiedziami, quizy dla dzieci z bajek, najpi\u0119kniejsze cytaty o przyja\u017ani, mini zoo warszawa, kuba imie, cytaty dla mamy od c\u00f3rki, ba\u015bniowe imiona \u017ce\u0144skie, quiz online, \u015bwinka peppa do czytania, postacie z bajek, atrakcje dla dzieci we wroc\u0142awiu, bajki dla dzieci czytane, kiekrz<\/p>\n<p>yyyyy<\/p>\n<p>&nbsp;<\/p>\n","protected":false},"excerpt":{"rendered":"<p>Jodavita Jodavit Pierwiastek \u017bycia 30Mg\/L 250mlJODAVIT to suplement diety zapewniaj\u0105cy 100% dziennego zapotrzebowania organizmu na jod, w p\u0142ynnej formie zawieraj\u0105cy niepowtarzaln\u0105, opatentowan\u0105 kompozycj\u0119 jodu w rekomendowanej dawce wed\u0142ug zalece\u0144 \u015awiatowej Organizacji Zdrowia (WHO) i Ministerstwa Zdrowia.Jod jest kluczowy dla zdrowia tarczycy i prawid\u0142owego metabolizmu! Pomaga w prawid\u0142owej produkcji hormon\u00f3w tarczycy i w prawid\u0142owym funkcjonowaniu tarczycy. [&hellip;]<\/p>\n","protected":false},"featured_media":480,"comment_status":"closed","ping_status":"open","template":"","meta":[],"product_cat":[186,187],"product_tag":[871,611,777,638],"class_list":["post-479","product","type-product","status-publish","has-post-thumbnail","hentry","product_cat-biogeneza","product_cat-mineraly-i-witaminy","product_tag-bajka-o-smoku-wawelskim","product_tag-bajki-do-czytania-psi-patrol","product_tag-co-na-roczek","product_tag-miastodzieci"],"_links":{"self":[{"href":"http:\/\/klubmamgdynia.pl\/index.php\/wp-json\/wp\/v2\/product\/479","targetHints":{"allow":["GET"]}}],"collection":[{"href":"http:\/\/klubmamgdynia.pl\/index.php\/wp-json\/wp\/v2\/product"}],"about":[{"href":"http:\/\/klubmamgdynia.pl\/index.php\/wp-json\/wp\/v2\/types\/product"}],"replies":[{"embeddable":true,"href":"http:\/\/klubmamgdynia.pl\/index.php\/wp-json\/wp\/v2\/comments?post=479"}],"wp:featuredmedia":[{"embeddable":true,"href":"http:\/\/klubmamgdynia.pl\/index.php\/wp-json\/wp\/v2\/media\/480"}],"wp:attachment":[{"href":"http:\/\/klubmamgdynia.pl\/index.php\/wp-json\/wp\/v2\/media?parent=479"}],"wp:term":[{"taxonomy":"product_cat","embeddable":true,"href":"http:\/\/klubmamgdynia.pl\/index.php\/wp-json\/wp\/v2\/product_cat?post=479"},{"taxonomy":"product_tag","embeddable":true,"href":"http:\/\/klubmamgdynia.pl\/index.php\/wp-json\/wp\/v2\/product_tag?post=479"}],"curies":[{"name":"wp","href":"https:\/\/api.w.org\/{rel}","templated":true}]}}