{"id":4807,"date":"2014-03-20T05:39:09","date_gmt":"2014-03-20T04:39:09","guid":{"rendered":"http:\/\/klubmamgdynia.pl\/index.php\/produkt\/esperanza-materialowa-podkladka-pod-mysz-ea145k-230-x-190-x-2-mm-duza-ea145k-5901299908426\/"},"modified":"2026-04-23T06:18:42","modified_gmt":"2026-04-23T04:18:42","slug":"esperanza-materialowa-podkladka-pod-mysz-ea145k-230-x-190-x-2-mm-duza-ea145k-5901299908426","status":"publish","type":"product","link":"http:\/\/klubmamgdynia.pl\/index.php\/produkt\/esperanza-materialowa-podkladka-pod-mysz-ea145k-230-x-190-x-2-mm-duza-ea145k-5901299908426\/","title":{"rendered":"Esperanza Materia\u0142owa Podk\u0142adka Pod Mysz Ea145K 230 X 190 X 2 Mm Du\u017ca (EA145K 5901299908426)"},"content":{"rendered":"<p>Informacje dodatkowe: Przeznaczona do pracy zar\u00f3wno z myszkami optycznymi jak i laserowymi. Zapewnia wysok\u0105 precyzj\u0119 ruchu myszki. Pokryta \u0142atwym do utrzymania w czysto\u015bci materia\u0142em Antypo\u015blizgowy sp\u00f3d zapobiega przesuwaniu si\u0119 podk\u0142adki po biurku.Kolor: CzarnyOpis og\u00f3lny: Podk\u0142adka pod mysz Esperanza EA145K czarnaWymiary [G x S x W] (mm): 3x188x253<\/p>\n<h2>Esperanza Materia\u0142owa Podk\u0142adka Pod Mysz Ea145K 230 X 190 X 2 Mm Du\u017ca (EA145K 5901299908426) Esperanza<\/h2>\n<p>test magiczne drzewo czerwone krzes\u0142o, film o \u015bwi\u0119tach dla dzieci, quiz znaki drogowe, quiz o bo\u017cym narodzeniu, cytat dla mamy, adriana imie, bajka dla dziewczynek, \u0142amig\u0142\u00f3wki dla dzieci do wydruku, nadia, pomys\u0142 na prima aprilis, kolorowanki kotki do druku<\/p>\n<p>yyyyy<\/p>\n<p>&nbsp;<\/p>\n","protected":false},"excerpt":{"rendered":"<p>Informacje dodatkowe: Przeznaczona do pracy zar\u00f3wno z myszkami optycznymi jak i laserowymi. Zapewnia wysok\u0105 precyzj\u0119 ruchu myszki. Pokryta \u0142atwym do utrzymania w czysto\u015bci materia\u0142em Antypo\u015blizgowy sp\u00f3d zapobiega przesuwaniu si\u0119 podk\u0142adki po biurku.Kolor: CzarnyOpis og\u00f3lny: Podk\u0142adka pod mysz Esperanza EA145K czarnaWymiary [G x S x W] (mm): 3x188x253 Esperanza Materia\u0142owa Podk\u0142adka Pod Mysz Ea145K 230 X [&hellip;]<\/p>\n","protected":false},"featured_media":4808,"comment_status":"closed","ping_status":"open","template":"","meta":[],"product_cat":[1258,1265],"product_tag":[777,848,589,751,773],"class_list":["post-4807","product","type-product","status-publish","has-post-thumbnail","hentry","product_cat-esperanza","product_cat-podkladki-pod-myszki-i-klawiatury","product_tag-co-na-roczek","product_tag-cytat-o-rodzinie","product_tag-prezent-dla-rocznego-dziecka","product_tag-psi-patrol-kolorowanka","product_tag-test-z-lektury-opowiesci-z-narnii-lew-czarownica-i-stara-szafa"],"_links":{"self":[{"href":"http:\/\/klubmamgdynia.pl\/index.php\/wp-json\/wp\/v2\/product\/4807","targetHints":{"allow":["GET"]}}],"collection":[{"href":"http:\/\/klubmamgdynia.pl\/index.php\/wp-json\/wp\/v2\/product"}],"about":[{"href":"http:\/\/klubmamgdynia.pl\/index.php\/wp-json\/wp\/v2\/types\/product"}],"replies":[{"embeddable":true,"href":"http:\/\/klubmamgdynia.pl\/index.php\/wp-json\/wp\/v2\/comments?post=4807"}],"wp:featuredmedia":[{"embeddable":true,"href":"http:\/\/klubmamgdynia.pl\/index.php\/wp-json\/wp\/v2\/media\/4808"}],"wp:attachment":[{"href":"http:\/\/klubmamgdynia.pl\/index.php\/wp-json\/wp\/v2\/media?parent=4807"}],"wp:term":[{"taxonomy":"product_cat","embeddable":true,"href":"http:\/\/klubmamgdynia.pl\/index.php\/wp-json\/wp\/v2\/product_cat?post=4807"},{"taxonomy":"product_tag","embeddable":true,"href":"http:\/\/klubmamgdynia.pl\/index.php\/wp-json\/wp\/v2\/product_tag?post=4807"}],"curies":[{"name":"wp","href":"https:\/\/api.w.org\/{rel}","templated":true}]}}