{"id":4825,"date":"2023-04-22T07:25:14","date_gmt":"2023-04-22T05:25:14","guid":{"rendered":"http:\/\/klubmamgdynia.pl\/?post_type=product&#038;p=4825"},"modified":"2026-04-28T01:32:41","modified_gmt":"2026-04-27T23:32:41","slug":"lionelo-mika-green-forest-gleboko-spacerowy","status":"publish","type":"product","link":"http:\/\/klubmamgdynia.pl\/index.php\/produkt\/lionelo-mika-green-forest-gleboko-spacerowy\/","title":{"rendered":"Lionelo Mika Green Forest G\u0142\u0119boko Spacerowy"},"content":{"rendered":"<p>Od urodzenia do ok. 4 lat lub 22 kg. Wielofunkcyjny w\u00f3zek dzieci\u0119cy Lionelo Mika 2 w 1 jest lekkim i zwrotnym w\u00f3zkiem na ka\u017cdy teren. W\u00f3zek mo\u017ce by\u0107 u\u017cywany przez d\u0142ugi czas &#8211; solidna aluminiowa rama i wygodne siedzisko s\u0105 odpowiednie dla dziecka od urodzenia do oko\u0142o 4 roku \u017cycia. Zestaw 2 w 1 sk\u0142ada si\u0119 z przestronnej gondoli i ergonomicznego siedziska spacerowego. Komfortowa gondolka dla niemowl\u0105t na ka\u017cd\u0105 por\u0119 roku Gondolka z wodoodpornym daszkiem (UPF 50+) i wiatroszczelnym \u015bpiworkiem na n\u00f3\u017cki jest idealna na ka\u017cd\u0105 pogod\u0119. Wewn\u0105trz znajduje si\u0119 wygodny materacyk o grubo\u015bci 2 cm z bawe\u0142nianym pokrowcem, kt\u00f3ry jest wystarczaj\u0105co mi\u0119kki dla dziecka ju\u017c od pierwszego dnia \u017cycia. Gondola jest mocowana do stela\u017ca za pomoc\u0105 praktycznego adaptera. Szczeg\u00f3ln\u0105 cech\u0105 jest mo\u017cliwo\u015b\u0107 przenoszenia dziecka w gondolce dla niemowl\u0105t. Regulowany w\u00f3zek Siedzisko spacer\u00f3wki mo\u017ce by\u0107 montowane przodem lub ty\u0142em do kierunku jazdy w zale\u017cno\u015bci od potrzeb opiekuna i dziecka. Oparcie i podn\u00f3\u017cek s\u0105 w pe\u0142ni regulowane, dzi\u0119ki czemu siedzisko mo\u017cna roz\u0142o\u017cy\u0107 na p\u0142asko, a dodatkowa wk\u0142adka zapewnia dziecku wygodn\u0105 postaw\u0119. Podn\u00f3\u017cek pokryty jest mocnym, wodoodpornym materia\u0142em, kt\u00f3ry jest niezwykle odporny na zabrudzenia. 5-punktowe pasy z mi\u0119kk\u0105 wy\u015bci\u00f3\u0142k\u0105 i zdejmowanym pa\u0142\u0105kiem ochronnym po jednej lub obu stronach gwarantuj\u0105 bezpiecze\u0144stwo. R\u0105czka posiada regulacj\u0119 wysoko\u015bci, a du\u017cy kosz pod siedziskiem jest idealny na codzienne zakupy. Na uwag\u0119 zas\u0142uguje konstrukcja przestronnego daszka z dodatkowym panelem i dobr\u0105 wentylacj\u0105 &#8211; idealna na lato i zim\u0119. Szybkie sk\u0142adanie do kompaktowych rozmiar\u00f3w Spr\u0119\u017cyste, bezobs\u0142ugowe ko\u0142a z wytrzyma\u0142ej gumy pozwalaj\u0105 na nieko\u0144cz\u0105ce si\u0119 spacery po niezbadanych \u015bcie\u017ckach. A dzi\u0119ki elementom odblaskowym w\u00f3zek jest dobrze widoczny nawet po zmroku. Niew\u0105tpliw\u0105 zalet\u0105 jest to, \u017ce w\u00f3zek wraz z siedziskiem mo\u017cna szybko z\u0142o\u017cy\u0107 jedn\u0105 r\u0119k\u0105 &#8211; wystarczy opu\u015bci\u0107 r\u0105czk\u0119 i poci\u0105gn\u0105\u0107 za d\u017awigni\u0119 pod siedziskiem. System ten oraz do\u0142\u0105czony pasek na rami\u0119 znacznie u\u0142atwiaj\u0105 pokonywanie schod\u00f3w z w\u00f3zkiem. Producent nie zapomnia\u0142 o praktycznych dodatkach &#8211; pokrowcu przeciwdeszczowym, moskitierze, dw\u00f3ch pokrowcach na n\u00f3\u017cki (do gondoli i siedziska), dzi\u0119ki czemu jeste\u015b przygotowany na ka\u017cd\u0105 sytuacj\u0119. Dane techniczne: Wymiary ramy i siedziska (d\u0142ugo\u015b\u0107 x szeroko\u015b\u0107 x wysoko\u015b\u0107): 60 x 90 x 96 cm Wymiary po z\u0142o\u017ceniu ramy i siedziska (d\u0142ugo\u015b\u0107 x szeroko\u015b\u0107 x wysoko\u015b\u0107): 60 x 61 x 35 cm Wymiary stela\u017ca i gondoli (d\u0142ugo\u015b\u0107 x szeroko\u015b\u0107 x wysoko\u015b\u0107): 60 x 90 x 120 cm Rama: Aluminium Waga z siedziskiem: 10,10 kg Waga z gondol\u0105: 11,40 kg Materia\u0142 pokrycia: poliester Ud\u017awig: 22 kg \u015arednica k\u00f3\u0142 prz\u00f3d\/ty\u0142: 17,5\/24,2 cm Zakres dostawy: W\u00f3zek dzieci\u0119cy Mika Gondolka Os\u0142ona przeciwdeszczowa (uniwersalna do gondoli i fotelika) Moskitiera (uniwersalna do noside\u0142ka i fotelika) Adapter do fotelika Materac Os\u0142ona na n\u00f3\u017cki do gondoli dla niemowl\u0105t Os\u0142ona na n\u00f3\u017cki na siedzisko<\/p>\n<h2>Lionelo Mika Green Forest G\u0142\u0119boko Spacerowy Lionelo<\/h2>\n<p>wierszyki o wakacjach kr\u00f3tkie, co kupi\u0107 na roczek dla dziewczynki, sentencja rodzina, minionki kolorowanka, kolorowanka super zings, zaproszenie na urodziny dziecka do druku, zabawy miko\u0142ajkowe dla dzieci, karty pracy dla dzieci z ukrainy klasa 3, zagadki dla dzieci 10 lat, upominek dla nastolatk\u00f3w, jasmin imi\u0119<\/p>\n<p>yyyyy<\/p>\n<p>&nbsp;<\/p>\n","protected":false},"excerpt":{"rendered":"<p>Od urodzenia do ok. 4 lat lub 22 kg. Wielofunkcyjny w\u00f3zek dzieci\u0119cy Lionelo Mika 2 w 1 jest lekkim i zwrotnym w\u00f3zkiem na ka\u017cdy teren. W\u00f3zek mo\u017ce by\u0107 u\u017cywany przez d\u0142ugi czas &#8211; solidna aluminiowa rama i wygodne siedzisko s\u0105 odpowiednie dla dziecka od urodzenia do oko\u0142o 4 roku \u017cycia. Zestaw 2 w 1 sk\u0142ada [&hellip;]<\/p>\n","protected":false},"featured_media":4826,"comment_status":"closed","ping_status":"open","template":"","meta":[],"product_cat":[967,110],"product_tag":[817,813,811,724],"class_list":["post-4825","product","type-product","status-publish","has-post-thumbnail","hentry","product_cat-lionelo","product_cat-wozki-wielofunkcyjne","product_tag-bajka-terapeutyczna-o-emocjach","product_tag-krotkie-zagadki-matematyczne-z-odpowiedziami","product_tag-zagadki-logiczne-dla-dzieci","product_tag-zagadki-podchwytliwe"],"_links":{"self":[{"href":"http:\/\/klubmamgdynia.pl\/index.php\/wp-json\/wp\/v2\/product\/4825","targetHints":{"allow":["GET"]}}],"collection":[{"href":"http:\/\/klubmamgdynia.pl\/index.php\/wp-json\/wp\/v2\/product"}],"about":[{"href":"http:\/\/klubmamgdynia.pl\/index.php\/wp-json\/wp\/v2\/types\/product"}],"replies":[{"embeddable":true,"href":"http:\/\/klubmamgdynia.pl\/index.php\/wp-json\/wp\/v2\/comments?post=4825"}],"wp:featuredmedia":[{"embeddable":true,"href":"http:\/\/klubmamgdynia.pl\/index.php\/wp-json\/wp\/v2\/media\/4826"}],"wp:attachment":[{"href":"http:\/\/klubmamgdynia.pl\/index.php\/wp-json\/wp\/v2\/media?parent=4825"}],"wp:term":[{"taxonomy":"product_cat","embeddable":true,"href":"http:\/\/klubmamgdynia.pl\/index.php\/wp-json\/wp\/v2\/product_cat?post=4825"},{"taxonomy":"product_tag","embeddable":true,"href":"http:\/\/klubmamgdynia.pl\/index.php\/wp-json\/wp\/v2\/product_tag?post=4825"}],"curies":[{"name":"wp","href":"https:\/\/api.w.org\/{rel}","templated":true}]}}