{"id":4851,"date":"2017-09-23T03:27:51","date_gmt":"2017-09-23T01:27:51","guid":{"rendered":"http:\/\/klubmamgdynia.pl\/index.php\/produkt\/bebetto-torino-gleboko-spacerowy\/"},"modified":"2026-05-17T22:05:44","modified_gmt":"2026-05-17T20:05:44","slug":"bebetto-torino-gleboko-spacerowy","status":"publish","type":"product","link":"http:\/\/klubmamgdynia.pl\/index.php\/produkt\/bebetto-torino-gleboko-spacerowy\/","title":{"rendered":"Bebetto TORINO G\u0142\u0119boko Spacerowy"},"content":{"rendered":"<p>BEBETTO TORINO &#8211; wielofunkcyjny w\u00f3zek g\u0142\u0119boko-spacerowy 2w1 z opcj\u0105 3w1 Nowoczesny uniwersalny w\u00f3zek Bebetto Torino &#8211; wyj\u0105tkowy, atrakcyjny design opartym na bia\u0142ym, b\u0142yszcz\u0105cym stela\u017cu, gondoli o ciekawym kszta\u0142cie oraz licznymi elementami dodatkowymi wykonanymi z ekologicznej sk\u00f3ry. Torino dost\u0119pny jest w szerokiej gamie kolorystycznej. W najnowszej wersji Torino zastosowano system chowanej osi \u2013 wystarczy nacisn\u0105\u0107 przycisk i wsun\u0105\u0107 o\u015b, a ponowne zwolnienie blokady powoduje jej automatyczne wysuni\u0119cie. W sk\u0142ad zestawu wchodz\u0105: Stela\u017c, gondola, siedzisko spacerowe, torba piel\u0119gnacyjna, wyjmowany kosz na zakupowy, torba piel\u0119gnacyjna, folia przeciwdeszczowa, moskitiera, uchwyt na kubek. CECHY CHARAKTERYSTYCZNE Funkcjonalny, aluminiowy stela\u017c, bia\u0142y, nowoczesny kolor ramy, amortyzacja oraz mo\u017cliwo\u015b\u0107 regulacji twardo\u015bci zawieszenia, innowacyjny system sk\u0142adania ramy w\u00f3zka, centralny hamulec tylnych k\u00f3\u0142, obrotowe przednie ko\u0142a wyposa\u017cone w systemy pami\u0119ci kierunku DMS oraz absorpcji wstrz\u0105s\u00f3w SAS, pompowane ko\u0142a przednie i tylne z mo\u017cliwo\u015bci\u0105 zablokowania. Tapicerka oraz torba wykonane z wyj\u0105tkowego materia\u0142u, regulacja oparcia w gondoli, gondola z funkcj\u0105 ko\u0142yski z opcj\u0105 blokady, regulowany daszek, r\u0105czka oraz barierka wykonane z wysokiej jako\u015bci sk\u00f3ry ekologicznej, regulacja wysoko\u015bci r\u0105czki, uchwyt do przenoszenia gondoli, gondola PCV z wentylacj\u0105 dna. Wymiar zewn\u0119trzny gondoli: 79 \/ 36 \/ 18 (cm)Odleg\u0142o\u015b\u0107 dna zamontowanej gondoli od pod\u0142o\u017ca: 57 (cm)Waga gondoli: 4,4 (kg) Mo\u017cliwo\u015b\u0107 jazdy w dw\u00f3ch kierunkach jazdy, regulacja oparcia siedziska w 3 pozycjach, rozszerzenie budki w wersji spacerowej, siedzisko spacer\u00f3wki nadaje si\u0119 do u\u017cytku dla dziecka poni\u017cej 6 miesi\u0105ca \u017cycia, regulacja podn\u00f3\u017cka siedziska spacerowego, 5 punktowe pasy bezpiecze\u0144stwa z mo\u017cliwo\u015bci\u0105 regulacji wysoko\u015bci, odpinany pa\u0142\u0105k bezpiecze\u0144stwa, elementy tapicerki chroni\u0105ce dziecko przed wp\u0142ywem negatywnego promieniowania s\u0142o\u0144ca. Wysoko\u015b\u0107 w wersji spacerowej: 50 (cm)G\u0142\u0119boko\u015b\u0107 siedziska: 27 (cm)Odleg\u0142o\u015b\u0107 zamontowanego dna siedziska od pod\u0142o\u017ca: 54 (cm)Waga siedziska spacer\u00f3wki: 5 (kg) Adaptery (dost\u0119pne oddzielnie) W\u00f3zki Bebetto posiadaj\u0105 mo\u017cliwo\u015b\u0107 zamocowania na stela\u017cu gondoli oraz fotelika samochodowego. Adaptery Mars Comfort umo\u017cliwiaj\u0105 wpi\u0119cie fotelik\u00f3w marki Bobostello, dopasowanych kolorystycznie do tapicerki w\u00f3zk\u00f3w Bebetto. Adaptery Multi Comfort pozwala na wpi\u0119cie wielu fotelik\u00f3w niezale\u017cnych producent\u00f3w tj. Cybex, Maxi Cosi, Kiddy, BeSafe, Avionaut oraz wielu innych. System DMS Direction Memory System \u2013 system kt\u00f3ry zapami\u0119tuje po\u0142o\u017cenie k\u00f3\u0142 po jego oderwaniu od pod\u0142o\u017ca. Dzi\u0119ki temu podczas jazdy po nier\u00f3wnym terenie \u2013 przy oderwaniu jednego z k\u00f3\u0142 od ziemi \u2013 nie kr\u0119ci si\u0119 ono wok\u00f3\u0142 w\u0142asnej osi, a pozostaje w unieruchomionej pozycji. W zwi\u0105zku z tym po kolejnym zetkni\u0119ciu z pod\u0142o\u017cem nie zablokuje si\u0119 i nie stworzy oporu podczas kontynuowania jazdy. Chowane osie \u2013 Hidden Axle W w\u00f3zkach Bebetto osie chowane s\u0105 wewn\u0105trz konstrukcji. Dzi\u0119ki temu podczas transportu na pewno ich nie zgubisz. Mo\u017cliwo\u015b\u0107 schowania osi chroni tak\u017ce przed zarysowaniem innych element\u00f3w poprzez wystaj\u0105ce kraw\u0119dzie. Tapicerka UV50+ Poszczeg\u00f3lne warstwy tapicerki oraz spos\u00f3b szycia w w\u00f3zku Bebetto zosta\u0142y zaprojektowane w taki spos\u00f3b, aby chroni\u0107 dziecko przed szkodliwymi promieniami ultrafioletowymi. Okre\u015blenie wsp\u00f3\u0142czynnika ochrony przed promieniowaniem UV by\u0142o testowane laboratoryjnie, gdzie warto\u015b\u0107 \u015bredni\u0105 wsp\u00f3\u0142czynnika barierowo\u015bci UPF okre\u015blono powy\u017cej 50. Jest to bardzo wa\u017cne, poniewa\u017c d\u0142ugotrwa\u0142a ekspozycja na dzia\u0142anie UV mo\u017ce skutkowa\u0107 w alergiach czy chorobach sk\u00f3ry oraz oczu. Easy-to-fold systemWygodny mechanizm sk\u0142adania w postaci przycisk\u00f3w. System umo\u017cliwia szybkie z\u0142o\u017cenie konstrukcji. Do z\u0142o\u017cenia w\u00f3zka wystarczy ustawi\u0107 ko\u0142a b\u0142otnikami do przodu, podnie\u015b\u0107 r\u0105czk\u0119, nacisn\u0105\u0107 przycisk i delikatnie przesun\u0105\u0107 g\u00f3rn\u0105 cz\u0119\u015b\u0107 ramy. Hamulec Stop &amp; Go Hamulec centralny zaprojektowany w taki spos\u00f3b, by zapewni\u0107 jak najwygodniejsz\u0105 obs\u0142ug\u0119. Peda\u0142 hamulca jest wyprofilowany, aby wygodne by\u0142o nie tylko jego uruchomienie, ale i zwolnienie. Dzi\u0119ki temu mo\u017cna go \u0142atwo obs\u0142ugiwa\u0107 bez obaw przed zniszczeniem obuwia. Flexy WheelsW w\u00f3zkach Bebetto zastosowano bezobs\u0142ugowe ko\u0142a. Takie rozwi\u0105zanie zapewnia doskona\u0142\u0105 amortyzacj\u0119 \u2013 tak jak w przypadku k\u00f3\u0142 pompowanych &#8211; co wp\u0142ywa bezpo\u015brednio na komfort dziecka. Takie rozwi\u0105zanie stosuj\u0105 producenci renomowanych marek na ca\u0142ym \u015bwiecie. System SASShock Absorption System \u2013 system amortyzacyjny, kt\u00f3ry odpowiada za absorpcj\u0119 wstrz\u0105s\u00f3w. Jego efekty widzi si\u0119 m.in. podczas jazdy po kostce brukowej lub przy uderzeniu ko\u0142em o kraw\u0119\u017cnik. Dzi\u0119ki niemu dziecko w w\u00f3zku ma zapewniony jak najwy\u017cszy komfort, a sam w\u00f3zek pozostaje w idealnym stanie technicznym. Ka\u017cdy element obrotowy zosta\u0142 wyposa\u017cony w odr\u0119bny amortyzator \u2013 co pozwala na ich funkcjonowanie niezale\u017cnie od siebie. Dodatkowy panel w gondoli Pokrowiec (os\u0142onka na n\u00f3\u017cki) w gondoli zako\u0144czony jest dodatkowym panelem, kt\u00f3ry chroni przed wiatrem. Magnetyczny spos\u00f3b mocowania pozwala \u0142atwo i sprawnie zamontowa\u0107 panel w ci\u0105gu kilku sekund. Wentylacja w gondoli Gondola w w\u00f3zku zapewnia doskona\u0142\u0105 wentylacj\u0119. Posiada odpinany panel w budce, pod kt\u00f3rym znajduje si\u0119 siateczka, a na spodzie gondoli zastosowano kratk\u0119, kt\u00f3ra zapewnia doskona\u0142\u0105 cyrkulacj\u0119 powietrza. SPECYFIKACJA Waga konstrukcji: 9,1 kg,Waga gondoli: 4,6 kg,Waga siedziska spacer\u00f3wki: 5,5 kg Wymiary roz\u0142o\u017conego w\u00f3zka z gondol\u0105: 59 x 124 x 107 cmWymiary roz\u0142o\u017conego w\u00f3zka spacerowego: 59 x 124 x 106 cmWymiary stela\u017ca po z\u0142o\u017ceniu: 59 x 82 x 41 cmWysoko\u015b\u0107 r\u0105czki: 76 &#8211; 113 cm SAS &#8211; Shock Absorption System- System absorpcji wstrz\u0105s\u00f3w \u2013 w celu poprawy komfortu jazdy, przednie mechanizmy obrotowe k\u00f3\u0142 zosta\u0142y wyposa\u017cone w elementy amortyzuj\u0105ce, kt\u00f3re poch\u0142aniaj\u0105 drgania k\u00f3\u0142 spowodowane nier\u00f3wno\u015bciami nawierzchni, po kt\u00f3rej jedzie w\u00f3zek. Ka\u017cdy mechanizm obrotowy ma w\u0142asny element amortyzuj\u0105cy, co zwi\u0119ksza komfort pokonywania terenu o nieregularnym ukszta\u0142towaniu. Amortyzacja w du\u017cym stopniu eliminuje odrywanie si\u0119 od powierzchni jednego z k\u00f3\u0142, gdy drugie pokonuje przeszkod\u0119. DMS &#8211; Direction Memory System &#8211; Pami\u0119\u0107 kierunku \u2013 Pokonywanie nier\u00f3wno\u015bci przednimi ko\u0142ami, mo\u017ce powodowa\u0107 odrywanie si\u0119 jednego z k\u00f3\u0142 od powierzchni, gdy drugie ko\u0142o pokonuje przeszkod\u0119. W momencie, gdy w\u00f3zek pokonuje przeszkod\u0119 przednimi obrotowymi ko\u0142ami, mo\u017ce doj\u015b\u0107 do oderwania si\u0119 jednego z k\u00f3\u0142 od powierzchni. W sytuacjach takich ko\u0142o, kt\u00f3re traci kontakt z pod\u0142o\u017cem mo\u017ce zacz\u0105\u0107 samoistny obr\u00f3t i zmienia\u0107 swoje ustawienie w stosunku do kierunku jazdy drugiego ko\u0142a. Ponowne zetkni\u0119cie si\u0119 ko\u0142a z powierzchni\u0105, kt\u00f3re zmieni\u0142o sw\u00f3j kierunek i pr\u00f3buje powr\u00f3ci\u0107 do prawid\u0142owego toru jazdy mo\u017ce powodowa\u0107 jego drgania. Mechanizm Pami\u0119\u0107 kierunku ma za zadanie utrzymanie oderwanego ko\u0142a w po\u0142o\u017ceniu, w kt\u00f3rym znajdowa\u0142o si\u0119 przed utrat\u0105 kontaktu z pod\u0142o\u017cem. FILM<\/p>\n<h2>Bebetto TORINO G\u0142\u0119boko Spacerowy Bebetto<\/h2>\n<p>quiz dzieci z bullerbyn, jad\u0105 jad\u0105 misie tekst, kolorowanki na andrzejki do wydruku, smok wawelski bajka, bajki dla ch\u0142opc\u00f3w do czytania, najlepsze pranki na prima aprilis, rysunek kota, litery kolorowanka, kartka walentynkowa zrobiona przez dzieci, cytaty na dzie\u0144 edukacji narodowej, znaczenia imienia alicja, swinka peppa do czytania<\/p>\n<p>yyyyy<\/p>\n<p>&nbsp;<\/p>\n","protected":false},"excerpt":{"rendered":"<p>BEBETTO TORINO &#8211; wielofunkcyjny w\u00f3zek g\u0142\u0119boko-spacerowy 2w1 z opcj\u0105 3w1 Nowoczesny uniwersalny w\u00f3zek Bebetto Torino &#8211; wyj\u0105tkowy, atrakcyjny design opartym na bia\u0142ym, b\u0142yszcz\u0105cym stela\u017cu, gondoli o ciekawym kszta\u0142cie oraz licznymi elementami dodatkowymi wykonanymi z ekologicznej sk\u00f3ry. Torino dost\u0119pny jest w szerokiej gamie kolorystycznej. W najnowszej wersji Torino zastosowano system chowanej osi \u2013 wystarczy nacisn\u0105\u0107 przycisk [&hellip;]<\/p>\n","protected":false},"featured_media":4852,"comment_status":"closed","ping_status":"open","template":"","meta":[],"product_cat":[574,110],"product_tag":[862,582,678,627,799,604,607],"class_list":["post-4851","product","type-product","status-publish","has-post-thumbnail","hentry","product_cat-bebetto","product_cat-wozki-wielofunkcyjne","product_tag-nasza-zima-zla-tekst","product_tag-nauka-pisania-literek-do-wydruku-pdf","product_tag-prezent-na-roczek-dla-dziewczynki","product_tag-quiz-dzieci-z-bullerbyn","product_tag-zagadka-logiczna","product_tag-zagadki-trudne","product_tag-zarty-na-prima-aprilis-dla-rodzicow"],"_links":{"self":[{"href":"http:\/\/klubmamgdynia.pl\/index.php\/wp-json\/wp\/v2\/product\/4851","targetHints":{"allow":["GET"]}}],"collection":[{"href":"http:\/\/klubmamgdynia.pl\/index.php\/wp-json\/wp\/v2\/product"}],"about":[{"href":"http:\/\/klubmamgdynia.pl\/index.php\/wp-json\/wp\/v2\/types\/product"}],"replies":[{"embeddable":true,"href":"http:\/\/klubmamgdynia.pl\/index.php\/wp-json\/wp\/v2\/comments?post=4851"}],"wp:featuredmedia":[{"embeddable":true,"href":"http:\/\/klubmamgdynia.pl\/index.php\/wp-json\/wp\/v2\/media\/4852"}],"wp:attachment":[{"href":"http:\/\/klubmamgdynia.pl\/index.php\/wp-json\/wp\/v2\/media?parent=4851"}],"wp:term":[{"taxonomy":"product_cat","embeddable":true,"href":"http:\/\/klubmamgdynia.pl\/index.php\/wp-json\/wp\/v2\/product_cat?post=4851"},{"taxonomy":"product_tag","embeddable":true,"href":"http:\/\/klubmamgdynia.pl\/index.php\/wp-json\/wp\/v2\/product_tag?post=4851"}],"curies":[{"name":"wp","href":"https:\/\/api.w.org\/{rel}","templated":true}]}}