{"id":4853,"date":"2012-09-26T06:51:08","date_gmt":"2012-09-26T04:51:08","guid":{"rendered":"http:\/\/klubmamgdynia.pl\/index.php\/produkt\/buty-suede-crush-wms-puma-black\/"},"modified":"2026-04-22T11:39:32","modified_gmt":"2026-04-22T09:39:32","slug":"buty-suede-crush-wms-puma-black","status":"publish","type":"product","link":"http:\/\/klubmamgdynia.pl\/index.php\/produkt\/buty-suede-crush-wms-puma-black\/","title":{"rendered":"Buty Suede Crush Wm&#8217;s Puma black"},"content":{"rendered":"<p>Lifestylowe buty Suede Crush marki Puma to zamszowy model o niskiej konstrukcji i z satynowymi sznurowad\u0142ami. Przyczepna podeszwa zewn\u0119trzna zapewni doskona\u0142\u0105 przyczepno\u015b\u0107 do pod\u0142o\u017ca. Uniwersalna&#8230;<\/p>\n<h2>Buty Suede Crush Wms Puma black Puma<\/h2>\n<p>zagadki typu co to jest, pieski ma\u0142e dwa tekst, ozdoby wielkanocne kt\u00f3re mog\u0105 zrobi\u0107 dzieci, andrzejki dekoracje do druku, alan imie, dobranoc zimowe, test z lektury asiunia joanna papuzi\u0144ska, prezent dla 14 letniej dziewczyny, quiz dynastia mizio\u0142k\u00f3w, zagadki dla 7 latka, pomys\u0142y na prezent na roczek, quizy flagi, zagadki dla sze\u015bciolatk\u00f3w<\/p>\n<p>yyyyy<\/p>\n<p>&nbsp;<\/p>\n","protected":false},"excerpt":{"rendered":"<p>Lifestylowe buty Suede Crush marki Puma to zamszowy model o niskiej konstrukcji i z satynowymi sznurowad\u0142ami. Przyczepna podeszwa zewn\u0119trzna zapewni doskona\u0142\u0105 przyczepno\u015b\u0107 do pod\u0142o\u017ca. Uniwersalna&#8230; Buty Suede Crush Wms Puma black Puma zagadki typu co to jest, pieski ma\u0142e dwa tekst, ozdoby wielkanocne kt\u00f3re mog\u0105 zrobi\u0107 dzieci, andrzejki dekoracje do druku, alan imie, dobranoc zimowe, [&hellip;]<\/p>\n","protected":false},"featured_media":4854,"comment_status":"closed","ping_status":"open","template":"","meta":[],"product_cat":[1276,1275],"product_tag":[863,596,717,812],"class_list":["post-4853","product","type-product","status-publish","has-post-thumbnail","hentry","product_cat-buty-sportowe-damskie","product_cat-puma","product_tag-bajki-dla-dziewczynek","product_tag-pomysly-na-prima-aprilis","product_tag-prezent-roczek","product_tag-zagadki-logiczne-na-inteligencje"],"_links":{"self":[{"href":"http:\/\/klubmamgdynia.pl\/index.php\/wp-json\/wp\/v2\/product\/4853","targetHints":{"allow":["GET"]}}],"collection":[{"href":"http:\/\/klubmamgdynia.pl\/index.php\/wp-json\/wp\/v2\/product"}],"about":[{"href":"http:\/\/klubmamgdynia.pl\/index.php\/wp-json\/wp\/v2\/types\/product"}],"replies":[{"embeddable":true,"href":"http:\/\/klubmamgdynia.pl\/index.php\/wp-json\/wp\/v2\/comments?post=4853"}],"wp:featuredmedia":[{"embeddable":true,"href":"http:\/\/klubmamgdynia.pl\/index.php\/wp-json\/wp\/v2\/media\/4854"}],"wp:attachment":[{"href":"http:\/\/klubmamgdynia.pl\/index.php\/wp-json\/wp\/v2\/media?parent=4853"}],"wp:term":[{"taxonomy":"product_cat","embeddable":true,"href":"http:\/\/klubmamgdynia.pl\/index.php\/wp-json\/wp\/v2\/product_cat?post=4853"},{"taxonomy":"product_tag","embeddable":true,"href":"http:\/\/klubmamgdynia.pl\/index.php\/wp-json\/wp\/v2\/product_tag?post=4853"}],"curies":[{"name":"wp","href":"https:\/\/api.w.org\/{rel}","templated":true}]}}