{"id":4881,"date":"2013-09-30T22:16:52","date_gmt":"2013-09-30T20:16:52","guid":{"rendered":"http:\/\/klubmamgdynia.pl\/index.php\/produkt\/muuvo-quick-3-0-black-chrome-pure-pink-gleboko-spacerowy-cybex-aton-5\/"},"modified":"2026-04-20T16:27:49","modified_gmt":"2026-04-20T14:27:49","slug":"muuvo-quick-3-0-black-chrome-pure-pink-gleboko-spacerowy-cybex-aton-5","status":"publish","type":"product","link":"http:\/\/klubmamgdynia.pl\/index.php\/produkt\/muuvo-quick-3-0-black-chrome-pure-pink-gleboko-spacerowy-cybex-aton-5\/","title":{"rendered":"Muuvo Quick 3.0 Black Chrome Pure Pink G\u0142eboko-Spacerowy + Cybex Aton 5"},"content":{"rendered":"<h2>Muuvo Quick 3.0 Black Chrome Pure Pink G\u0142eboko-Spacerowy + Cybex Aton 5 Muuvo<\/h2>\n<p>pomys\u0142y na prezent na roczek, karty pracy po ukrai\u0144sku, kolorowanka pieski, ci\u0119\u017ckie zagadki, quizy dla dzieci z bajek, prezenty dla 16 latki, bajki dla dzieci online, warszawa atrakcje dla m\u0142odzie\u017cy, kolorowanki uk\u0142ad s\u0142oneczny, przyja\u017a\u0144, cytaty o przyja\u017ani, zagadki matematyczne, gry i zabawy dla dzieci, podchwytliwe zagadki dla dzieci, fajne zagadki dla dzieci, cytat o dziecku, leon imi\u0119, imi\u0119 nela, spiderman do druku, lektura asiunia &#8211; test<\/p>\n<p>yyyyy<\/p>\n<p>&nbsp;<\/p>\n","protected":false},"excerpt":{"rendered":"<p>Muuvo Quick 3.0 Black Chrome Pure Pink G\u0142eboko-Spacerowy + Cybex Aton 5 Muuvo pomys\u0142y na prezent na roczek, karty pracy po ukrai\u0144sku, kolorowanka pieski, ci\u0119\u017ckie zagadki, quizy dla dzieci z bajek, prezenty dla 16 latki, bajki dla dzieci online, warszawa atrakcje dla m\u0142odzie\u017cy, kolorowanki uk\u0142ad s\u0142oneczny, przyja\u017a\u0144, cytaty o przyja\u017ani, zagadki matematyczne, gry i zabawy [&hellip;]<\/p>\n","protected":false},"featured_media":4882,"comment_status":"closed","ping_status":"open","template":"","meta":[],"product_cat":[485,110],"product_tag":[834,797,718,767],"class_list":["post-4881","product","type-product","status-publish","has-post-thumbnail","hentry","product_cat-muuvo","product_cat-wozki-wielofunkcyjne","product_tag-bajka-do-czytania-na-dobranoc","product_tag-kiekrz","product_tag-prezent-na-roczek-dla-chrzesniaka","product_tag-zaproszenia-urodzinowe-do-druku"],"_links":{"self":[{"href":"http:\/\/klubmamgdynia.pl\/index.php\/wp-json\/wp\/v2\/product\/4881","targetHints":{"allow":["GET"]}}],"collection":[{"href":"http:\/\/klubmamgdynia.pl\/index.php\/wp-json\/wp\/v2\/product"}],"about":[{"href":"http:\/\/klubmamgdynia.pl\/index.php\/wp-json\/wp\/v2\/types\/product"}],"replies":[{"embeddable":true,"href":"http:\/\/klubmamgdynia.pl\/index.php\/wp-json\/wp\/v2\/comments?post=4881"}],"wp:featuredmedia":[{"embeddable":true,"href":"http:\/\/klubmamgdynia.pl\/index.php\/wp-json\/wp\/v2\/media\/4882"}],"wp:attachment":[{"href":"http:\/\/klubmamgdynia.pl\/index.php\/wp-json\/wp\/v2\/media?parent=4881"}],"wp:term":[{"taxonomy":"product_cat","embeddable":true,"href":"http:\/\/klubmamgdynia.pl\/index.php\/wp-json\/wp\/v2\/product_cat?post=4881"},{"taxonomy":"product_tag","embeddable":true,"href":"http:\/\/klubmamgdynia.pl\/index.php\/wp-json\/wp\/v2\/product_tag?post=4881"}],"curies":[{"name":"wp","href":"https:\/\/api.w.org\/{rel}","templated":true}]}}