{"id":4889,"date":"2023-10-14T13:21:19","date_gmt":"2023-10-14T11:21:19","guid":{"rendered":"http:\/\/klubmamgdynia.pl\/?post_type=product&#038;p=4889"},"modified":"2026-04-06T06:44:18","modified_gmt":"2026-04-06T04:44:18","slug":"junama-diamond-s-class-v2-gleboko-spacerowy-10-gleboko-spacerowy","status":"publish","type":"product","link":"http:\/\/klubmamgdynia.pl\/index.php\/produkt\/junama-diamond-s-class-v2-gleboko-spacerowy-10-gleboko-spacerowy\/","title":{"rendered":"Junama Diamond S Class V2 G\u0142\u0119boko Spacerowy 10 G\u0142\u0119boko Spacerowy"},"content":{"rendered":"<p>Junama Diamond V2 w\u00f3zek g\u0142\u0119boko-spacerowy | od urodzenia do 15kg Komfortowy w\u00f3zek, kt\u00f3ry dobrze si\u0119 prowadzi na niemal ka\u017cdej nawierzchni. Dzi\u0119ki amortyzacji oraz bezobs\u0142ugowym ko\u0142om \u017celowym jazda w\u00f3zkiem jest&#8230;<\/p>\n<h2>Junama Diamond S Class V2 G\u0142\u0119boko Spacerowy 10 G\u0142\u0119boko Spacerowy Junama<\/h2>\n<p>jeremi imi\u0119, quiz o koniach, kolorowanki na dzie\u0144 mamy, spongebob kolorowanka, testy z lektury opowie\u015bci z narnii lew czarownica i stara szafa, filmy animowane \u015bwi\u0105teczne, jak zrobi\u0107 samolot z papieru, kolorowanka europa, podchwytliwe zagadki z odpowiedziami, malowanki do wydruku, kondrad imie, mia i ja kolorowanka, prosta zagadka, kr\u00f3tkie bajki dla dzieci, zagadki na logiczne my\u015blenie, quiz dla dzieci, lol do druku, prezent na 1 urodziny dla ch\u0142opca<\/p>\n<p>yyyyy<\/p>\n<p>&nbsp;<\/p>\n","protected":false},"excerpt":{"rendered":"<p>Junama Diamond V2 w\u00f3zek g\u0142\u0119boko-spacerowy | od urodzenia do 15kg Komfortowy w\u00f3zek, kt\u00f3ry dobrze si\u0119 prowadzi na niemal ka\u017cdej nawierzchni. Dzi\u0119ki amortyzacji oraz bezobs\u0142ugowym ko\u0142om \u017celowym jazda w\u00f3zkiem jest&#8230; Junama Diamond S Class V2 G\u0142\u0119boko Spacerowy 10 G\u0142\u0119boko Spacerowy Junama jeremi imi\u0119, quiz o koniach, kolorowanki na dzie\u0144 mamy, spongebob kolorowanka, testy z lektury opowie\u015bci [&hellip;]<\/p>\n","protected":false},"featured_media":4890,"comment_status":"closed","ping_status":"open","template":"","meta":[],"product_cat":[1279,110],"product_tag":[729,579,835,843,701],"class_list":["post-4889","product","type-product","status-publish","has-post-thumbnail","hentry","product_cat-junama","product_cat-wozki-wielofunkcyjne","product_tag-madre-bajki-dla-dzieci-do-czytania","product_tag-quiz-opowiesci-z-narnii-lew-czarownica-i-stara-szafa","product_tag-radosc-dziecka-cytaty","product_tag-smieszne-zagadki-dla-dzieci","product_tag-zgadywanki-dla-dzieci"],"_links":{"self":[{"href":"http:\/\/klubmamgdynia.pl\/index.php\/wp-json\/wp\/v2\/product\/4889","targetHints":{"allow":["GET"]}}],"collection":[{"href":"http:\/\/klubmamgdynia.pl\/index.php\/wp-json\/wp\/v2\/product"}],"about":[{"href":"http:\/\/klubmamgdynia.pl\/index.php\/wp-json\/wp\/v2\/types\/product"}],"replies":[{"embeddable":true,"href":"http:\/\/klubmamgdynia.pl\/index.php\/wp-json\/wp\/v2\/comments?post=4889"}],"wp:featuredmedia":[{"embeddable":true,"href":"http:\/\/klubmamgdynia.pl\/index.php\/wp-json\/wp\/v2\/media\/4890"}],"wp:attachment":[{"href":"http:\/\/klubmamgdynia.pl\/index.php\/wp-json\/wp\/v2\/media?parent=4889"}],"wp:term":[{"taxonomy":"product_cat","embeddable":true,"href":"http:\/\/klubmamgdynia.pl\/index.php\/wp-json\/wp\/v2\/product_cat?post=4889"},{"taxonomy":"product_tag","embeddable":true,"href":"http:\/\/klubmamgdynia.pl\/index.php\/wp-json\/wp\/v2\/product_tag?post=4889"}],"curies":[{"name":"wp","href":"https:\/\/api.w.org\/{rel}","templated":true}]}}