{"id":4895,"date":"2023-02-21T17:44:12","date_gmt":"2023-02-21T16:44:12","guid":{"rendered":"http:\/\/klubmamgdynia.pl\/?post_type=product&#038;p=4895"},"modified":"2026-05-17T22:12:26","modified_gmt":"2026-05-17T20:12:26","slug":"mz-matera-spout-chrom-mta10601","status":"publish","type":"product","link":"http:\/\/klubmamgdynia.pl\/index.php\/produkt\/mz-matera-spout-chrom-mta10601\/","title":{"rendered":"MZ Matera Spout chrom MTA10601"},"content":{"rendered":"<p>Produkt zaprojektowany i wyprodukowany we W\u0142oszechDane techniczne.datagrid table { border-collapse collapse text-align left width 700px } .datagrid {font-family Arial, Helvetica, sans-serif background fff overflow hidden }.datagrid table td, .datagrid table th { padding 5px 20px }.datagrid table tbody td { background F0F0F0 color000000 font-size 14pxfont-weight normal }.datagrid table tbody .alt td { background ffffff color 000000 }.datagrid table tbody tdfirst-child { border-left none }.datagrid table tbody trlast-child td { border-bottom none }.datagrid table tbody td.alt{font-weightbold}rodzaj produktubateria kuchenna stoj\u0105cakolorchrom b\u0142yszcz\u0105cymonta\u017cjednootworowyg\u0142owicaceramicznaw zestawie-ogranicznik przep\u0142ywu wodybrakperlatorzwyk\u0142yrodzaj wylewkiruchomaMocne strony\u0142atwy monta\u017cwysoka jako\u015b\u0107 wykonaniape\u0142ny serwis gwarancyjny i pogwarancyjnype\u0142ny dost\u0119p do cz\u0119\u015bci zamiennychGWARANCJA 2 lata pow\u0142oka, 5 lat szczelno\u015b\u0107 g\u0142owicy<\/p>\n<h2>MZ Matera Spout chrom MTA10601 M&amp;Z<\/h2>\n<p>co mo\u017cna zrobi\u0107 z rolki papieru, prezent na 1 urodziny dla ch\u0142opca, quiz zemsta, peppa kolorowanka, kolorowanka antystresowa, lol surprise kolorowanki, quiz o \u015bwi\u0119tach bo\u017cego narodzenia, marcel imi\u0119, kolorowanka lato, test z lektury dzieci z bullerbyn, zaproszenia na urodziny do druku, piosenki o wakacjach, minecraft quiz, prezent na roczek dla dziecka<\/p>\n<p>yyyyy<\/p>\n<p>&nbsp;<\/p>\n","protected":false},"excerpt":{"rendered":"<p>Produkt zaprojektowany i wyprodukowany we W\u0142oszechDane techniczne.datagrid table { border-collapse collapse text-align left width 700px } .datagrid {font-family Arial, Helvetica, sans-serif background fff overflow hidden }.datagrid table td, .datagrid table th { padding 5px 20px }.datagrid table tbody td { background F0F0F0 color000000 font-size 14pxfont-weight normal }.datagrid table tbody .alt td { background ffffff color [&hellip;]<\/p>\n","protected":false},"featured_media":4896,"comment_status":"closed","ping_status":"open","template":"","meta":[],"product_cat":[1283,1177],"product_tag":[691,816,579,693,860,715],"class_list":["post-4895","product","type-product","status-publish","has-post-thumbnail","hentry","product_cat-baterie-kuchenne","product_cat-mz","product_tag-gabriel","product_tag-place-zabaw-warszawa","product_tag-quiz-opowiesci-z-narnii-lew-czarownica-i-stara-szafa","product_tag-zagadki-dla-doroslych","product_tag-zagadki-logiczne-dla-doroslych","product_tag-zosia-samosia"],"_links":{"self":[{"href":"http:\/\/klubmamgdynia.pl\/index.php\/wp-json\/wp\/v2\/product\/4895","targetHints":{"allow":["GET"]}}],"collection":[{"href":"http:\/\/klubmamgdynia.pl\/index.php\/wp-json\/wp\/v2\/product"}],"about":[{"href":"http:\/\/klubmamgdynia.pl\/index.php\/wp-json\/wp\/v2\/types\/product"}],"replies":[{"embeddable":true,"href":"http:\/\/klubmamgdynia.pl\/index.php\/wp-json\/wp\/v2\/comments?post=4895"}],"wp:featuredmedia":[{"embeddable":true,"href":"http:\/\/klubmamgdynia.pl\/index.php\/wp-json\/wp\/v2\/media\/4896"}],"wp:attachment":[{"href":"http:\/\/klubmamgdynia.pl\/index.php\/wp-json\/wp\/v2\/media?parent=4895"}],"wp:term":[{"taxonomy":"product_cat","embeddable":true,"href":"http:\/\/klubmamgdynia.pl\/index.php\/wp-json\/wp\/v2\/product_cat?post=4895"},{"taxonomy":"product_tag","embeddable":true,"href":"http:\/\/klubmamgdynia.pl\/index.php\/wp-json\/wp\/v2\/product_tag?post=4895"}],"curies":[{"name":"wp","href":"https:\/\/api.w.org\/{rel}","templated":true}]}}