{"id":4909,"date":"2012-06-25T08:29:34","date_gmt":"2012-06-25T06:29:34","guid":{"rendered":"http:\/\/klubmamgdynia.pl\/index.php\/produkt\/media-rodzina-tu-powstala-polska-zycie-w-grodzie-161723\/"},"modified":"2026-04-24T06:51:32","modified_gmt":"2026-04-24T04:51:32","slug":"media-rodzina-tu-powstala-polska-zycie-w-grodzie-161723","status":"publish","type":"product","link":"http:\/\/klubmamgdynia.pl\/index.php\/produkt\/media-rodzina-tu-powstala-polska-zycie-w-grodzie-161723\/","title":{"rendered":"Media Rodzina Tu powsta\u0142a Polska. \u017bycie w grodzie (161723)"},"content":{"rendered":"<p>Ksi\u0105\u017cka z serii TU POWSTA\u0141A POLSKA, kt\u00f3rej celem jest przybli\u017cenie m\u0142odemu czytelnikowi kultury i \u017cycia Piast\u00f3w. Jak wygl\u0105da\u0142y dawne grody, osady i miasta, jak budowano koscio\u0142y i pa\u0142ace, jak wygl\u0105da\u0142a codzienno\u015b\u0107 na dworze, gdzie mieszkali, jak si\u0119 ubierali, co jedli nasi przodkowie, jak wygl\u0105da\u0142o uzbrojenie woj\u00f3w i rycerzy. Mn\u00f3stwo detali przedstawionych na bardzo bogatych ilustracjach.Autorzy: Jaros\u0142aw Grygu\u0107EAN: 9788380080539Format: 23&#215;27 cmIlo\u015b\u0107 stron: 24ISBN: 9788380080539Oprawa: broszurowaRok wydania: 2015Wydawnictwo: Media Rodzina<\/p>\n<h2>Media Rodzina Tu powsta\u0142a Polska. \u017bycie w grodzie (161723) Media Rodzina<\/h2>\n<p>pu\u0142tusk atrakcje dla dzieci, miko\u0142ajek sprawdzian z lektury z odpowiedziami, zagadki dla sze\u015bciolatk\u00f3w, menu urodzinowe dla dzieci w wieku 8 10 lat, bajka krecik, kuba imi\u0119, miastodzieci, bajki do czytania, kolorowanki wakacje, dziwne zagadki, zagadki logiczne, opowie\u015bci z narni test, kolorowe ciasto<\/p>\n<p>yyyyy<\/p>\n<p>&nbsp;<\/p>\n","protected":false},"excerpt":{"rendered":"<p>Ksi\u0105\u017cka z serii TU POWSTA\u0141A POLSKA, kt\u00f3rej celem jest przybli\u017cenie m\u0142odemu czytelnikowi kultury i \u017cycia Piast\u00f3w. Jak wygl\u0105da\u0142y dawne grody, osady i miasta, jak budowano koscio\u0142y i pa\u0142ace, jak wygl\u0105da\u0142a codzienno\u015b\u0107 na dworze, gdzie mieszkali, jak si\u0119 ubierali, co jedli nasi przodkowie, jak wygl\u0105da\u0142o uzbrojenie woj\u00f3w i rycerzy. Mn\u00f3stwo detali przedstawionych na bardzo bogatych ilustracjach.Autorzy: [&hellip;]<\/p>\n","protected":false},"featured_media":4910,"comment_status":"closed","ping_status":"open","template":"","meta":[],"product_cat":[1285,325],"product_tag":[598,706,652,751],"class_list":["post-4909","product","type-product","status-publish","has-post-thumbnail","hentry","product_cat-media-rodzina","product_cat-szkolne-artykuly-papiernicze","product_tag-co-na-roczek-dla-dziewczynki","product_tag-imie-kuba","product_tag-otto","product_tag-psi-patrol-kolorowanka"],"_links":{"self":[{"href":"http:\/\/klubmamgdynia.pl\/index.php\/wp-json\/wp\/v2\/product\/4909","targetHints":{"allow":["GET"]}}],"collection":[{"href":"http:\/\/klubmamgdynia.pl\/index.php\/wp-json\/wp\/v2\/product"}],"about":[{"href":"http:\/\/klubmamgdynia.pl\/index.php\/wp-json\/wp\/v2\/types\/product"}],"replies":[{"embeddable":true,"href":"http:\/\/klubmamgdynia.pl\/index.php\/wp-json\/wp\/v2\/comments?post=4909"}],"wp:featuredmedia":[{"embeddable":true,"href":"http:\/\/klubmamgdynia.pl\/index.php\/wp-json\/wp\/v2\/media\/4910"}],"wp:attachment":[{"href":"http:\/\/klubmamgdynia.pl\/index.php\/wp-json\/wp\/v2\/media?parent=4909"}],"wp:term":[{"taxonomy":"product_cat","embeddable":true,"href":"http:\/\/klubmamgdynia.pl\/index.php\/wp-json\/wp\/v2\/product_cat?post=4909"},{"taxonomy":"product_tag","embeddable":true,"href":"http:\/\/klubmamgdynia.pl\/index.php\/wp-json\/wp\/v2\/product_tag?post=4909"}],"curies":[{"name":"wp","href":"https:\/\/api.w.org\/{rel}","templated":true}]}}