{"id":4921,"date":"2016-10-03T16:53:19","date_gmt":"2016-10-03T14:53:19","guid":{"rendered":"http:\/\/klubmamgdynia.pl\/index.php\/produkt\/junama-diamond-superstar-3-gleboko-spacerowy\/"},"modified":"2026-05-17T22:20:57","modified_gmt":"2026-05-17T20:20:57","slug":"junama-diamond-superstar-3-gleboko-spacerowy","status":"publish","type":"product","link":"http:\/\/klubmamgdynia.pl\/index.php\/produkt\/junama-diamond-superstar-3-gleboko-spacerowy\/","title":{"rendered":"Junama Diamond SuperStar 3 G\u0142eboko Spacerowy"},"content":{"rendered":"<p>Diamond Superstar to najnowsza propozycja presti\u017cowej, polskiej marki Junama, kt\u00f3ra zachwyca niepowtarzalnym designem. Kszta\u0142t gondoli inspirowany struktur\u0105 diamentu oraz delikatnie zdobiona brokatem tapicerka sprawiaj\u0105, \u017ce nikt nie przejdzie obok tego projektu oboj\u0119tnie. Refleksyjny, zapewniaj\u0105cy dobr\u0105 widoczno\u015b\u0107 materia\u0142 nie tylko pi\u0119knie si\u0119 prezentuje. Jest te\u017c ca\u0142kowicie wodoodporny i wyposa\u017cony w filtr UV50+. Przed intensywnym s\u0142o\u0144cem i upa\u0142ami ochroni maluszka tak\u017ce system wentylacji i cyrkulacji powietrza ukryty w budce gondoli i spacer\u00f3wki . Dzi\u0119ki temu Junama Diamond Superstar sprawdzi si\u0119 w ka\u017cdych warunkach pogodowych i usatysfakcjonuje mi\u0142o\u015bnik\u00f3w sp\u0119dzania czasu na \u015bwie\u017cym powietrzu.Model Superstar wyr\u00f3\u017cnia innowacyjny system mocowania gondoli i spacer\u00f3wki \u201eMax \u2013 Click, kt\u00f3ry umo\u017cliwia wpi\u0119cie tych element\u00f3w zar\u00f3wno przodem, jak i ty\u0142em do kierunku jazdy. Dzi\u0119ki temu mo\u017cesz mie\u0107 swojego malucha stale na widoku lub umo\u017cliwi\u0107 mu swobodn\u0105 obserwacj\u0119 otoczenia. Na uwag\u0119 zas\u0142uguje r\u00f3wnie\u017c aluminiowa, starannie zaprojektowana konstrukcja z profilu 3D. Dodatkowo, za spraw\u0105 systemu b\u0142yskawicznego, \u0142atwego i kompaktowego sk\u0142adania ultralekkiego stela\u017ca, bez problemu przechowasz w\u00f3zek w niewielkim pomieszczeniu lub umie\u015bcisz go w baga\u017cniku auta. Co istotne, po z\u0142o\u017ceniu Junama Diamond Superstar automatycznie si\u0119 blokuje. Zapobiega to samoistnemu otwarciu si\u0119 w\u00f3zka w nieodpowiednim momencie.Oczekujesz, \u017ce w\u00f3zek Twojego dziecka sprawdzi si\u0119 na ka\u017cdym, nawet najbardziej wymagaj\u0105cym terenie? Z Junama Diamond Superstar jest to mo\u017cliwe! Dzi\u0119ki a\u017c sze\u015bciu niezawodnym amortyzatorom oraz \u0142atwo zdejmowanym i niewymagaj\u0105cym pompowania \u017celowym ko\u0142om \u017cadne wertepy nie b\u0119d\u0105 Wam straszne! W\u00f3zek doskonale si\u0119 prowadzi r\u00f3wnie\u017c dzi\u0119ki systemowi skr\u0119tnych k\u00f3\u0142 przednich, kt\u00f3re mo\u017cna przy pomocy jednego ruchu zablokowa\u0107 do jazdy na wprost. Co istotne, o wygod\u0119 maluszka w trakcie spaceru zadba system anti-shock, kt\u00f3ry poch\u0142ania wstrz\u0105sy z pod\u0142o\u017ca i t\u0142umi na przyk\u0142ad niefortunne uderzenia w kraw\u0119\u017cnik. Z kolei dzi\u0119ki centralnemu hamulcowi no\u017cnemu natychmiast zablokujesz tylne ko\u0142a i ochronisz malucha w sytuacji zagra\u017caj\u0105cej jego bezpiecze\u0144stwuGondola pos\u0142u\u017cy dziecku od narodzin do oko\u0142o \u00f3smego miesi\u0105ca. Za spraw\u0105 jej g\u0142\u0119bokiego i przestronnego wn\u0119trza z mi\u0119kkim materacem maluszek pokocha spacery ju\u017c od pierwszych dni \u017cycia. Co istotne, monta\u017c gondoli jest wyj\u0105tkowo \u0142atwy i szybki dzi\u0119ki sprawnemu systemowi \u201eone-hand. Bez problemu przeniesiesz tak\u017ce gondol\u0119 przy pomocy uchwytu. Ponadto, producenci zadbali o du\u017ce mo\u017cliwo\u015bci regulacji. Mechanizm sk\u0142adania budki dzia\u0142a skutecznie i cicho, dzi\u0119ki czemu \u017cadna drzemka maluszka nie zostanie przerwana podczas spaceru. Gondola posiada r\u00f3wnie\u017c regulowane oparcie oraz rozsuwane okno wentylacyjne, kt\u00f3re umo\u017cliwia odpowiedni przep\u0142yw powietrza oraz sta\u0142y podgl\u0105d na malucha. Z Junama Diamond Superstar w wersji gondolowej Twoja pociecha w pe\u0142ni zrelaksuje si\u0119 podczas ka\u017cdej Waszej w\u0119dr\u00f3wki.Prezentowany model jest w\u00f3zkiem wielofunkcyjnym, co pozwala na szybk\u0105 i nieskomplikowan\u0105 zamian\u0119 wersji gondolowej na spacer\u00f3wk\u0119. Co najwa\u017cniejsze, b\u0119dzie ona w pe\u0142ni bezpieczna dla Twojego starszaka dzi\u0119ki pi\u0119ciopunktowym pasom i odpinanej barierce z ekosk\u00f3ry. Funkcje te zapobiegn\u0105 ewentualnemu wypadni\u0119ciu z w\u00f3zka, gdy dziecko b\u0119dzie rozpiera\u0107 energia. Dodatkowo, spacer\u00f3wka umo\u017cliwia \u0142atw\u0105 regulacj\u0119 podn\u00f3\u017cka, budki oraz oparcia a\u017c do pozycji le\u017c\u0105cej. Dzi\u0119ki temu drzemka na \u015bwie\u017cym powietrzu b\u0119dzie mo\u017cliwa r\u00f3wnie\u017c wtedy, gdy maluch wyro\u015bnie z okresu niemowl\u0119cego.Diamond Superstar to po\u0142\u0105czenie luksusowego designu, funkcjonalno\u015bci i bezpiecze\u0144stwa, kt\u00f3re w pe\u0142ni usatysfakcjonuje nawet najbardziej wymagaj\u0105cych rodzic\u00f3w. Nie zastanawiaj si\u0119 i sprawd\u017a osobi\u015bcie wszystkie mo\u017cliwo\u015bci Junama Diamond Superstar<\/p>\n<h2>Junama Diamond SuperStar 3 G\u0142eboko Spacerowy Junama<\/h2>\n<p>kolorowanki antystresowe, smok wawelski kolorowanka, ma\u0142y ksi\u0105\u017ce cytaty, kolorowanki kotki do druku, prezent dla trzynastolatki, zagadki dla dzieci 7-8 lat<\/p>\n<p>yyyyy<\/p>\n<p>&nbsp;<\/p>\n","protected":false},"excerpt":{"rendered":"<p>Diamond Superstar to najnowsza propozycja presti\u017cowej, polskiej marki Junama, kt\u00f3ra zachwyca niepowtarzalnym designem. Kszta\u0142t gondoli inspirowany struktur\u0105 diamentu oraz delikatnie zdobiona brokatem tapicerka sprawiaj\u0105, \u017ce nikt nie przejdzie obok tego projektu oboj\u0119tnie. Refleksyjny, zapewniaj\u0105cy dobr\u0105 widoczno\u015b\u0107 materia\u0142 nie tylko pi\u0119knie si\u0119 prezentuje. Jest te\u017c ca\u0142kowicie wodoodporny i wyposa\u017cony w filtr UV50+. Przed intensywnym s\u0142o\u0144cem i [&hellip;]<\/p>\n","protected":false},"featured_media":4922,"comment_status":"closed","ping_status":"open","template":"","meta":[],"product_cat":[1279,110],"product_tag":[761,789,712,793],"class_list":["post-4921","product","type-product","status-publish","has-post-thumbnail","hentry","product_cat-junama","product_cat-wozki-wielofunkcyjne","product_tag-choinko-piekna-jak-las-tekst","product_tag-kaczuszka","product_tag-zagadki-o-zwierzetach","product_tag-zagadki-smieszne-podchwytliwe"],"_links":{"self":[{"href":"http:\/\/klubmamgdynia.pl\/index.php\/wp-json\/wp\/v2\/product\/4921","targetHints":{"allow":["GET"]}}],"collection":[{"href":"http:\/\/klubmamgdynia.pl\/index.php\/wp-json\/wp\/v2\/product"}],"about":[{"href":"http:\/\/klubmamgdynia.pl\/index.php\/wp-json\/wp\/v2\/types\/product"}],"replies":[{"embeddable":true,"href":"http:\/\/klubmamgdynia.pl\/index.php\/wp-json\/wp\/v2\/comments?post=4921"}],"wp:featuredmedia":[{"embeddable":true,"href":"http:\/\/klubmamgdynia.pl\/index.php\/wp-json\/wp\/v2\/media\/4922"}],"wp:attachment":[{"href":"http:\/\/klubmamgdynia.pl\/index.php\/wp-json\/wp\/v2\/media?parent=4921"}],"wp:term":[{"taxonomy":"product_cat","embeddable":true,"href":"http:\/\/klubmamgdynia.pl\/index.php\/wp-json\/wp\/v2\/product_cat?post=4921"},{"taxonomy":"product_tag","embeddable":true,"href":"http:\/\/klubmamgdynia.pl\/index.php\/wp-json\/wp\/v2\/product_tag?post=4921"}],"curies":[{"name":"wp","href":"https:\/\/api.w.org\/{rel}","templated":true}]}}