{"id":4937,"date":"2023-04-22T14:58:38","date_gmt":"2023-04-22T12:58:38","guid":{"rendered":"http:\/\/klubmamgdynia.pl\/?post_type=product&#038;p=4937"},"modified":"2026-04-08T17:38:22","modified_gmt":"2026-04-08T15:38:22","slug":"medela-butelka-do-przechowywania-pokarmu-250ml","status":"publish","type":"product","link":"http:\/\/klubmamgdynia.pl\/index.php\/produkt\/medela-butelka-do-przechowywania-pokarmu-250ml\/","title":{"rendered":"Medela Butelka Do Przechowywania Pokarmu 250Ml"},"content":{"rendered":"<p>Medela Butelki Do Przechowywania Pokarmu 250Ml                            <\/p>\n<p>Butelki na pokarm Medela to doskona\u0142a pomoc przy karmieniu piersi\u0105. Butelki na pokarm Medela mog\u0105 by\u0107 u\u017cywane z laktatorami Medela i systemem Calma, co umo\u017cliwia odci\u0105ganie, przechowywanie i podawanie pokarmu przy u\u017cyciu tej samej butelki. A to z kolei oznacza, \u017ce nie zmarnuje si\u0119 ani kropla cennego pokarmu, a Ty b\u0119dziesz mia\u0142a mniej zmywania.Wiele matek chce mie\u0107 pod r\u0119k\u0105 zapasowe butelki na pokarm, kt\u00f3re pozwol\u0105 poradzi\u0107 sobie zar\u00f3wno z nadmiarem, jak i chwilowym niedoborem pokarmu. Butelki na pokarm Medela zosta\u0142y opracowane z my\u015bl\u0105 o bezpiecznym, d\u0142ugim przechowywaniu mleka matki. Teraz mo\u017cesz odci\u0105ga\u0107 pokarm bezpo\u015brednio do butelki, w kt\u00f3rej b\u0119dziesz go przechowywa\u0107 i za pomoc\u0105 kt\u00f3rej b\u0119dziesz karmi\u0107 dziecko. Butelki s\u0105 wykonane z bezpiecznego tworzywa umo\u017cliwiaj\u0105cego zachowanie korzystnych w\u0142a\u015bciwo\u015bci mleka matki, a tak\u017ce jego bezpieczne przechowywanie w lod\u00f3wce czy zamra\u017carce. Kolorowa skala w uncjach i mililitrach u\u0142atwia okre\u015blenie dok\u0142adnej ilo\u015bci odci\u0105gni\u0119tego mleka. Butelki wyposa\u017cone s\u0105 w nakr\u0119tki zapobiegaj\u0105ce wyciekowi mleka podczas przechowywania w lod\u00f3wce czy zamra\u017carce b\u0105d\u017a podczas transportu w trakcie podr\u00f3\u017cy.                            <\/p>\n<p>Brak konieczno\u015bci przelewania \u2013 jedna butelka do odci\u0105gania, przechowywania, zamra\u017cania i podawania pokarmu\u0141atwe do myciaMo\u017cliwo\u015b\u0107 mycia w zmywarce i dezynfekcji w kuchence mikrofalowejTrwa\u0142e \u2013 nie p\u0119kaj\u0105 ani nie rozpryskuj\u0105 si\u0119 po upuszczeniuMateria\u0142y bezpieczne dla Ciebie i Twojego dziecka                            <\/p>\n<p>Niet\u0142uk\u0105ce si\u0119 butelki Medela dost\u0119pne s\u0105 w dw\u00f3ch r\u00f3\u017cnych rozmiarach: 150 ml w opakowaniach jedna lub trzy sztuki, 250 ml w opakowaniach jedna lub dwie sztuki. Butelki te mo\u017cna stosowa\u0107 ze wszystkimi laktatorami i smoczkami Medela.Wykonane z materia\u0142\u00f3w niezawieraj\u0105cych BPA butelki na pokarm mo\u017cna my\u0107 w zmywarce i podgrzewa\u0107 w kuchence mikrofalowej.                            <\/p>\n<p>SPRAWD\u0179 WI\u0118CEJ WARIANT\u00d3W BUTELEK MEDELA                            <\/p>\n<p>            Medela Butelki Do Przechowywania Pokarmu 3X150Ml<\/p>\n<p>                    Zobacz<\/p>\n<p>            Medela Butelka Do Przechowywania Pokarmu 150Ml<\/p>\n<p>                    Zobacz<\/p>\n<p>            Medela Butelki Do Przechowywania Pokarmu 2x250ml<\/p>\n<p>                    Zobacz<\/p>\n<p>            Medela Butelka Do Przechowywania Pokarmu 250Ml<\/p>\n<p>                    Zobacz<\/p>\n<h2>Medela Butelka Do Przechowywania Pokarmu 250Ml Medela<\/h2>\n<p>podchwytliwe zagadki na inteligencj\u0119, kolorowanki lego friends, aaa kotki dwa tekst, bajki do czytania dla niemowl\u0105t, maska batmana do druku, zagadki z odpowiedziami, filmy wigilijne dla dzieci, aniela imie, spiderman kolorowanka<\/p>\n<p>yyyyy<\/p>\n<p>&nbsp;<\/p>\n","protected":false},"excerpt":{"rendered":"<p>Medela Butelki Do Przechowywania Pokarmu 250Ml Butelki na pokarm Medela to doskona\u0142a pomoc przy karmieniu piersi\u0105. Butelki na pokarm Medela mog\u0105 by\u0107 u\u017cywane z laktatorami Medela i systemem Calma, co umo\u017cliwia odci\u0105ganie, przechowywanie i podawanie pokarmu przy u\u017cyciu tej samej butelki. A to z kolei oznacza, \u017ce nie zmarnuje si\u0119 ani kropla cennego pokarmu, a [&hellip;]<\/p>\n","protected":false},"featured_media":4938,"comment_status":"closed","ping_status":"open","template":"","meta":[],"product_cat":[267,1176],"product_tag":[666,622,642,590,869,733],"class_list":["post-4937","product","type-product","status-publish","has-post-thumbnail","hentry","product_cat-medela","product_cat-pojemniki-na-pokarm","product_tag-afrykanskie-imiona","product_tag-fajne-zagadki","product_tag-mia-imie","product_tag-plac-zabaw-warszawa","product_tag-zagadki-na-logike","product_tag-zarty-na-prima-aprilis"],"_links":{"self":[{"href":"http:\/\/klubmamgdynia.pl\/index.php\/wp-json\/wp\/v2\/product\/4937","targetHints":{"allow":["GET"]}}],"collection":[{"href":"http:\/\/klubmamgdynia.pl\/index.php\/wp-json\/wp\/v2\/product"}],"about":[{"href":"http:\/\/klubmamgdynia.pl\/index.php\/wp-json\/wp\/v2\/types\/product"}],"replies":[{"embeddable":true,"href":"http:\/\/klubmamgdynia.pl\/index.php\/wp-json\/wp\/v2\/comments?post=4937"}],"wp:featuredmedia":[{"embeddable":true,"href":"http:\/\/klubmamgdynia.pl\/index.php\/wp-json\/wp\/v2\/media\/4938"}],"wp:attachment":[{"href":"http:\/\/klubmamgdynia.pl\/index.php\/wp-json\/wp\/v2\/media?parent=4937"}],"wp:term":[{"taxonomy":"product_cat","embeddable":true,"href":"http:\/\/klubmamgdynia.pl\/index.php\/wp-json\/wp\/v2\/product_cat?post=4937"},{"taxonomy":"product_tag","embeddable":true,"href":"http:\/\/klubmamgdynia.pl\/index.php\/wp-json\/wp\/v2\/product_tag?post=4937"}],"curies":[{"name":"wp","href":"https:\/\/api.w.org\/{rel}","templated":true}]}}