{"id":4939,"date":"2011-01-18T13:34:49","date_gmt":"2011-01-18T12:34:49","guid":{"rendered":"http:\/\/klubmamgdynia.pl\/index.php\/produkt\/plan-toys-sniadanie-na-tacy-plto-3415-zabawka\/"},"modified":"2026-04-24T08:49:50","modified_gmt":"2026-04-24T06:49:50","slug":"plan-toys-sniadanie-na-tacy-plto-3415-zabawka","status":"publish","type":"product","link":"http:\/\/klubmamgdynia.pl\/index.php\/produkt\/plan-toys-sniadanie-na-tacy-plto-3415-zabawka\/","title":{"rendered":"Plan Toys \u015aniadanie Na Tacy (Plto-3415) &#8211; Zabawka"},"content":{"rendered":"<p>Drewniana niespodzianka dla wszystkich dziewczynek &#8211; \u015bniadanie podane na tacy prosto do \u0142\u00f3\u017cka ka\u017cdej lalki<\/p>\n<h2>Plan Toys \u015aniadanie Na Tacy (Plto-3415) &#8211; Zabawka Plan Toys<\/h2>\n<p>quiz flagi europy, kolorowe kanapki kanapki dla dzieci, zagadki zimowe, lato lato lato czeka tekst, quiz o samochodach, lucjan imi\u0119<\/p>\n<p>yyyyy<\/p>\n<p>&nbsp;<\/p>\n","protected":false},"excerpt":{"rendered":"<p>Drewniana niespodzianka dla wszystkich dziewczynek &#8211; \u015bniadanie podane na tacy prosto do \u0142\u00f3\u017cka ka\u017cdej lalki Plan Toys \u015aniadanie Na Tacy (Plto-3415) &#8211; Zabawka Plan Toys quiz flagi europy, kolorowe kanapki kanapki dla dzieci, zagadki zimowe, lato lato lato czeka tekst, quiz o samochodach, lucjan imi\u0119 yyyyy &nbsp;<\/p>\n","protected":false},"featured_media":4940,"comment_status":"closed","ping_status":"open","template":"","meta":[],"product_cat":[53,409],"product_tag":[691,799,809,600,820],"class_list":["post-4939","product","type-product","status-publish","has-post-thumbnail","hentry","product_cat-kaciki-zabaw","product_cat-plan-toys","product_tag-gabriel","product_tag-zagadka-logiczna","product_tag-zagadki","product_tag-zaproszenia-na-urodziny-do-druku","product_tag-ziemia-wyspa-zielona-tekst"],"_links":{"self":[{"href":"http:\/\/klubmamgdynia.pl\/index.php\/wp-json\/wp\/v2\/product\/4939","targetHints":{"allow":["GET"]}}],"collection":[{"href":"http:\/\/klubmamgdynia.pl\/index.php\/wp-json\/wp\/v2\/product"}],"about":[{"href":"http:\/\/klubmamgdynia.pl\/index.php\/wp-json\/wp\/v2\/types\/product"}],"replies":[{"embeddable":true,"href":"http:\/\/klubmamgdynia.pl\/index.php\/wp-json\/wp\/v2\/comments?post=4939"}],"wp:featuredmedia":[{"embeddable":true,"href":"http:\/\/klubmamgdynia.pl\/index.php\/wp-json\/wp\/v2\/media\/4940"}],"wp:attachment":[{"href":"http:\/\/klubmamgdynia.pl\/index.php\/wp-json\/wp\/v2\/media?parent=4939"}],"wp:term":[{"taxonomy":"product_cat","embeddable":true,"href":"http:\/\/klubmamgdynia.pl\/index.php\/wp-json\/wp\/v2\/product_cat?post=4939"},{"taxonomy":"product_tag","embeddable":true,"href":"http:\/\/klubmamgdynia.pl\/index.php\/wp-json\/wp\/v2\/product_tag?post=4939"}],"curies":[{"name":"wp","href":"https:\/\/api.w.org\/{rel}","templated":true}]}}