{"id":4963,"date":"2016-07-08T23:31:18","date_gmt":"2016-07-08T21:31:18","guid":{"rendered":"http:\/\/klubmamgdynia.pl\/index.php\/produkt\/tm-toys-kindi-kids-akcesoria-torba-lekarska\/"},"modified":"2026-04-08T12:54:23","modified_gmt":"2026-04-08T10:54:23","slug":"tm-toys-kindi-kids-akcesoria-torba-lekarska","status":"publish","type":"product","link":"http:\/\/klubmamgdynia.pl\/index.php\/produkt\/tm-toys-kindi-kids-akcesoria-torba-lekarska\/","title":{"rendered":"Tm Toys Kindi Kids Akcesoria Torba Lekarska"},"content":{"rendered":"<p>Zbadaj swoje ukochane laleczki Kindi Kids dzi\u0119ki zestawowi &#8211; Torba Lekarska Jednoro\u017cca! Torb\u0119 mo\u017cna odblokowa\u0107 i otworzy\u0107, obracaj\u0105c r\u00f3g jednoro\u017cca.Zbadaj swoje ukochane laleczki Kindi Kids dzi\u0119ki zestawowi &#8211; Torba Lekarska Jednoro\u017cca! Torb\u0119 mo\u017cna odblokowa\u0107 i otworzy\u0107, obracaj\u0105c r\u00f3g jednoro\u017cca.Pom\u00f3\u017c swoim laleczkom Kindi Kids i ulecz je dzi\u0119ki wyposa\u017ceniu torby lekarskiej.- daj swojej laleczce Kindi Kids zastrzyk strzykawk\u0105 Press&amp;Play- sprawd\u017a temperatur\u0119 za pomoc\u0105 weso\u0142ego termometru- wykorzystaj no\u017cyczki Shopkins- zabezpiecz ran\u0119 kolorowymi plasterkami<\/p>\n<h2>Tm Toys Kindi Kids Akcesoria Torba Lekarska TM Toys<\/h2>\n<p>karty pracy dla dzieci z ukrainy, cytaty dzie\u0144 nauczyciela, zagadki dla dzieci z odpowiedziami, cytaty o przyjazni, izabella imi\u0119, kolorowanki lol do druku, gry i zabawy dla dzieci, proste szczere \u017cyczenia bo\u017conarodzeniowe, kolorowanka prezent, oryginalny prezent na roczek dla dziewczynki, ch\u0142opcy z placu broni &#8211; test z odpowiedziami, basen \u015bl\u0105sk, znaczenia imienia alicja, pomys\u0142y na dzie\u0144 dziecka dla nastolatk\u00f3w, wiosenna kolorowanka, wiersz o wakacjach, jacek, quiz o hejka tu lenka, kotki kolorowanka<\/p>\n<p>yyyyy<\/p>\n<p>&nbsp;<\/p>\n","protected":false},"excerpt":{"rendered":"<p>Zbadaj swoje ukochane laleczki Kindi Kids dzi\u0119ki zestawowi &#8211; Torba Lekarska Jednoro\u017cca! Torb\u0119 mo\u017cna odblokowa\u0107 i otworzy\u0107, obracaj\u0105c r\u00f3g jednoro\u017cca.Zbadaj swoje ukochane laleczki Kindi Kids dzi\u0119ki zestawowi &#8211; Torba Lekarska Jednoro\u017cca! Torb\u0119 mo\u017cna odblokowa\u0107 i otworzy\u0107, obracaj\u0105c r\u00f3g jednoro\u017cca.Pom\u00f3\u017c swoim laleczkom Kindi Kids i ulecz je dzi\u0119ki wyposa\u017ceniu torby lekarskiej.- daj swojej laleczce Kindi Kids [&hellip;]<\/p>\n","protected":false},"featured_media":4964,"comment_status":"closed","ping_status":"open","template":"","meta":[],"product_cat":[172,145],"product_tag":[658,864,819,606],"class_list":["post-4963","product","type-product","status-publish","has-post-thumbnail","hentry","product_cat-akcesoria-dla-lalek","product_cat-tm-toys","product_tag-alan-znaczenie-imienia","product_tag-basen-warszawa","product_tag-co-kupic-nastolatce-na-swieta","product_tag-stala-pod-sniegiem"],"_links":{"self":[{"href":"http:\/\/klubmamgdynia.pl\/index.php\/wp-json\/wp\/v2\/product\/4963","targetHints":{"allow":["GET"]}}],"collection":[{"href":"http:\/\/klubmamgdynia.pl\/index.php\/wp-json\/wp\/v2\/product"}],"about":[{"href":"http:\/\/klubmamgdynia.pl\/index.php\/wp-json\/wp\/v2\/types\/product"}],"replies":[{"embeddable":true,"href":"http:\/\/klubmamgdynia.pl\/index.php\/wp-json\/wp\/v2\/comments?post=4963"}],"wp:featuredmedia":[{"embeddable":true,"href":"http:\/\/klubmamgdynia.pl\/index.php\/wp-json\/wp\/v2\/media\/4964"}],"wp:attachment":[{"href":"http:\/\/klubmamgdynia.pl\/index.php\/wp-json\/wp\/v2\/media?parent=4963"}],"wp:term":[{"taxonomy":"product_cat","embeddable":true,"href":"http:\/\/klubmamgdynia.pl\/index.php\/wp-json\/wp\/v2\/product_cat?post=4963"},{"taxonomy":"product_tag","embeddable":true,"href":"http:\/\/klubmamgdynia.pl\/index.php\/wp-json\/wp\/v2\/product_tag?post=4963"}],"curies":[{"name":"wp","href":"https:\/\/api.w.org\/{rel}","templated":true}]}}