{"id":4967,"date":"2012-09-24T21:46:33","date_gmt":"2012-09-24T19:46:33","guid":{"rendered":"http:\/\/klubmamgdynia.pl\/index.php\/produkt\/ts-interior-fantasy-lenart-meble-szafa-na-zabawki-37-x-110-5-x-110-5-cm\/"},"modified":"2026-04-28T11:17:34","modified_gmt":"2026-04-28T09:17:34","slug":"ts-interior-fantasy-lenart-meble-szafa-na-zabawki-37-x-110-5-x-110-5-cm","status":"publish","type":"product","link":"http:\/\/klubmamgdynia.pl\/index.php\/produkt\/ts-interior-fantasy-lenart-meble-szafa-na-zabawki-37-x-110-5-x-110-5-cm\/","title":{"rendered":"Ts Interior Fantasy Lenart Meble Szafa Na Zabawki 37 X 110 5 X 110 5 Cm"},"content":{"rendered":"<p>Ts Interior Fantasy Szafa na zabawki 37 x 110,5 x 110,5 cmSzafa 9 modu\u0142owa Funlandia zosta\u0142a wykonana z element\u00f3w PP, wzmocnionych metalowym stela\u017cem i \u0142\u0105czeniami z ABS.\u015awietne rozwi\u0105zanie do pokoju dzieci\u0119cego oraz sypialni.Pojemne szafki pomieszcz\u0105 ubrania, zabawki i inne akcesoria dla dzieci.Bajkowe grafiki dodaj\u0105 rega\u0142owi dodatkowego charakteru. Zalety:Szafka 9 modu\u0142owa,Trwa\u0142e i solidne wykonanie,Idealna na zabawki, ubrania. Specyfikacja:Marka: Ts InteriorEAN: 5907777420343Kolor: R\u00f3\u017cowy, bia\u0142yMateria\u0142 wykonania: PP (Polipropylen), Metal, ABSWymiary po z\u0142o\u017ceniu: 110,5 x 37 x 110,5 cmMaksymalne obci\u0105\u017cenie jednej komory: 3 kgZawarto\u015b\u0107 opakowania: elementy do samodzielnego monta\u017cu (monta\u017c beznarz\u0119dziowy)<\/p>\n<h2>Ts Interior Fantasy Lenart Meble Szafa Na Zabawki 37 X 110 5 X 110 5 Cm <\/h2>\n<p>rysunki \u0142atwe, niezapomniany prezent na roczek, opisy do zdj dziecka, wzruszaj\u0105ce s\u0142owa dla przyjaciela, bajka o poci\u0105gu do czytania, glupie zagadki, cytat o przyja\u017ani, gry i zabawy dla dzieci, sonia imi\u0119, cytaty dziecko, test z opowie\u015bci z narnii lew czarownica i stara szafa<\/p>\n<p>yyyyy<\/p>\n<p>&nbsp;<\/p>\n","protected":false},"excerpt":{"rendered":"<p>Ts Interior Fantasy Szafa na zabawki 37 x 110,5 x 110,5 cmSzafa 9 modu\u0142owa Funlandia zosta\u0142a wykonana z element\u00f3w PP, wzmocnionych metalowym stela\u017cem i \u0142\u0105czeniami z ABS.\u015awietne rozwi\u0105zanie do pokoju dzieci\u0119cego oraz sypialni.Pojemne szafki pomieszcz\u0105 ubrania, zabawki i inne akcesoria dla dzieci.Bajkowe grafiki dodaj\u0105 rega\u0142owi dodatkowego charakteru. Zalety:Szafka 9 modu\u0142owa,Trwa\u0142e i solidne wykonanie,Idealna na zabawki, [&hellip;]<\/p>\n","protected":false},"featured_media":4968,"comment_status":"closed","ping_status":"open","template":"","meta":[],"product_cat":[1010],"product_tag":[837,750,766,816,641,820],"class_list":["post-4967","product","type-product","status-publish","has-post-thumbnail","hentry","product_cat-szafy-dzieciece","product_tag-cicha-noc-po-angielsku","product_tag-imie-kostek","product_tag-kira","product_tag-place-zabaw-warszawa","product_tag-trudne-zagadki-logiczne","product_tag-ziemia-wyspa-zielona-tekst"],"_links":{"self":[{"href":"http:\/\/klubmamgdynia.pl\/index.php\/wp-json\/wp\/v2\/product\/4967","targetHints":{"allow":["GET"]}}],"collection":[{"href":"http:\/\/klubmamgdynia.pl\/index.php\/wp-json\/wp\/v2\/product"}],"about":[{"href":"http:\/\/klubmamgdynia.pl\/index.php\/wp-json\/wp\/v2\/types\/product"}],"replies":[{"embeddable":true,"href":"http:\/\/klubmamgdynia.pl\/index.php\/wp-json\/wp\/v2\/comments?post=4967"}],"wp:featuredmedia":[{"embeddable":true,"href":"http:\/\/klubmamgdynia.pl\/index.php\/wp-json\/wp\/v2\/media\/4968"}],"wp:attachment":[{"href":"http:\/\/klubmamgdynia.pl\/index.php\/wp-json\/wp\/v2\/media?parent=4967"}],"wp:term":[{"taxonomy":"product_cat","embeddable":true,"href":"http:\/\/klubmamgdynia.pl\/index.php\/wp-json\/wp\/v2\/product_cat?post=4967"},{"taxonomy":"product_tag","embeddable":true,"href":"http:\/\/klubmamgdynia.pl\/index.php\/wp-json\/wp\/v2\/product_tag?post=4967"}],"curies":[{"name":"wp","href":"https:\/\/api.w.org\/{rel}","templated":true}]}}