{"id":4981,"date":"2024-05-15T18:00:45","date_gmt":"2024-05-15T16:00:45","guid":{"rendered":"http:\/\/klubmamgdynia.pl\/?post_type=product&#038;p=4981"},"modified":"2026-04-04T09:51:45","modified_gmt":"2026-04-04T07:51:45","slug":"baby-annabell-stolik-do-karmienia","status":"publish","type":"product","link":"http:\/\/klubmamgdynia.pl\/index.php\/produkt\/baby-annabell-stolik-do-karmienia\/","title":{"rendered":"Baby Annabell Stolik Do Karmienia"},"content":{"rendered":"<p>Krzese\u0142ko do karmienia Baby Annabell Lunch TimeSiedzisko Baby Annabell do przymocowania do sto\u0142u.&#8221;Smacznego!&#8221; W swoim praktycznym fotelu do karmienia Baby Annabell jest zawsze przy stole w porze posi\u0142k\u00f3w. Kolorowe siedzisko z uroczymi motywami jedzenia mo\u017cna przymocowa\u0107 do sto\u0142\u00f3w o grubo\u015bci 15-40 mm. Jest idealne do domu i mo\u017cna je r\u00f3wnie\u017c przechowywa\u0107, aby zaoszcz\u0119dzi\u0107 miejsce podczas podr\u00f3\u017cy.Oczywi\u015bcie wygodne, mi\u0119kkie siedzisko s\u0142u\u017cy nie tylko do jedzenia &#8211; solidny st\u00f3\u0142 mo\u017ce by\u0107 r\u00f3wnie\u017c u\u017cywany do zabawy, rysowania i majsterkowania. A kiedy babcia czyta jej bajk\u0119, Annabell mo\u017ce spojrze\u0107 na urocze obrazki z bajkowej ksi\u0105\u017cki.Oryginalny dodatek do lalki Baby Annabell.Najwy\u017cszej jako\u015bci akcesoria pobudzaj\u0105 wyobra\u017ani\u0119 i oferuj\u0105 nowe mo\u017cliwo\u015bci i bod\u017ace do zabawy.<\/p>\n<h2>Baby Annabell Stolik Do Karmienia Zapf<\/h2>\n<p>pokemon do druku, rysunki dla pocz\u0105tkuj\u0105cych, test z narnii, kolorowanka lol do druku<\/p>\n<p>yyyyy<\/p>\n<p>&nbsp;<\/p>\n","protected":false},"excerpt":{"rendered":"<p>Krzese\u0142ko do karmienia Baby Annabell Lunch TimeSiedzisko Baby Annabell do przymocowania do sto\u0142u.&#8221;Smacznego!&#8221; W swoim praktycznym fotelu do karmienia Baby Annabell jest zawsze przy stole w porze posi\u0142k\u00f3w. Kolorowe siedzisko z uroczymi motywami jedzenia mo\u017cna przymocowa\u0107 do sto\u0142\u00f3w o grubo\u015bci 15-40 mm. Jest idealne do domu i mo\u017cna je r\u00f3wnie\u017c przechowywa\u0107, aby zaoszcz\u0119dzi\u0107 miejsce podczas [&hellip;]<\/p>\n","protected":false},"featured_media":4982,"comment_status":"closed","ping_status":"open","template":"","meta":[],"product_cat":[980,1288],"product_tag":[755,807,577],"class_list":["post-4981","product","type-product","status-publish","has-post-thumbnail","hentry","product_cat-pozostale-meble-dzieciece","product_cat-zapf","product_tag-henryk","product_tag-logiczne-zagadki","product_tag-znaki-drogowe-test"],"_links":{"self":[{"href":"http:\/\/klubmamgdynia.pl\/index.php\/wp-json\/wp\/v2\/product\/4981","targetHints":{"allow":["GET"]}}],"collection":[{"href":"http:\/\/klubmamgdynia.pl\/index.php\/wp-json\/wp\/v2\/product"}],"about":[{"href":"http:\/\/klubmamgdynia.pl\/index.php\/wp-json\/wp\/v2\/types\/product"}],"replies":[{"embeddable":true,"href":"http:\/\/klubmamgdynia.pl\/index.php\/wp-json\/wp\/v2\/comments?post=4981"}],"wp:featuredmedia":[{"embeddable":true,"href":"http:\/\/klubmamgdynia.pl\/index.php\/wp-json\/wp\/v2\/media\/4982"}],"wp:attachment":[{"href":"http:\/\/klubmamgdynia.pl\/index.php\/wp-json\/wp\/v2\/media?parent=4981"}],"wp:term":[{"taxonomy":"product_cat","embeddable":true,"href":"http:\/\/klubmamgdynia.pl\/index.php\/wp-json\/wp\/v2\/product_cat?post=4981"},{"taxonomy":"product_tag","embeddable":true,"href":"http:\/\/klubmamgdynia.pl\/index.php\/wp-json\/wp\/v2\/product_tag?post=4981"}],"curies":[{"name":"wp","href":"https:\/\/api.w.org\/{rel}","templated":true}]}}