{"id":5005,"date":"2019-03-11T18:38:14","date_gmt":"2019-03-11T17:38:14","guid":{"rendered":"http:\/\/klubmamgdynia.pl\/index.php\/produkt\/tako-hustawka-animals-05\/"},"modified":"2026-05-02T00:41:07","modified_gmt":"2026-05-01T22:41:07","slug":"tako-hustawka-animals-05","status":"publish","type":"product","link":"http:\/\/klubmamgdynia.pl\/index.php\/produkt\/tako-hustawka-animals-05\/","title":{"rendered":"Tako Hu\u015btawka Animals 05"},"content":{"rendered":"<p>HU\u015aTAWKA TAKO ANIMALS Z GWARANCJ\u0104 OD DYSTRYBUTORA TYPU DOOR TO DOORCharakterystyka:Barierka zabezpieczaj\u0105ca przed wypadni\u0119ciem z mo\u017cliwo\u015bci\u0105 odpi\u0119ciastabilny i solidny stela\u017cpas bezpiecze\u0144stwakomfortowe siedziskoregulowane oparcie pod k\u0105tem 45opas zabezpieczaj\u0105cy mi\u0119dzy n\u00f3\u017ckamizabezpieczenie przed z\u0142o\u017ceniem hu\u015btawkiod 6 miesi\u0105ca \u017cycia do 25 kgwymiary siedziska ca\u0142kowite sz.30 x wys.27 x g\u0142.34wymiary ca\u0142kowite sz.76 x wys.110 x g\u0142.102wymiary po z\u0142o\u017ceniu sz.76 x wys.128 x g\u0142.20ca\u0142kowita waga hu\u015btawki 8 kgposiada autoryzacj\u0119 Oko-Tex Standard 100.zgodnie z europejsk\u0105 norm\u0105 bezpiecze\u0144stwa EN 71-1:2005UWAGA: Hu\u015btawki nie posiadaj\u0105 element\u00f3w ozdobnych zapinanych na rurkach bocznych np.kokardek<\/p>\n<h2>Tako Hu\u015btawka Animals 05 Tako<\/h2>\n<p>bajka terapeutyczna o dokuczaniu, zagadki walentynkowe, kolorowanka flamingi, jak narysowa\u0107 sanie miko\u0142aja, zagadki dla 6 latka, koty do druku, \u015bmieszne zagadki dla dzieci, dzieci pl, kanapki na urodziny dziecka, zings kolorowanka, bajki dla dzieci na dobranoc, dobrej nocy, hot wheels kolorowanka, dla dzieci warszawa, maly kotek kotek kolorowanka, kartka walentynkow\u0105 przedszkole, ozdoby choinkowe dla dzieci, trudne \u0142amig\u0142\u00f3wki<\/p>\n<p>yyyyy<\/p>\n<p>&nbsp;<\/p>\n","protected":false},"excerpt":{"rendered":"<p>HU\u015aTAWKA TAKO ANIMALS Z GWARANCJ\u0104 OD DYSTRYBUTORA TYPU DOOR TO DOORCharakterystyka:Barierka zabezpieczaj\u0105ca przed wypadni\u0119ciem z mo\u017cliwo\u015bci\u0105 odpi\u0119ciastabilny i solidny stela\u017cpas bezpiecze\u0144stwakomfortowe siedziskoregulowane oparcie pod k\u0105tem 45opas zabezpieczaj\u0105cy mi\u0119dzy n\u00f3\u017ckamizabezpieczenie przed z\u0142o\u017ceniem hu\u015btawkiod 6 miesi\u0105ca \u017cycia do 25 kgwymiary siedziska ca\u0142kowite sz.30 x wys.27 x g\u0142.34wymiary ca\u0142kowite sz.76 x wys.110 x g\u0142.102wymiary po z\u0142o\u017ceniu sz.76 x [&hellip;]<\/p>\n","protected":false},"featured_media":5006,"comment_status":"closed","ping_status":"open","template":"","meta":[],"product_cat":[1156,1290],"product_tag":[833,681,608],"class_list":["post-5005","product","type-product","status-publish","has-post-thumbnail","hentry","product_cat-lezaczki-bujaki-i-hustawki-niemowlece","product_cat-tako","product_tag-bajki-dla-dzieci-do-czytania","product_tag-flagi-europy-quiz","product_tag-zagadki-i-odpowiedzi"],"_links":{"self":[{"href":"http:\/\/klubmamgdynia.pl\/index.php\/wp-json\/wp\/v2\/product\/5005","targetHints":{"allow":["GET"]}}],"collection":[{"href":"http:\/\/klubmamgdynia.pl\/index.php\/wp-json\/wp\/v2\/product"}],"about":[{"href":"http:\/\/klubmamgdynia.pl\/index.php\/wp-json\/wp\/v2\/types\/product"}],"replies":[{"embeddable":true,"href":"http:\/\/klubmamgdynia.pl\/index.php\/wp-json\/wp\/v2\/comments?post=5005"}],"wp:featuredmedia":[{"embeddable":true,"href":"http:\/\/klubmamgdynia.pl\/index.php\/wp-json\/wp\/v2\/media\/5006"}],"wp:attachment":[{"href":"http:\/\/klubmamgdynia.pl\/index.php\/wp-json\/wp\/v2\/media?parent=5005"}],"wp:term":[{"taxonomy":"product_cat","embeddable":true,"href":"http:\/\/klubmamgdynia.pl\/index.php\/wp-json\/wp\/v2\/product_cat?post=5005"},{"taxonomy":"product_tag","embeddable":true,"href":"http:\/\/klubmamgdynia.pl\/index.php\/wp-json\/wp\/v2\/product_tag?post=5005"}],"curies":[{"name":"wp","href":"https:\/\/api.w.org\/{rel}","templated":true}]}}