{"id":5019,"date":"2015-02-06T22:08:41","date_gmt":"2015-02-06T21:08:41","guid":{"rendered":"http:\/\/klubmamgdynia.pl\/index.php\/produkt\/sluban-klocki-wspomnienia-kamper-ognisko-314el\/"},"modified":"2026-05-17T22:21:18","modified_gmt":"2026-05-17T20:21:18","slug":"sluban-klocki-wspomnienia-kamper-ognisko-314el","status":"publish","type":"product","link":"http:\/\/klubmamgdynia.pl\/index.php\/produkt\/sluban-klocki-wspomnienia-kamper-ognisko-314el\/","title":{"rendered":"Sluban Klocki Wspomnienia Kamper Ognisko 314El."},"content":{"rendered":"<p>Klocki Wspomnienia Kamper Ognisko 314 El. Komp.leg<\/p>\n<h2>Sluban Klocki Wspomnienia Kamper Ognisko 314El. Sluban<\/h2>\n<p>zagadki wielkanocne do druku, pewna \u017caba by\u0142a s\u0142aba, zagadki \u015bmieszne podchwytliwe, eneduerabe, zagadki o psach, kolorowanki lato, atrakcje dla dzieci tr\u00f3jmiasto, olaf znaczenie imienia, wielkanocne zagadki, znajd\u017a r\u00f3\u017cnice do druku, wzory dyplom\u00f3w do pobrania, zimowe zagadki, zabawki na roczek dla ch\u0142opca, kolorowanki dla dziewczynek lol, janusz<\/p>\n<p>yyyyy<\/p>\n<p>&nbsp;<\/p>\n","protected":false},"excerpt":{"rendered":"<p>Klocki Wspomnienia Kamper Ognisko 314 El. Komp.leg Sluban Klocki Wspomnienia Kamper Ognisko 314El. Sluban zagadki wielkanocne do druku, pewna \u017caba by\u0142a s\u0142aba, zagadki \u015bmieszne podchwytliwe, eneduerabe, zagadki o psach, kolorowanki lato, atrakcje dla dzieci tr\u00f3jmiasto, olaf znaczenie imienia, wielkanocne zagadki, znajd\u017a r\u00f3\u017cnice do druku, wzory dyplom\u00f3w do pobrania, zimowe zagadki, zabawki na roczek dla ch\u0142opca, [&hellip;]<\/p>\n","protected":false},"featured_media":5020,"comment_status":"closed","ping_status":"open","template":"","meta":[],"product_cat":[113,513],"product_tag":[829,656,630,770,762],"class_list":["post-5019","product","type-product","status-publish","has-post-thumbnail","hentry","product_cat-klocki","product_cat-sluban","product_tag-bajki-do-czytania-na-dobranoc","product_tag-kolorowanki-lol","product_tag-podchwytliwe-zagadki-z-odpowiedziami","product_tag-samolot-z-papieru","product_tag-trudne-zagadki-dla-dzieci"],"_links":{"self":[{"href":"http:\/\/klubmamgdynia.pl\/index.php\/wp-json\/wp\/v2\/product\/5019","targetHints":{"allow":["GET"]}}],"collection":[{"href":"http:\/\/klubmamgdynia.pl\/index.php\/wp-json\/wp\/v2\/product"}],"about":[{"href":"http:\/\/klubmamgdynia.pl\/index.php\/wp-json\/wp\/v2\/types\/product"}],"replies":[{"embeddable":true,"href":"http:\/\/klubmamgdynia.pl\/index.php\/wp-json\/wp\/v2\/comments?post=5019"}],"wp:featuredmedia":[{"embeddable":true,"href":"http:\/\/klubmamgdynia.pl\/index.php\/wp-json\/wp\/v2\/media\/5020"}],"wp:attachment":[{"href":"http:\/\/klubmamgdynia.pl\/index.php\/wp-json\/wp\/v2\/media?parent=5019"}],"wp:term":[{"taxonomy":"product_cat","embeddable":true,"href":"http:\/\/klubmamgdynia.pl\/index.php\/wp-json\/wp\/v2\/product_cat?post=5019"},{"taxonomy":"product_tag","embeddable":true,"href":"http:\/\/klubmamgdynia.pl\/index.php\/wp-json\/wp\/v2\/product_tag?post=5019"}],"curies":[{"name":"wp","href":"https:\/\/api.w.org\/{rel}","templated":true}]}}