{"id":5021,"date":"2012-02-11T04:33:48","date_gmt":"2012-02-11T03:33:48","guid":{"rendered":"http:\/\/klubmamgdynia.pl\/index.php\/produkt\/bic-kredki-swiecowe-wykrecane-12-kolorow-kids-turn-and-colour\/"},"modified":"2026-04-04T00:14:03","modified_gmt":"2026-04-03T22:14:03","slug":"bic-kredki-swiecowe-wykrecane-12-kolorow-kids-turn-and-colour","status":"publish","type":"product","link":"http:\/\/klubmamgdynia.pl\/index.php\/produkt\/bic-kredki-swiecowe-wykrecane-12-kolorow-kids-turn-and-colour\/","title":{"rendered":"Bic Kredki \u015awiecowe Wykr\u0119cane 12 Kolor\u00f3w Kids Turn And Colour"},"content":{"rendered":"<p>Kredki \u015bwiecowe wykr\u0119cane Kredki \u015bwiecowe wykr\u0119cane to \u015bwietnej jako\u015bci kredki do malowania i kolorowania. S\u0105 \u0142atwe w u\u017cyciu, a dzi\u0119ki plastikowej os\u0142once z wykr\u0119canym wk\u0142adem, kt\u00f3ra chroni kredki przez z\u0142amaniem, nie brudz\u0105 r\u0105k ani ubra\u0144. Zalet\u0105 tych kredek jest to i\u017c posiadaj\u0105 zaokr\u0105glony grafit bez konieczno\u015bci temperowania. Parametry: Rodzaj: kredki \u015bwiecowe Liczba sztuk w zestawie: 12 szt Kolekcja: Kids Turn and Colour Kolor: wielokolorowy<\/p>\n<h2>Bic Kredki \u015awiecowe Wykr\u0119cane 12 Kolor\u00f3w Kids Turn And Colour Bic<\/h2>\n<p>dyplomy do wydrukowania a4, znaki drogowe quizy, podchwytliwe zagadki na inteligencj\u0119, kolorowanka piesek do druku, gwiazdka do druku, psi patrol kolorowanki, zagadki logiczne dla doros\u0142ych, cytaty o dzieciach i rodzicach, quiz o \u015bwi\u0119tach bo\u017cego narodzenia, karaluchy pod poduchy, testy katarynka, teksty o rodzinie, elzbieta imie, niespotykane imiona \u017ce\u0144skie, do druku dla dzieci<\/p>\n<p>yyyyy<\/p>\n<p>&nbsp;<\/p>\n","protected":false},"excerpt":{"rendered":"<p>Kredki \u015bwiecowe wykr\u0119cane Kredki \u015bwiecowe wykr\u0119cane to \u015bwietnej jako\u015bci kredki do malowania i kolorowania. S\u0105 \u0142atwe w u\u017cyciu, a dzi\u0119ki plastikowej os\u0142once z wykr\u0119canym wk\u0142adem, kt\u00f3ra chroni kredki przez z\u0142amaniem, nie brudz\u0105 r\u0105k ani ubra\u0144. Zalet\u0105 tych kredek jest to i\u017c posiadaj\u0105 zaokr\u0105glony grafit bez konieczno\u015bci temperowania. Parametry: Rodzaj: kredki \u015bwiecowe Liczba sztuk w zestawie: [&hellip;]<\/p>\n","protected":false},"featured_media":5022,"comment_status":"closed","ping_status":"open","template":"","meta":[],"product_cat":[1226,297],"product_tag":[801,600,577],"class_list":["post-5021","product","type-product","status-publish","has-post-thumbnail","hentry","product_cat-bic","product_cat-szkolne-artykuly-plastyczne","product_tag-bajki-terapeutyczne-o-emocjach","product_tag-zaproszenia-na-urodziny-do-druku","product_tag-znaki-drogowe-test"],"_links":{"self":[{"href":"http:\/\/klubmamgdynia.pl\/index.php\/wp-json\/wp\/v2\/product\/5021","targetHints":{"allow":["GET"]}}],"collection":[{"href":"http:\/\/klubmamgdynia.pl\/index.php\/wp-json\/wp\/v2\/product"}],"about":[{"href":"http:\/\/klubmamgdynia.pl\/index.php\/wp-json\/wp\/v2\/types\/product"}],"replies":[{"embeddable":true,"href":"http:\/\/klubmamgdynia.pl\/index.php\/wp-json\/wp\/v2\/comments?post=5021"}],"wp:featuredmedia":[{"embeddable":true,"href":"http:\/\/klubmamgdynia.pl\/index.php\/wp-json\/wp\/v2\/media\/5022"}],"wp:attachment":[{"href":"http:\/\/klubmamgdynia.pl\/index.php\/wp-json\/wp\/v2\/media?parent=5021"}],"wp:term":[{"taxonomy":"product_cat","embeddable":true,"href":"http:\/\/klubmamgdynia.pl\/index.php\/wp-json\/wp\/v2\/product_cat?post=5021"},{"taxonomy":"product_tag","embeddable":true,"href":"http:\/\/klubmamgdynia.pl\/index.php\/wp-json\/wp\/v2\/product_tag?post=5021"}],"curies":[{"name":"wp","href":"https:\/\/api.w.org\/{rel}","templated":true}]}}