{"id":5025,"date":"2024-06-02T20:34:53","date_gmt":"2024-06-02T18:34:53","guid":{"rendered":"http:\/\/klubmamgdynia.pl\/?post_type=product&#038;p=5025"},"modified":"2026-04-30T03:16:02","modified_gmt":"2026-04-30T01:16:02","slug":"miniland-termos-prozniowy-450ml-wiewiorka","status":"publish","type":"product","link":"http:\/\/klubmamgdynia.pl\/index.php\/produkt\/miniland-termos-prozniowy-450ml-wiewiorka\/","title":{"rendered":"Miniland Termos Pr\u00f3\u017cniowy 450Ml Wiewi\u00f3rka"},"content":{"rendered":"<p>Wyj\u0105tkowy termos o pojemno\u015bci 450 ml z gumowanym wyko\u0144czeniem i z naturalnymi motywamiNajwa\u017cniejsze cechy:bardzo skuteczny &#8211; utrzymuje po\u017c\u0105dan\u0105 temperatur\u0119 przez 12hmaksymalna odporno\u015b\u0107 i efektywno\u015b\u0107 dzi\u0119ki 3 warstwom izolacyjnympodw\u00f3jna warstwa ze stali nierdzewnej (304) z komor\u0105 pr\u00f3\u017cniow\u0105zaw\u00f3r zabezpieczaj\u0105cy przed kapaniem\/wyciekaniemwyj\u0105tkowa jako\u015b\u0107idealny na pokarmy dzieci\u0119ce\u0142atwy system nalewania p\u0142yn\u00f3widealny aby zabra\u0107 go ze sob\u0105 wsz\u0119dzie\u0142atwe czyszczenie &#8211; elementy mo\u017cna \u0142atwo rozebra\u0107 i wyczy\u015bci\u0107Utrzymuje temperatur\u0119 p\u0142yn\u00f3w przez ponad 12 godzinTermosy Miniland s\u0105 niezwykle odporne na dzia\u0142anie temperatur zewn\u0119trznych i skutecznie utrzymuj\u0105 ciep\u0142o, dzi\u0119ki podw\u00f3jnej \u015bciance ze stali nierdzewnej i komorze pr\u00f3\u017cniowej.Design z naturalnymi motywamiTermosy z naturalnym motywem posiadaj\u0105 atrakcyje wzory inspirowane natur\u0105, kt\u00f3re zaspokoj\u0105 gusta wszystkich rodzic\u00f3w. Dodatkowym atutem termos\u00f3w jest gumowana, mi\u0119kka w dotyku powierzchnia zewn\u0119trzna. Praktyczn\u0105 cech\u0105 jest r\u00f3wnie\u017c silikonowa powierzchnia spodu termosu, kt\u00f3ra zapobiega przed przewr\u00f3ceniem termosa.Posi\u0142ki dziecka s\u0105 zawsze gotoweRodzice mog\u0105 przygotowa\u0107 jedzenie dla dziecka w domu i zabra\u0107 je w dowolne miejsce maj\u0105c pewno\u015b\u0107, \u017ce porz\u0105dana temperatura p\u0142yn\u00f3w czy jedzenia pozostanie przed d\u0142ugi czas.Trwa\u0142e materia\u0142y i o wyj\u0105tkowej jako\u015bciTermosy wykonane s\u0105 ze stali nierdzewnej 18\/8 (stal 304), kt\u00f3ra ma bardzo niskie przewodnictwo cieplne i bardzo dobr\u0105 odporno\u015b\u0107 na wysokie temperatury, b\u0119d\u0105c najbardziej odpowiednim materia\u0142em do przechowywania \u017cywno\u015bci.\u0141atwe nape\u0142nianie i czyszczenieDzi\u0119ki szerokiemu otworowi termos mo\u017cna z \u0142atwo\u015bci\u0105 nape\u0142ni\u0107 p\u0142ynem, opr\u00f3\u017cni\u0107 i wyczy\u015bci\u0107.Wolny od BPAProdukt jest w 100% wolny od Bisfenolu A.<\/p>\n<h2>Miniland Termos Pr\u00f3\u017cniowy 450Ml Wiewi\u00f3rka Miniland<\/h2>\n<p>bajka dla dzieci do czytania, zagadki wielkanocne do druku, prezent dla nastolatka, karty pracy do druku za darmo, \u0142amig\u0142owki do druku, atrakcje dla dzieci wroc\u0142aw i okolice, zagadki dla dzieci 7-8 lat online, wydarzenia dla dzieci warszawa, wierszyki na \u015bmigus dyngus, pytania zagadki, nela imi\u0119, co mo\u017cna zrobi\u0107 na prima aprilis, jak narysowa\u0107 psa krok po kroku, hello kitty kolorowanka, lukrecja imie, spiderman do druku, piosenka dla taty przedszkole, test miko\u0142ajek, opis rodzina<\/p>\n<p>yyyyy<\/p>\n<p>&nbsp;<\/p>\n","protected":false},"excerpt":{"rendered":"<p>Wyj\u0105tkowy termos o pojemno\u015bci 450 ml z gumowanym wyko\u0144czeniem i z naturalnymi motywamiNajwa\u017cniejsze cechy:bardzo skuteczny &#8211; utrzymuje po\u017c\u0105dan\u0105 temperatur\u0119 przez 12hmaksymalna odporno\u015b\u0107 i efektywno\u015b\u0107 dzi\u0119ki 3 warstwom izolacyjnympodw\u00f3jna warstwa ze stali nierdzewnej (304) z komor\u0105 pr\u00f3\u017cniow\u0105zaw\u00f3r zabezpieczaj\u0105cy przed kapaniem\/wyciekaniemwyj\u0105tkowa jako\u015b\u0107idealny na pokarmy dzieci\u0119ce\u0142atwy system nalewania p\u0142yn\u00f3widealny aby zabra\u0107 go ze sob\u0105 wsz\u0119dzie\u0142atwe czyszczenie &#8211; elementy [&hellip;]<\/p>\n","protected":false},"featured_media":5026,"comment_status":"closed","ping_status":"open","template":"","meta":[],"product_cat":[1105,215],"product_tag":[662,580,654,868],"class_list":["post-5025","product","type-product","status-publish","has-post-thumbnail","hentry","product_cat-miniland","product_cat-naczynia-i-sztucce-dla-dzieci","product_tag-bajki-na-dobranoc","product_tag-janusz","product_tag-krotkie-bajki-dla-dzieci-do-czytania","product_tag-quizy-dla-dzieci"],"_links":{"self":[{"href":"http:\/\/klubmamgdynia.pl\/index.php\/wp-json\/wp\/v2\/product\/5025","targetHints":{"allow":["GET"]}}],"collection":[{"href":"http:\/\/klubmamgdynia.pl\/index.php\/wp-json\/wp\/v2\/product"}],"about":[{"href":"http:\/\/klubmamgdynia.pl\/index.php\/wp-json\/wp\/v2\/types\/product"}],"replies":[{"embeddable":true,"href":"http:\/\/klubmamgdynia.pl\/index.php\/wp-json\/wp\/v2\/comments?post=5025"}],"wp:featuredmedia":[{"embeddable":true,"href":"http:\/\/klubmamgdynia.pl\/index.php\/wp-json\/wp\/v2\/media\/5026"}],"wp:attachment":[{"href":"http:\/\/klubmamgdynia.pl\/index.php\/wp-json\/wp\/v2\/media?parent=5025"}],"wp:term":[{"taxonomy":"product_cat","embeddable":true,"href":"http:\/\/klubmamgdynia.pl\/index.php\/wp-json\/wp\/v2\/product_cat?post=5025"},{"taxonomy":"product_tag","embeddable":true,"href":"http:\/\/klubmamgdynia.pl\/index.php\/wp-json\/wp\/v2\/product_tag?post=5025"}],"curies":[{"name":"wp","href":"https:\/\/api.w.org\/{rel}","templated":true}]}}