{"id":5053,"date":"2015-11-02T11:41:58","date_gmt":"2015-11-02T10:41:58","guid":{"rendered":"http:\/\/klubmamgdynia.pl\/index.php\/produkt\/paradise-baby-vr03m-gleboko-spacerowy\/"},"modified":"2026-04-22T12:25:39","modified_gmt":"2026-04-22T10:25:39","slug":"paradise-baby-vr03m-gleboko-spacerowy","status":"publish","type":"product","link":"http:\/\/klubmamgdynia.pl\/index.php\/produkt\/paradise-baby-vr03m-gleboko-spacerowy\/","title":{"rendered":"Paradise Baby Vr03M G\u0142\u0119boko Spacerowy"},"content":{"rendered":"<p>W\u00f3zek 2w1 Paradise Baby VRPoszukujesz w\u00f3zka o pi\u0119knym klasycznym designie lecz lubisz r\u00f3wnie\u017c eleganckie i nietuzinkowe rozwi\u0105zania? Idealnym wyborem b\u0119dzie model VR o klasycznej sylwetce z delikatnymi miedzianymi wstawkami na r\u0105czce oraz stela\u017cu dodaj\u0105ce mu charakteru i elegancji. W\u00f3zek VR opr\u00f3cz tego, \u017ce wyr\u00f3\u017cnia si\u0119 wygl\u0105dem jest te\u017c bardzo funkcjonalny.Ca\u0142\u0105 palet\u0119 kolor\u00f3w umie\u015bcili\u015bmy na nowoczesnym stela\u017cu w dw\u00f3ch wariantach kolorystycznych, czarnym matowym oraz czarnym matowym z elementem w kolorze miedzi. Konstrukcja ma \u0142atwy i praktyczny system sk\u0142adania do ma\u0142ych rozmiar\u00f3w \u2013 do pozycji \u201e0. Przednie ko\u0142a s\u0105 wyposa\u017cone w obrotowy system 360 stopni z funkcj\u0105 blokady k\u00f3\u0142 do jazdy na wprost. Stela\u017c posiada amortyzatory z mo\u017cliwo\u015bci\u0105 regulacji twardo\u015bci zawieszenia, co wp\u0142ywa na wi\u0119kszy komfort jazdy. R\u0105czka obszyta mi\u0119kk\u0105 ekosk\u00f3r\u0105 z elementem ozdobnym w postaci 4 ring\u00f3w w kolorze miedzianym oraz logotypem na \u015brodku posiada mo\u017cliwo\u015b\u0107 regulacji na wysoko\u015bci. Praktyczne rozwi\u0105zania s\u0105 najwa\u017cniejsze, lecz estetyczne i nietuzinkowe wyko\u0144czenie zwraca Nasz\u0105 uwag\u0119.Wewn\u0105trz gondoli zosta\u0142a zastosowana wysoko gatunkowa jasna tkanina, kt\u00f3r\u0105 w prosty spos\u00f3b mo\u017cna zdemontowa\u0107 i w razie potrzeby wypra\u0107. W zestawie znajduje si\u0119 r\u00f3wnie\u017c mi\u0119kki piankowy materac. Warto r\u00f3wnie\u017c zwr\u00f3ci\u0107 uwag\u0119 na jej przestronno\u015b\u0107 oraz g\u0142\u0119boko\u015b\u0107 dzi\u0119ki czemu b\u0119dzie komfortowa dla male\u0144stwa do ko\u0144ca u\u017cytkowania. System podnoszenia zag\u0142\u00f3wka jest umieszczony na spodzie gondoli. Zewn\u0119trzny system regulacji pozwala nam podnie\u015b\u0107 g\u0142\u00f3wk\u0119 naszego maluszka w dowolnym momencie nie zak\u0142\u00f3caj\u0105c jego spokoju. Bardzo przydatn\u0105 funkcj\u0105 jest r\u00f3wnie\u017c ko\u0142yska w gondoli. Dzi\u0119ki zamontowanym p\u0142ozom po wypi\u0119ciu gondoli mo\u017cemy j\u0105 postawi\u0107 w dowolnym miejscu i buja\u0107 maluszka np. pr\u00f3buj\u0105c go u\u015bpi\u0107. Dziecko przy poruszaniu n\u00f3\u017ckami mo\u017ce si\u0119 r\u00f3wnie\u017c samo ko\u0142ysa\u0107. System ten zosta\u0142 wyposa\u017cony r\u00f3wnie\u017c w blokady, po ich roz\u0142o\u017ceniu gondola b\u0119dzie stabilnie sta\u0142a. Tapicerka budki gondoli i siedziska spacerowego posiada du\u017c\u0105, praktyczn\u0105 wentylacj\u0119 oraz rozk\u0142adany daszek przeciws\u0142oneczny. Zauwa\u017cymy w cz\u0119\u015bci g\u0142\u0119bokiej r\u0105czk\u0119 obszyt\u0105 ekosk\u00f3r\u0105 przeznaczon\u0105 do przenoszenia tego elementu.W spacer\u00f3wce jest regulacja oparcia od pozycji le\u017c\u0105cej do pozycji siedz\u0105cej wraz z regulowanym podn\u00f3\u017ckiem. Cz\u0119\u015b\u0107 spacerowa zosta\u0142a przystosowana r\u00f3wnie\u017c do dzieci wy\u017cszych, w momencie gdy podn\u00f3\u017cek spacer\u00f3wki jest ju\u017c za kr\u00f3tki mo\u017cemy go maksymalnie cofn\u0105\u0107 dzi\u0119ki czemu si\u0119 chowa i nasza pociecha mo\u017ce cieszy\u0107 si\u0119 swobod\u0105, trzymaj\u0105c nogi na podn\u00f3\u017cku umieszczonym na stela\u017cu. Przykrycie na n\u00f3\u017cki jest obszerne, aby dziecko mia\u0142o wystarczaj\u0105c\u0105 przestrze\u0144 i nie by\u0142o mu ciasno nawet po do\u0142o\u017ceniu dodatkowych warstw kocyk\u00f3w i \u015bpiwork\u00f3w. Wersja spacerowa jest wyposa\u017cona w \u201epa\u0142\u0105k (obszyty ekosk\u00f3r\u0105), kt\u00f3ry zabezpiecza przed wypadni\u0119ciem dziecka. Spacer\u00f3wka posiada r\u00f3wnie\u017c 5-cio punktowe pasy bezpiecze\u0144stwa z mo\u017cliwo\u015bci\u0105 regulacji wysoko\u015bci w zale\u017cno\u015bci od wzrostu dziecka.W\u00f3zek jest dodatkowo wyposa\u017cony w torb\u0119, kubek, folie przeciwdeszczow\u0105, moskitier\u0119, kosz na zakupy mocowany przy konstrukcji oraz przykrycia na n\u00f3\u017cki do gondoli i spacer\u00f3wki.<\/p>\n<h2>Paradise Baby Vr03M G\u0142\u0119boko Spacerowy Paradise Baby<\/h2>\n<p>\u0142amig\u0142\u00f3wki matematyczne, wydarzenia dla dzieci warszawa, co kupi\u0107 na roczek dla ch\u0142opca, kolorowanka do malowania farbami, jak narysowac kota, zabawki na roczek dla dziewczynki, ko\u0142ysanki dla dzieci + tekst, z\u0142ote my\u015bli kubu\u015b puchatek cytaty, stare piosenki, kolorowanki z bajek, zagadki logiczne \u015bmieszne, kira, 20 pytania do lektury ma\u0142y ksi\u0105\u017c\u0119, skye kolorowanka, prezenty roczek, trudne zagadki i odpowiedzi, my little pony kolorowanki celestia, kolorowanki do druku pieski, imie paula<\/p>\n<p>yyyyy<\/p>\n<p>&nbsp;<\/p>\n","protected":false},"excerpt":{"rendered":"<p>W\u00f3zek 2w1 Paradise Baby VRPoszukujesz w\u00f3zka o pi\u0119knym klasycznym designie lecz lubisz r\u00f3wnie\u017c eleganckie i nietuzinkowe rozwi\u0105zania? Idealnym wyborem b\u0119dzie model VR o klasycznej sylwetce z delikatnymi miedzianymi wstawkami na r\u0105czce oraz stela\u017cu dodaj\u0105ce mu charakteru i elegancji. W\u00f3zek VR opr\u00f3cz tego, \u017ce wyr\u00f3\u017cnia si\u0119 wygl\u0105dem jest te\u017c bardzo funkcjonalny.Ca\u0142\u0105 palet\u0119 kolor\u00f3w umie\u015bcili\u015bmy na nowoczesnym [&hellip;]<\/p>\n","protected":false},"featured_media":5054,"comment_status":"closed","ping_status":"open","template":"","meta":[],"product_cat":[1284,110],"product_tag":[845,732,738],"class_list":["post-5053","product","type-product","status-publish","has-post-thumbnail","hentry","product_cat-paradise-baby","product_cat-wozki-wielofunkcyjne","product_tag-ach-spij-kochanie-tekst","product_tag-prezent-dla-rocznego-chlopca","product_tag-wroclaw-dla-dzieci"],"_links":{"self":[{"href":"http:\/\/klubmamgdynia.pl\/index.php\/wp-json\/wp\/v2\/product\/5053","targetHints":{"allow":["GET"]}}],"collection":[{"href":"http:\/\/klubmamgdynia.pl\/index.php\/wp-json\/wp\/v2\/product"}],"about":[{"href":"http:\/\/klubmamgdynia.pl\/index.php\/wp-json\/wp\/v2\/types\/product"}],"replies":[{"embeddable":true,"href":"http:\/\/klubmamgdynia.pl\/index.php\/wp-json\/wp\/v2\/comments?post=5053"}],"wp:featuredmedia":[{"embeddable":true,"href":"http:\/\/klubmamgdynia.pl\/index.php\/wp-json\/wp\/v2\/media\/5054"}],"wp:attachment":[{"href":"http:\/\/klubmamgdynia.pl\/index.php\/wp-json\/wp\/v2\/media?parent=5053"}],"wp:term":[{"taxonomy":"product_cat","embeddable":true,"href":"http:\/\/klubmamgdynia.pl\/index.php\/wp-json\/wp\/v2\/product_cat?post=5053"},{"taxonomy":"product_tag","embeddable":true,"href":"http:\/\/klubmamgdynia.pl\/index.php\/wp-json\/wp\/v2\/product_tag?post=5053"}],"curies":[{"name":"wp","href":"https:\/\/api.w.org\/{rel}","templated":true}]}}