{"id":5061,"date":"2021-05-15T21:07:39","date_gmt":"2021-05-15T19:07:39","guid":{"rendered":"http:\/\/klubmamgdynia.pl\/index.php\/produkt\/doris-wielki-miekki-pluszowy-mis-150cm-11198\/"},"modified":"2026-05-17T22:16:52","modified_gmt":"2026-05-17T20:16:52","slug":"doris-wielki-miekki-pluszowy-mis-150cm-11198","status":"publish","type":"product","link":"http:\/\/klubmamgdynia.pl\/index.php\/produkt\/doris-wielki-miekki-pluszowy-mis-150cm-11198\/","title":{"rendered":"Doris Wielki Mi\u0119kki Pluszowy Mi\u015b 150Cm 11198"},"content":{"rendered":"<p>Uroczy, mi\u0119ciutki mi\u015b z kolorow\u0105 kokard\u0105 sprawdzi si\u0119 jako najlepszy przyjaciel Twojego maluszka &#8211; przeznaczony do tulenia, kochania i g\u0142askania. Mo\u017cna mu powierzy\u0107 swoje najskrytsze sekrety i marzenia. Na pewno dochowa tajemnicy. Jego sympatyczna i u\u015bmiechni\u0119ta buzia poprawi humor nawet w najbardziej pochmurne dni. Nied\u017awiadek jest bardzo przyjemny w dotyku. Zabawka sprawi wiele frajdy Twojemu dziecku lub b\u0119dzie \u015bwietnym prezentem na urodziny, walentynki i inne wa\u017cne uroczysto\u015bci. Zalecany wiek: 3+ Mi\u015b jest mi\u0119kki, sam nie stoi, odpowiednio podparty siedzi. Nie jest misiem grubasem &#8211; elastyczno\u015b\u0107 pluszaka pozwala uk\u0142ada\u0107 go w wielu le\u017c\u0105cych i p\u00f3\u0142siedz\u0105cych pozycjach. Wysoko\u015b\u0107 ok. 150 cm.<\/p>\n<h2>Doris Wielki Mi\u0119kki Pluszowy Mi\u015b 150Cm 11198 Doris<\/h2>\n<p>roza imie, test z opowie\u015bci z narnii lew czarownica i stara szafa, rysunki do druku, kolorowanka my little pony, aniela znaczenie imienia, kolorowanki lego friends, oliwier, zagadki \u015bwi\u0105teczne dla dzieci, zabawy ruchowe dla dzieci, m.i.a., super zings kolorowanki, quiz o minecraft, lidia imie, mi\u0142o\u015b\u0107 do dziecka cytaty, \u015bwi\u0105teczny film dla dzieci, liwia imi\u0119, wycinanki puzzle do druku, kr\u00f3tkie bajki dla dzieci do czytania, esmeralda, imiona \u017ce\u0144skie nietypowe, kiedy dzieci chodz\u0105 na halloween<\/p>\n<p>yyyyy<\/p>\n<p>&nbsp;<\/p>\n","protected":false},"excerpt":{"rendered":"<p>Uroczy, mi\u0119ciutki mi\u015b z kolorow\u0105 kokard\u0105 sprawdzi si\u0119 jako najlepszy przyjaciel Twojego maluszka &#8211; przeznaczony do tulenia, kochania i g\u0142askania. Mo\u017cna mu powierzy\u0107 swoje najskrytsze sekrety i marzenia. Na pewno dochowa tajemnicy. Jego sympatyczna i u\u015bmiechni\u0119ta buzia poprawi humor nawet w najbardziej pochmurne dni. Nied\u017awiadek jest bardzo przyjemny w dotyku. Zabawka sprawi wiele frajdy Twojemu [&hellip;]<\/p>\n","protected":false},"featured_media":5062,"comment_status":"closed","ping_status":"open","template":"","meta":[],"product_cat":[338,42],"product_tag":[621,824,741,782],"class_list":["post-5061","product","type-product","status-publish","has-post-thumbnail","hentry","product_cat-doris","product_cat-maskotki","product_tag-prezenty-roczek","product_tag-warszawa-atrakcje-dla-dzieci","product_tag-wlochy","product_tag-zagadki-dla-dzieci-z-odpowiedziami"],"_links":{"self":[{"href":"http:\/\/klubmamgdynia.pl\/index.php\/wp-json\/wp\/v2\/product\/5061","targetHints":{"allow":["GET"]}}],"collection":[{"href":"http:\/\/klubmamgdynia.pl\/index.php\/wp-json\/wp\/v2\/product"}],"about":[{"href":"http:\/\/klubmamgdynia.pl\/index.php\/wp-json\/wp\/v2\/types\/product"}],"replies":[{"embeddable":true,"href":"http:\/\/klubmamgdynia.pl\/index.php\/wp-json\/wp\/v2\/comments?post=5061"}],"wp:featuredmedia":[{"embeddable":true,"href":"http:\/\/klubmamgdynia.pl\/index.php\/wp-json\/wp\/v2\/media\/5062"}],"wp:attachment":[{"href":"http:\/\/klubmamgdynia.pl\/index.php\/wp-json\/wp\/v2\/media?parent=5061"}],"wp:term":[{"taxonomy":"product_cat","embeddable":true,"href":"http:\/\/klubmamgdynia.pl\/index.php\/wp-json\/wp\/v2\/product_cat?post=5061"},{"taxonomy":"product_tag","embeddable":true,"href":"http:\/\/klubmamgdynia.pl\/index.php\/wp-json\/wp\/v2\/product_tag?post=5061"}],"curies":[{"name":"wp","href":"https:\/\/api.w.org\/{rel}","templated":true}]}}