{"id":5093,"date":"2018-01-01T16:13:16","date_gmt":"2018-01-01T15:13:16","guid":{"rendered":"http:\/\/klubmamgdynia.pl\/index.php\/produkt\/smoby-my-beauty-puderniczka-z-lusterkiem-i-swiatlem-kompaktowa-zabawka\/"},"modified":"2026-04-06T00:26:13","modified_gmt":"2026-04-05T22:26:13","slug":"smoby-my-beauty-puderniczka-z-lusterkiem-i-swiatlem-kompaktowa-zabawka","status":"publish","type":"product","link":"http:\/\/klubmamgdynia.pl\/index.php\/produkt\/smoby-my-beauty-puderniczka-z-lusterkiem-i-swiatlem-kompaktowa-zabawka\/","title":{"rendered":"SMOBY My Beauty Puderniczka z Lusterkiem i \u015awiat\u0142em Kompaktowa &#8211; Zabawka"},"content":{"rendered":"<p>Dzieci uwielbiaj\u0105 obserwowa\u0107 i na\u015bladowa\u0107 doros\u0142ych. Seria My Beauty \u0142\u0105czy w sobie trzy \u015bwiaty &#8211; fryzjerstwo, manicure i makija\u017c. W tym zestawie znajdziesz niezb\u0119dnik ka\u017cdej ma\u0142ej kobiety.Charakterystyka: &#8211; urocza puderniczka z roz\u015bwietlaczem, cieniami do powiek i p\u0119dzelkiem- po otwarciu lusterko jest pod\u015bwietlane- wszystkie cienie nie s\u0105 prawdziwymi produktami<\/p>\n<h2>SMOBY My Beauty Puderniczka z Lusterkiem i \u015awiat\u0142em Kompaktowa &#8211; Zabawka Smoby<\/h2>\n<p>aniela znaczenie imienia, prezent dla nastolatk\u00f3w, place zabaw warszawa, cytat z ma\u0142ego ksi\u0119cia o przyja\u017ani, zagadki dla dzieci do druku<\/p>\n<p>yyyyy<\/p>\n<p>&nbsp;<\/p>\n","protected":false},"excerpt":{"rendered":"<p>Dzieci uwielbiaj\u0105 obserwowa\u0107 i na\u015bladowa\u0107 doros\u0142ych. Seria My Beauty \u0142\u0105czy w sobie trzy \u015bwiaty &#8211; fryzjerstwo, manicure i makija\u017c. W tym zestawie znajdziesz niezb\u0119dnik ka\u017cdej ma\u0142ej kobiety.Charakterystyka: &#8211; urocza puderniczka z roz\u015bwietlaczem, cieniami do powiek i p\u0119dzelkiem- po otwarciu lusterko jest pod\u015bwietlane- wszystkie cienie nie s\u0105 prawdziwymi produktami SMOBY My Beauty Puderniczka z Lusterkiem i [&hellip;]<\/p>\n","protected":false},"featured_media":5094,"comment_status":"closed","ping_status":"open","template":"","meta":[],"product_cat":[53,556],"product_tag":[716,673,806,785,869],"class_list":["post-5093","product","type-product","status-publish","has-post-thumbnail","hentry","product_cat-kaciki-zabaw","product_cat-smoby","product_tag-filmy-animowane-o-swietach","product_tag-juz-blisko-koleda-tekst","product_tag-prezent-dla-dziecka-na-roczek","product_tag-prezent-dla-nastolatkow","product_tag-zagadki-na-logike"],"_links":{"self":[{"href":"http:\/\/klubmamgdynia.pl\/index.php\/wp-json\/wp\/v2\/product\/5093","targetHints":{"allow":["GET"]}}],"collection":[{"href":"http:\/\/klubmamgdynia.pl\/index.php\/wp-json\/wp\/v2\/product"}],"about":[{"href":"http:\/\/klubmamgdynia.pl\/index.php\/wp-json\/wp\/v2\/types\/product"}],"replies":[{"embeddable":true,"href":"http:\/\/klubmamgdynia.pl\/index.php\/wp-json\/wp\/v2\/comments?post=5093"}],"wp:featuredmedia":[{"embeddable":true,"href":"http:\/\/klubmamgdynia.pl\/index.php\/wp-json\/wp\/v2\/media\/5094"}],"wp:attachment":[{"href":"http:\/\/klubmamgdynia.pl\/index.php\/wp-json\/wp\/v2\/media?parent=5093"}],"wp:term":[{"taxonomy":"product_cat","embeddable":true,"href":"http:\/\/klubmamgdynia.pl\/index.php\/wp-json\/wp\/v2\/product_cat?post=5093"},{"taxonomy":"product_tag","embeddable":true,"href":"http:\/\/klubmamgdynia.pl\/index.php\/wp-json\/wp\/v2\/product_tag?post=5093"}],"curies":[{"name":"wp","href":"https:\/\/api.w.org\/{rel}","templated":true}]}}