{"id":5107,"date":"2013-06-27T06:36:33","date_gmt":"2013-06-27T04:36:33","guid":{"rendered":"http:\/\/klubmamgdynia.pl\/index.php\/produkt\/petitemars-mata-edukacyjna-5w1-mate\/"},"modified":"2026-04-03T18:57:12","modified_gmt":"2026-04-03T16:57:12","slug":"petitemars-mata-edukacyjna-5w1-mate","status":"publish","type":"product","link":"http:\/\/klubmamgdynia.pl\/index.php\/produkt\/petitemars-mata-edukacyjna-5w1-mate\/","title":{"rendered":"Petite&amp;Mars Mata Edukacyjna 5w1 Mate"},"content":{"rendered":"<p>Petite&amp;Mars Mata Edukacyjna 5w1 MateAktywizuj\u0105ca mata mo\u017ce by\u0107 wykorzystywana na wiele sposob\u00f3w, co z pewno\u015bci\u0105 doceni nie tylko dziecko, ale tak\u017ce jego rodzice.<\/p>\n<h2>Petite&amp;Mars Mata Edukacyjna 5w1 Mate Petite&amp;Mars<\/h2>\n<p>cytaty o dziecku, lew czarownica i stara szafa test, \u0142\u0105czenie kropek, pisanki woskiem wzory, zagadki trudne, cytat z ma\u0142ego ksi\u0119cia o przyja\u017ani, najlepsze zagadki, piesek kolorowanka, quiz psi patrol, warszawa atrakcje dla dzieci, smieszne zagadki, zagadki halloween dla dzieci, bianka, zagadki matematyczne logiczne, bajki dla dzieci online<\/p>\n<p>yyyyy<\/p>\n<p>&nbsp;<\/p>\n","protected":false},"excerpt":{"rendered":"<p>Petite&amp;Mars Mata Edukacyjna 5w1 MateAktywizuj\u0105ca mata mo\u017ce by\u0107 wykorzystywana na wiele sposob\u00f3w, co z pewno\u015bci\u0105 doceni nie tylko dziecko, ale tak\u017ce jego rodzice. Petite&amp;Mars Mata Edukacyjna 5w1 Mate Petite&amp;Mars cytaty o dziecku, lew czarownica i stara szafa test, \u0142\u0105czenie kropek, pisanki woskiem wzory, zagadki trudne, cytat z ma\u0142ego ksi\u0119cia o przyja\u017ani, najlepsze zagadki, piesek kolorowanka, [&hellip;]<\/p>\n","protected":false},"featured_media":5108,"comment_status":"closed","ping_status":"open","template":"","meta":[],"product_cat":[55,1111],"product_tag":[664,852,780,729,786,581],"class_list":["post-5107","product","type-product","status-publish","has-post-thumbnail","hentry","product_cat-maty-edukacyjne","product_cat-petitemars","product_tag-atrakcje-dla-dzieci-trojmiasto","product_tag-jak-zrobic-samolot-z-papieru","product_tag-krecik-bajka","product_tag-madre-bajki-dla-dzieci-do-czytania","product_tag-prezent-na-1-urodziny","product_tag-zagadki-dla-8-latka"],"_links":{"self":[{"href":"http:\/\/klubmamgdynia.pl\/index.php\/wp-json\/wp\/v2\/product\/5107","targetHints":{"allow":["GET"]}}],"collection":[{"href":"http:\/\/klubmamgdynia.pl\/index.php\/wp-json\/wp\/v2\/product"}],"about":[{"href":"http:\/\/klubmamgdynia.pl\/index.php\/wp-json\/wp\/v2\/types\/product"}],"replies":[{"embeddable":true,"href":"http:\/\/klubmamgdynia.pl\/index.php\/wp-json\/wp\/v2\/comments?post=5107"}],"wp:featuredmedia":[{"embeddable":true,"href":"http:\/\/klubmamgdynia.pl\/index.php\/wp-json\/wp\/v2\/media\/5108"}],"wp:attachment":[{"href":"http:\/\/klubmamgdynia.pl\/index.php\/wp-json\/wp\/v2\/media?parent=5107"}],"wp:term":[{"taxonomy":"product_cat","embeddable":true,"href":"http:\/\/klubmamgdynia.pl\/index.php\/wp-json\/wp\/v2\/product_cat?post=5107"},{"taxonomy":"product_tag","embeddable":true,"href":"http:\/\/klubmamgdynia.pl\/index.php\/wp-json\/wp\/v2\/product_tag?post=5107"}],"curies":[{"name":"wp","href":"https:\/\/api.w.org\/{rel}","templated":true}]}}