{"id":5123,"date":"2024-11-04T11:14:59","date_gmt":"2024-11-04T10:14:59","guid":{"rendered":"http:\/\/klubmamgdynia.pl\/?post_type=product&#038;p=5123"},"modified":"2026-04-22T22:25:24","modified_gmt":"2026-04-22T20:25:24","slug":"little-dutch-pozytywka-gwiazdka-pink-flowers-te20321550","status":"publish","type":"product","link":"http:\/\/klubmamgdynia.pl\/index.php\/produkt\/little-dutch-pozytywka-gwiazdka-pink-flowers-te20321550\/","title":{"rendered":"Little Dutch Pozytywka Gwiazdka Pink Flowers Te20321550"},"content":{"rendered":"<p>Pozytywka-gwiazdka Little Dutch z kolekcji Little Pink Flowers. Wystarczy poci\u0105gn\u0105\u0107 j\u0105 delikatnie za sznureczek z k\u00f3\u0142eczkiem, aby us\u0142ysze\u0107 melodi\u0119 \u201eSomewhere Over The Rainbow\u201d. D\u017awi\u0119k pozytywki pozwoli maluszkowi si\u0119 wyciszy\u0107 i zrelaksowa\u0107. Wyj\u0105tkowo mi\u0119ciutka i urocza. Mo\u017cna przymocowa\u0107 j\u0105 do \u0142\u00f3\u017ceczka, fotelika czy gondoli. Stanowi pi\u0119kn\u0105 dekoracj\u0119 dzieci\u0119cego pokoju. Doskona\u0142y pomys\u0142 jako prezent na baby shower. Stanowi uzupe\u0142nienie z pozosta\u0142ymi produktami z kolekcji Little Pink Flowers. Little Dutch to holenderska firma rodzinna, prowadzona przez ma\u0142\u017ce\u0144stwo, kt\u00f3re wk\u0142ada ca\u0142e serce w tworzenie produkt\u00f3w dla najm\u0142odszych. W ofercie marki znajduj\u0105 si\u0119 doskona\u0142ej jako\u015bci tekstylia, produkowane z bawe\u0142ny organicznej z certyfikatem Oeko-tex, takie jak r\u0119czniki, \u015bpiworki do spania, otulacze, akcesoria do pokoik\u00f3w dzieci\u0119cych oraz zabawki sensoryczne dla niemowl\u0105t, jak r\u00f3wnie\u017c zabawki, czy pojazdy wytwarzane z drewna. Produkty Little Dutch cechuje spokojna, pastelowa kolorystyka.Rekomendowany wiek: od urodzenia Kolor: r\u00f3\u017cowy z motywem kwiat\u00f3w Materia\u0142: 100% bawe\u0142na Oeko-TexWymiary: 30 x 30 cm Instrukcja czyszczenia: czyszczenie wilgotn\u0105 szmatk\u0105Zgodno\u015b\u0107 z norm\u0105: EN-71-1-2-3<\/p>\n<h2>Little Dutch Pozytywka Gwiazdka Pink Flowers Te20321550 Little Dutch<\/h2>\n<p>miasto dzieci.pl, wiersz o wakacjach, pytania logiczne, ozdoby choinkowe dla dzieci, cytaty korczaka, piosenka dla mamy tekst, test miko\u0142ajek 25 pyta\u0144, kolorowanki wed\u0142ug kodu do druku, ko\u0142ysanka tekst, dla dzieci warszawa, cytaty dla mamy od c\u00f3rki, rzadkie imiona \u017ce\u0144skie polskie, literki do nauki pisania do druku, minecraft quiz, kryspinow, nauka zegara zegar do druku, kr\u00f3tkie czytanki dla dzieci do wydruku<\/p>\n<p>yyyyy<\/p>\n<p>&nbsp;<\/p>\n","protected":false},"excerpt":{"rendered":"<p>Pozytywka-gwiazdka Little Dutch z kolekcji Little Pink Flowers. Wystarczy poci\u0105gn\u0105\u0107 j\u0105 delikatnie za sznureczek z k\u00f3\u0142eczkiem, aby us\u0142ysze\u0107 melodi\u0119 \u201eSomewhere Over The Rainbow\u201d. D\u017awi\u0119k pozytywki pozwoli maluszkowi si\u0119 wyciszy\u0107 i zrelaksowa\u0107. Wyj\u0105tkowo mi\u0119ciutka i urocza. Mo\u017cna przymocowa\u0107 j\u0105 do \u0142\u00f3\u017ceczka, fotelika czy gondoli. Stanowi pi\u0119kn\u0105 dekoracj\u0119 dzieci\u0119cego pokoju. Doskona\u0142y pomys\u0142 jako prezent na baby shower. [&hellip;]<\/p>\n","protected":false},"featured_media":5124,"comment_status":"closed","ping_status":"open","template":"","meta":[],"product_cat":[167,26],"product_tag":[668,744,583,589,757],"class_list":["post-5123","product","type-product","status-publish","has-post-thumbnail","hentry","product_cat-little-dutch","product_cat-zabawki-do-wozka-lozeczka-i-fotelika","product_tag-atrakcje-dla-dzieci-wroclaw","product_tag-kolorowanki-swiateczne-do-wydruku","product_tag-kolysanki-dla-dzieci-tekst","product_tag-prezent-dla-rocznego-dziecka","product_tag-test-z-lektury-ania-z-zielonego-wzgorza-klasa-6-z-odpowiedziami"],"_links":{"self":[{"href":"http:\/\/klubmamgdynia.pl\/index.php\/wp-json\/wp\/v2\/product\/5123","targetHints":{"allow":["GET"]}}],"collection":[{"href":"http:\/\/klubmamgdynia.pl\/index.php\/wp-json\/wp\/v2\/product"}],"about":[{"href":"http:\/\/klubmamgdynia.pl\/index.php\/wp-json\/wp\/v2\/types\/product"}],"replies":[{"embeddable":true,"href":"http:\/\/klubmamgdynia.pl\/index.php\/wp-json\/wp\/v2\/comments?post=5123"}],"wp:featuredmedia":[{"embeddable":true,"href":"http:\/\/klubmamgdynia.pl\/index.php\/wp-json\/wp\/v2\/media\/5124"}],"wp:attachment":[{"href":"http:\/\/klubmamgdynia.pl\/index.php\/wp-json\/wp\/v2\/media?parent=5123"}],"wp:term":[{"taxonomy":"product_cat","embeddable":true,"href":"http:\/\/klubmamgdynia.pl\/index.php\/wp-json\/wp\/v2\/product_cat?post=5123"},{"taxonomy":"product_tag","embeddable":true,"href":"http:\/\/klubmamgdynia.pl\/index.php\/wp-json\/wp\/v2\/product_tag?post=5123"}],"curies":[{"name":"wp","href":"https:\/\/api.w.org\/{rel}","templated":true}]}}