{"id":5137,"date":"2025-04-17T21:43:32","date_gmt":"2025-04-17T19:43:32","guid":{"rendered":"http:\/\/klubmamgdynia.pl\/?post_type=product&#038;p=5137"},"modified":"2026-05-17T23:01:00","modified_gmt":"2026-05-17T21:01:00","slug":"ford-oe-szyba-przednia-1778416","status":"publish","type":"product","link":"http:\/\/klubmamgdynia.pl\/index.php\/produkt\/ford-oe-szyba-przednia-1778416\/","title":{"rendered":"Ford Oe Szyba Przednia 1778416"},"content":{"rendered":"<p>Szyba przednia FordNumer katalogowy cz\u0119sci: 1778416Numer producenta: 1778416Szyba przednia FordKolor: zielonyPrzeszklenie: Przeszklenie akustyczne (redukcja ha\u0142asu),z mocowaniem lusterka,ogrzewany,z przygotowaniem do czujnika deszczu,z przygotowaniem pod czujnik \u015bwiat\u0142a,dla asystenta toru jazdy,z sitodrukiemNumer artyku\u0142u zalecanego dodatku: 250020804,250020805,250020806,250020807,250021733Zamienniki:1778416W jednym modelu auta, mog\u0105 wyst\u0119powa\u0107 r\u00f3\u017cne warianty cz\u0119\u015bci.W przypadku niepewno\u015bci o w\u0142a\u015bciwy dob\u00f3r cz\u0119\u015bci, zalecana jest weryfikacja wg numeru VIN.<\/p>\n<h2>Ford Oe Szyba Przednia 1778416 Ford OE<\/h2>\n<p>ka\u0142u\u017cy\u015bci, zabawka dla rocznej dziewczynki, bajki do czytania psi patrol, prezenty na roczek dla ch\u0142opca, opowie\u015bci z narni lew czarownica i stara szafa test, znaczenie imiona monika, testy na znaki drogowe, basen \u015bl\u0105sk, mia imie, wzruszaj\u0105ce s\u0142owa dla przyjaci\u00f3\u0142ki, paj\u0105czek na rowerze test, zaproszenia na urodziny dla dzieci do druku, fajne zagadki dla dzieci<\/p>\n<p>yyyyy<\/p>\n<p>&nbsp;<\/p>\n","protected":false},"excerpt":{"rendered":"<p>Szyba przednia FordNumer katalogowy cz\u0119sci: 1778416Numer producenta: 1778416Szyba przednia FordKolor: zielonyPrzeszklenie: Przeszklenie akustyczne (redukcja ha\u0142asu),z mocowaniem lusterka,ogrzewany,z przygotowaniem do czujnika deszczu,z przygotowaniem pod czujnik \u015bwiat\u0142a,dla asystenta toru jazdy,z sitodrukiemNumer artyku\u0142u zalecanego dodatku: 250020804,250020805,250020806,250020807,250021733Zamienniki:1778416W jednym modelu auta, mog\u0105 wyst\u0119powa\u0107 r\u00f3\u017cne warianty cz\u0119\u015bci.W przypadku niepewno\u015bci o w\u0142a\u015bciwy dob\u00f3r cz\u0119\u015bci, zalecana jest weryfikacja wg numeru VIN. Ford Oe [&hellip;]<\/p>\n","protected":false},"featured_media":5138,"comment_status":"closed","ping_status":"open","template":"","meta":[],"product_cat":[1292,1293],"product_tag":[808,861,826],"class_list":["post-5137","product","type-product","status-publish","has-post-thumbnail","hentry","product_cat-ford-oe","product_cat-szyby-przednie","product_tag-imie-mia","product_tag-jak-narysowac-psa","product_tag-prezent-dla-15-latka"],"_links":{"self":[{"href":"http:\/\/klubmamgdynia.pl\/index.php\/wp-json\/wp\/v2\/product\/5137","targetHints":{"allow":["GET"]}}],"collection":[{"href":"http:\/\/klubmamgdynia.pl\/index.php\/wp-json\/wp\/v2\/product"}],"about":[{"href":"http:\/\/klubmamgdynia.pl\/index.php\/wp-json\/wp\/v2\/types\/product"}],"replies":[{"embeddable":true,"href":"http:\/\/klubmamgdynia.pl\/index.php\/wp-json\/wp\/v2\/comments?post=5137"}],"wp:featuredmedia":[{"embeddable":true,"href":"http:\/\/klubmamgdynia.pl\/index.php\/wp-json\/wp\/v2\/media\/5138"}],"wp:attachment":[{"href":"http:\/\/klubmamgdynia.pl\/index.php\/wp-json\/wp\/v2\/media?parent=5137"}],"wp:term":[{"taxonomy":"product_cat","embeddable":true,"href":"http:\/\/klubmamgdynia.pl\/index.php\/wp-json\/wp\/v2\/product_cat?post=5137"},{"taxonomy":"product_tag","embeddable":true,"href":"http:\/\/klubmamgdynia.pl\/index.php\/wp-json\/wp\/v2\/product_tag?post=5137"}],"curies":[{"name":"wp","href":"https:\/\/api.w.org\/{rel}","templated":true}]}}