{"id":515,"date":"2013-09-04T15:29:47","date_gmt":"2013-09-04T13:29:47","guid":{"rendered":"http:\/\/klubmamgdynia.pl\/index.php\/produkt\/mombella-butelka-rose-ppsu-antykolkowa-dla-noworodka-210ml\/"},"modified":"2026-04-04T02:53:37","modified_gmt":"2026-04-04T00:53:37","slug":"mombella-butelka-rose-ppsu-antykolkowa-dla-noworodka-210ml","status":"publish","type":"product","link":"http:\/\/klubmamgdynia.pl\/index.php\/produkt\/mombella-butelka-rose-ppsu-antykolkowa-dla-noworodka-210ml\/","title":{"rendered":"Mombella Butelka Rose Ppsu Antykolkowa Dla Noworodka 210Ml"},"content":{"rendered":"<p>Butelka dla niemowl\u0105t antykolkowa Old roze PPSU 210ml Mombella\u2b50\ufe0f\u2b50\ufe0f\u2b50\ufe0f\u2b50\ufe0f\u2b50Mombella Butelka dla niemowl\u0105t antykolkowa Old roze PPSU 210ml Cechy produktu : \u2714\ufe0f butelka antykolkowa dla noworodka\u2714\ufe0f pojemno\u015b\u0107: 210 ml\u2714\ufe0f rozmiar smoczka: M\u2714\ufe0f butelka wykonana jest z PPSU\u2714\ufe0f smoczek wykonany jest z silikonu\u2714\ufe0f mo\u017cna my\u0107 r\u0119cznie lub w zmywarce (g\u00f3rna p\u00f3\u0142ka)\u2714\ufe0f mo\u017cna wyparza\u0107 we wrz\u0105cej wodzie i sterylizowa\u0107\u2714\ufe0f antykolkowy system przep\u0142ywu powietrza\u2714\ufe0f wkl\u0119s\u0142e dno u\u0142atwiaj\u0105ce chwytanie butelki\u2714\ufe0f szeroka szyjka butelki u\u0142atwiaj\u0105ca mycie (nawet bez u\u017cycia szczotki!)\u2714\ufe0f materia\u0142 wolny od BPA, PVC, o\u0142owiu i ftalan\u00f3wSmoczek w butelkach antykolkowych Mombella swym du\u017cym, okr\u0105g\u0142ym kszta\u0142tem przypomina pier\u015b mamy. Wykonano go z mi\u0119kkiego, przyjemnego w dotyku, a przy tym naturalnie higienicznego silikonu, kt\u00f3ry sw\u0105 struktur\u0105 zbli\u017cony jest do sk\u00f3ry mamy. W ten spos\u00f3b niemowl\u0119 do\u015bwiadcza znajomej blisko\u015bci, jest mniej nerwowe, a dzi\u0119ki temu \u0142atwiej jest mu si\u0119 nauczy\u0107 picia z butelki.Butelka dla noworodka Mombella wyposa\u017cona jest w dwa inteligentnie rozszczelniaj\u0105ce si\u0119 podczas picia otwory wentylacyjne, kt\u00f3re zapewniaj\u0105 sta\u0142y przep\u0142yw mleka redukuj\u0105c ryzyko wyst\u0105pienia kolki.Dziecko karmione piersi\u0105, oddycha nosem. Dzi\u0119ki temu mo\u017ce d\u0142ugo pi\u0107, a powietrze nie dostaje si\u0119 do \u017co\u0142\u0105dka. Kiedy dziecko pije w ten sam spos\u00f3b z tradycyjnej butelki, ci\u015bnienie w jej wn\u0119trzu zmienia si\u0119, bo powietrze wychodzi, ale nie wraca. Po pewnym czasie uniemo\u017cliwia to wydostawanie si\u0119 mleka z butelki dla niemowl\u0105t. Dziecko musi zrobi\u0107 przerw\u0119. W\u00f3wczas du\u017co powietrza dostaje si\u0119 do \u017co\u0142\u0105dka niemowl\u0119cia, a rodzic mo\u017ce zaobserwowa\u0107, jak powietrze (b\u0105belki) wdziera si\u0119 te\u017c do butelki.Butelka antykolkowa Breast Shape pomaga wyr\u00f3wna\u0107 ci\u015bnienie wewn\u0105trz butelki, utrzymuje p\u0142ynny przep\u0142yw mleka i sprawia, \u017ce dziecko mo\u017ce uchwyci\u0107 smoczek pe\u0142nymi ustami, niczym pier\u015b i oddycha\u0107 przy tym nosem, jak podczas karmienia piersi\u0105.Butelka dla noworodka Mombella ma dwa otwory wentylacyjne, kt\u00f3re zapewniaj\u0105 p\u0142ynn\u0105 cyrkulacj\u0119 powietrza w butelce, pomagaj\u0105c zredukowa\u0107 kolki, odbijanie i wiatry.Po rozkr\u0119ceniu ka\u017cd\u0105 cz\u0119\u015b\u0107 butelki \u0142atwo wymyjemy. Szeroka szyjka butelki pozwoli nam dotrze\u0107 w ka\u017cde, wymagaj\u0105ce umycia miejsce. Nie musimy w tym celu u\u017cywa\u0107 szczotki.Materia\u0142, z kt\u00f3rego wykonano butelk\u0119 jest bowiem odporny na wysokie temperatury oraz zmiany ci\u015bnienia. Ma wi\u0119ksz\u0105 odporno\u015b\u0107 na sterylizacj\u0119, ale tak\u017ce na uderzenia, ni\u017c materia\u0142y takie jak PSU czy PES. Mombella stawia na najwy\u017csz\u0105 jako\u015b\u0107. Wszystko to z my\u015bl\u0105 o zdrowiu i bezpiecze\u0144stwie dziecka, ale tak\u017ce wygodzie rodzica.<\/p>\n<h2>Mombella Butelka Rose Ppsu Antykolkowa Dla Noworodka 210Ml Mombella<\/h2>\n<p>kolorowanka lol surprise, ko\u0142ysanki dla dzieci tekst, kwiatek kwiaty do druku szablony, bezwarunkowa mi\u0142o\u015b\u0107 do dziecka cytaty, peppa kolorowanka, dalia imi\u0119, kolorowanki do wydruku postacie z bajek, dla nastolatk\u00f3w prezenty, nietypowe imiona, quizy ortograficzne trudne, zagadki matematyczne na logik\u0119, halloween dla dzieci warszawa 2021, trudne zagadki, bursztynek, nauka zegara do druku, prosta zagadka, quiz samochodowy, bajki o ksi\u0119\u017cniczkach do czytania, rozalia imi\u0119, cytat dla mamy<\/p>\n<p>yyyyy<\/p>\n<p>&nbsp;<\/p>\n","protected":false},"excerpt":{"rendered":"<p>Butelka dla niemowl\u0105t antykolkowa Old roze PPSU 210ml Mombella\u2b50\ufe0f\u2b50\ufe0f\u2b50\ufe0f\u2b50\ufe0f\u2b50Mombella Butelka dla niemowl\u0105t antykolkowa Old roze PPSU 210ml Cechy produktu : \u2714\ufe0f butelka antykolkowa dla noworodka\u2714\ufe0f pojemno\u015b\u0107: 210 ml\u2714\ufe0f rozmiar smoczka: M\u2714\ufe0f butelka wykonana jest z PPSU\u2714\ufe0f smoczek wykonany jest z silikonu\u2714\ufe0f mo\u017cna my\u0107 r\u0119cznie lub w zmywarce (g\u00f3rna p\u00f3\u0142ka)\u2714\ufe0f mo\u017cna wyparza\u0107 we wrz\u0105cej wodzie i [&hellip;]<\/p>\n","protected":false},"featured_media":516,"comment_status":"closed","ping_status":"open","template":"","meta":[],"product_cat":[195,194],"product_tag":[754,783,581],"class_list":["post-515","product","type-product","status-publish","has-post-thumbnail","hentry","product_cat-butelki","product_cat-mombella","product_tag-dyplomy-do-wydrukowania-a4","product_tag-prezenty-na-roczek-dla-chlopca","product_tag-zagadki-dla-8-latka"],"_links":{"self":[{"href":"http:\/\/klubmamgdynia.pl\/index.php\/wp-json\/wp\/v2\/product\/515","targetHints":{"allow":["GET"]}}],"collection":[{"href":"http:\/\/klubmamgdynia.pl\/index.php\/wp-json\/wp\/v2\/product"}],"about":[{"href":"http:\/\/klubmamgdynia.pl\/index.php\/wp-json\/wp\/v2\/types\/product"}],"replies":[{"embeddable":true,"href":"http:\/\/klubmamgdynia.pl\/index.php\/wp-json\/wp\/v2\/comments?post=515"}],"wp:featuredmedia":[{"embeddable":true,"href":"http:\/\/klubmamgdynia.pl\/index.php\/wp-json\/wp\/v2\/media\/516"}],"wp:attachment":[{"href":"http:\/\/klubmamgdynia.pl\/index.php\/wp-json\/wp\/v2\/media?parent=515"}],"wp:term":[{"taxonomy":"product_cat","embeddable":true,"href":"http:\/\/klubmamgdynia.pl\/index.php\/wp-json\/wp\/v2\/product_cat?post=515"},{"taxonomy":"product_tag","embeddable":true,"href":"http:\/\/klubmamgdynia.pl\/index.php\/wp-json\/wp\/v2\/product_tag?post=515"}],"curies":[{"name":"wp","href":"https:\/\/api.w.org\/{rel}","templated":true}]}}