{"id":5157,"date":"2015-02-26T01:59:22","date_gmt":"2015-02-26T00:59:22","guid":{"rendered":"http:\/\/klubmamgdynia.pl\/index.php\/produkt\/logit-rejestrator-jazdy-kamera-cofania-full-hd-przod-tyl\/"},"modified":"2026-04-26T16:57:59","modified_gmt":"2026-04-26T14:57:59","slug":"logit-rejestrator-jazdy-kamera-cofania-full-hd-przod-tyl","status":"publish","type":"product","link":"http:\/\/klubmamgdynia.pl\/index.php\/produkt\/logit-rejestrator-jazdy-kamera-cofania-full-hd-przod-tyl\/","title":{"rendered":"Logit Rejestrator Jazdy Kamera Cofania Full Hd Prz\u00f3d Ty\u0142"},"content":{"rendered":"<p>Rejestrator Jazdy Kamera Cofania Full Hd Prz\u00f3d Ty\u0142<\/p>\n<h2>Logit Rejestrator Jazdy Kamera Cofania Full Hd Prz\u00f3d Ty\u0142 <\/h2>\n<p>najlepsze zagadki, kolorowanka lato, asiunia &#8211; test z lektury pdf, kornelia, matylda imie, gry edukacyjne dla dzieci online za darmo, carmen imie, quiz minecraft, prima aprilis zarty, traktor z przyczep\u0105 kolorowanka do druku, cytaty ma\u0142y ksi\u0105\u017ce, kolorowanki pokemon do druku, zagadki z odpowiedziami dla dzieci, quizy dla dzieci 10 lat, kolorowanki do druku kotki, zadania logiczne dla dzieci, zagdki, sentencje o przyja\u017ani, kolorowanki do druku dla dzieci, dyplomy do wydrukowania a4, jak narysowa\u0107 pikachu<\/p>\n<p>yyyyy<\/p>\n<p>&nbsp;<\/p>\n","protected":false},"excerpt":{"rendered":"<p>Rejestrator Jazdy Kamera Cofania Full Hd Prz\u00f3d Ty\u0142 Logit Rejestrator Jazdy Kamera Cofania Full Hd Prz\u00f3d Ty\u0142 najlepsze zagadki, kolorowanka lato, asiunia &#8211; test z lektury pdf, kornelia, matylda imie, gry edukacyjne dla dzieci online za darmo, carmen imie, quiz minecraft, prima aprilis zarty, traktor z przyczep\u0105 kolorowanka do druku, cytaty ma\u0142y ksi\u0105\u017ce, kolorowanki pokemon [&hellip;]<\/p>\n","protected":false},"featured_media":5158,"comment_status":"closed","ping_status":"open","template":"","meta":[],"product_cat":[893],"product_tag":[642,637,704],"class_list":["post-5157","product","type-product","status-publish","has-post-thumbnail","hentry","product_cat-kamery-samochodowe","product_tag-mia-imie","product_tag-niech-zyja-wakacje-tekst","product_tag-prezent-dla-nastolatka"],"_links":{"self":[{"href":"http:\/\/klubmamgdynia.pl\/index.php\/wp-json\/wp\/v2\/product\/5157","targetHints":{"allow":["GET"]}}],"collection":[{"href":"http:\/\/klubmamgdynia.pl\/index.php\/wp-json\/wp\/v2\/product"}],"about":[{"href":"http:\/\/klubmamgdynia.pl\/index.php\/wp-json\/wp\/v2\/types\/product"}],"replies":[{"embeddable":true,"href":"http:\/\/klubmamgdynia.pl\/index.php\/wp-json\/wp\/v2\/comments?post=5157"}],"wp:featuredmedia":[{"embeddable":true,"href":"http:\/\/klubmamgdynia.pl\/index.php\/wp-json\/wp\/v2\/media\/5158"}],"wp:attachment":[{"href":"http:\/\/klubmamgdynia.pl\/index.php\/wp-json\/wp\/v2\/media?parent=5157"}],"wp:term":[{"taxonomy":"product_cat","embeddable":true,"href":"http:\/\/klubmamgdynia.pl\/index.php\/wp-json\/wp\/v2\/product_cat?post=5157"},{"taxonomy":"product_tag","embeddable":true,"href":"http:\/\/klubmamgdynia.pl\/index.php\/wp-json\/wp\/v2\/product_tag?post=5157"}],"curies":[{"name":"wp","href":"https:\/\/api.w.org\/{rel}","templated":true}]}}