{"id":5159,"date":"2025-02-19T08:56:53","date_gmt":"2025-02-19T07:56:53","guid":{"rendered":"http:\/\/klubmamgdynia.pl\/?post_type=product&#038;p=5159"},"modified":"2026-05-17T22:29:04","modified_gmt":"2026-05-17T20:29:04","slug":"ford-oe-szyba-przednia-2263664","status":"publish","type":"product","link":"http:\/\/klubmamgdynia.pl\/index.php\/produkt\/ford-oe-szyba-przednia-2263664\/","title":{"rendered":"Ford Oe Szyba Przednia 2263664"},"content":{"rendered":"<p>Szyba przednia FordNumer katalogowy cz\u0119sci: 2263664Numer producenta: 2263664Szyba przednia FordKolor: zielonyPrzeszklenie: Przeszklenie akustyczne (redukcja ha\u0142asu),z okienkiem do podgl\u0105du numeru nadwozia VINProdukt: Nowy oryginalnyZamienniki:2263664W jednym modelu auta, mog\u0105 wyst\u0119powa\u0107 r\u00f3\u017cne warianty cz\u0119\u015bci.W przypadku niepewno\u015bci o w\u0142a\u015bciwy dob\u00f3r cz\u0119\u015bci, zalecana jest weryfikacja wg numeru VIN.<\/p>\n<h2>Ford Oe Szyba Przednia 2263664 Ford OE<\/h2>\n<p>zagadki matematyczne na logik\u0119, zagadki \u015bmieszne, by\u0142 sobie kr\u00f3l, \u015bwinka peppa kolorowanka do druku<\/p>\n<p>yyyyy<\/p>\n<p>&nbsp;<\/p>\n","protected":false},"excerpt":{"rendered":"<p>Szyba przednia FordNumer katalogowy cz\u0119sci: 2263664Numer producenta: 2263664Szyba przednia FordKolor: zielonyPrzeszklenie: Przeszklenie akustyczne (redukcja ha\u0142asu),z okienkiem do podgl\u0105du numeru nadwozia VINProdukt: Nowy oryginalnyZamienniki:2263664W jednym modelu auta, mog\u0105 wyst\u0119powa\u0107 r\u00f3\u017cne warianty cz\u0119\u015bci.W przypadku niepewno\u015bci o w\u0142a\u015bciwy dob\u00f3r cz\u0119\u015bci, zalecana jest weryfikacja wg numeru VIN. Ford Oe Szyba Przednia 2263664 Ford OE zagadki matematyczne na logik\u0119, zagadki [&hellip;]<\/p>\n","protected":false},"featured_media":5160,"comment_status":"closed","ping_status":"open","template":"","meta":[],"product_cat":[1292,1293],"product_tag":[834,734,732,640,701],"class_list":["post-5159","product","type-product","status-publish","has-post-thumbnail","hentry","product_cat-ford-oe","product_cat-szyby-przednie","product_tag-bajka-do-czytania-na-dobranoc","product_tag-milan-imie","product_tag-prezent-dla-rocznego-chlopca","product_tag-prezent-dla-rocznej-dziewczynki","product_tag-zgadywanki-dla-dzieci"],"_links":{"self":[{"href":"http:\/\/klubmamgdynia.pl\/index.php\/wp-json\/wp\/v2\/product\/5159","targetHints":{"allow":["GET"]}}],"collection":[{"href":"http:\/\/klubmamgdynia.pl\/index.php\/wp-json\/wp\/v2\/product"}],"about":[{"href":"http:\/\/klubmamgdynia.pl\/index.php\/wp-json\/wp\/v2\/types\/product"}],"replies":[{"embeddable":true,"href":"http:\/\/klubmamgdynia.pl\/index.php\/wp-json\/wp\/v2\/comments?post=5159"}],"wp:featuredmedia":[{"embeddable":true,"href":"http:\/\/klubmamgdynia.pl\/index.php\/wp-json\/wp\/v2\/media\/5160"}],"wp:attachment":[{"href":"http:\/\/klubmamgdynia.pl\/index.php\/wp-json\/wp\/v2\/media?parent=5159"}],"wp:term":[{"taxonomy":"product_cat","embeddable":true,"href":"http:\/\/klubmamgdynia.pl\/index.php\/wp-json\/wp\/v2\/product_cat?post=5159"},{"taxonomy":"product_tag","embeddable":true,"href":"http:\/\/klubmamgdynia.pl\/index.php\/wp-json\/wp\/v2\/product_tag?post=5159"}],"curies":[{"name":"wp","href":"https:\/\/api.w.org\/{rel}","templated":true}]}}