{"id":5169,"date":"2011-02-08T08:46:47","date_gmt":"2011-02-08T07:46:47","guid":{"rendered":"http:\/\/klubmamgdynia.pl\/index.php\/produkt\/powermat-prostownik-mikroprocesorowy-akumulatorowy-6-12v-pm-pm-40b\/"},"modified":"2026-04-06T02:11:37","modified_gmt":"2026-04-06T00:11:37","slug":"powermat-prostownik-mikroprocesorowy-akumulatorowy-6-12v-pm-pm-40b","status":"publish","type":"product","link":"http:\/\/klubmamgdynia.pl\/index.php\/produkt\/powermat-prostownik-mikroprocesorowy-akumulatorowy-6-12v-pm-pm-40b\/","title":{"rendered":"Powermat Prostownik Mikroprocesorowy Akumulatorowy 6\/12V Pm-Pm-40B"},"content":{"rendered":"<p>DANE TECHNICZNE marka: POWERMAT model: PM-PM-40B napi\u0119cie znamionowe: 230V \/ 50 Hz obs\u0142ugiwane napi\u0119cia akumulator\u00f3w: 6V \/ 12V (pulse dynamic) identyfikacja napi\u0119cia dla 6V: 2V &#8211; 7,4V identyfikacja napi\u0119cia dla 12V: 8V &#8211; 14,5V pojemno\u015b\u0107 akumulatora 6V\/12V: 6Ah &#8211; 200Ah nat\u0119\u017cenie \u0142adowania: 0A &#8211; 15A proces \u0142adowania: 8-stopniowy (inteligentny lub szybki) temperatura pracy: -30\u00b0C &#8211; 50\u00b0C efektywno\u015b\u0107: 98% obs\u0142uguje akumulatory: VRLA, WET, GEL, EFB, AGM wbudowany wentylator sterowany przez MCU waga netto: 0,87kg d\u0142ugo\u015b\u0107 przewodu zasilaj\u0105cego: 136cm d\u0142ugo\u015b\u0107 przewod\u00f3w &#8222;+&#8221; i &#8222;-&#8222;: 120cm TECHNOLOGIA MCU (MICROCONTROLLER UNIT); PWM (PULSE-WIDTH MODULATION), LCD. WYPOSA\u017bENIE prostownik oryginalne pude\u0142ko instrukcja obs\u0142ugi INTELIGENTNE TRYBY PRACY ZALETY STEROWANIA MIKROPROCESOROWEGO Constant Voltage (Sta\u0142e napi\u0119cie): U\u017cycie napi\u0119cia sta\u0142ego do \u0142adowania akumulatora sprawdzaj\u0105c czy pr\u0105d \u0142adowania nie jest za wysoki zmniejszaj\u0105c go w trakcie procesu. Constant Current (Sta\u0142y pr\u0105d): Oznacza, \u017ce napi\u0119cie akumulatora jest ni\u017csze ni\u017c ustawione napi\u0119cie \u0142adowarki, ale \u0142adowarka b\u0119dzie podtrzymywa\u0107 sta\u0142y pr\u0105d \u0142adowania akumulatora. Trickle Charge Modulation (\u0141adowanie pr\u0105dem sta\u0142ym): Kiedy napi\u0119cie akumulatora zbli\u017ca si\u0119 do napi\u0119cia znamionowego i pr\u0105d \u0142adowania jest ju\u017c niski do ustawionego pr\u0105du, prze\u0142\u0105czy si\u0119 w tryb do\u0142adowania p\u0142ywaj\u0105cego (floating charge modulation). Oznacza to, \u017ce akumulator jest na\u0142adowany, ale jest sprawdzany ci\u0105gle pod wzgl\u0119dem spadk\u00f3w napi\u0119cia i do\u0142adowywany automatycznie pr\u0105dem zmiennym. Floating Charge Modulation (\u0141adowanie pr\u0105dem zmiennym): Tryb b\u0119dzie utrzymywa\u0107 stan pe\u0142nego na\u0142adowania akumulatora. 8-ETAPOWE \u0141ADOWANIE ETAP 1: DIAGNOSTYKA: analiza akumulatora, jego stanu na\u0142adowania oraz poprawno\u015bci po\u0142\u0105cze\u0144 pomi\u0119dzy akumulatorem i prostownikiem. ETAP 2: ODSIARCZANIE: rozpoznanie zasiarczonego akumulatora, \u0142adowanie pr\u0105dem pulsuj\u0105cym o niskim napi\u0119ciu i wysokim nat\u0119\u017ceniu umo\u017cliwia usuni\u0119cie siarczanu z p\u0142ytek akumulatora, dzi\u0119ki czemu zostaje przywr\u00f3cona jego pocz\u0105tkowa pojemno\u015b\u0107. ETAP 3: ANALIZA: sprawdzenie czy akumulator nie jest uszkodzony i czy mo\u017ce przyj\u0105\u0107 pr\u0105d \u0142adowania &#8211; zapobiega \u0142adowaniu uszkodzonego akumulatora. ETAP 4: MI\u0118KKI START: je\u015bli akumulator nie jest uszkodzony rozpoczyna si\u0119 \u0142adowanie pr\u0105dem o stosunkowo niskim nat\u0119\u017ceniu (ok 15%), stopniowo zwi\u0119kszaj\u0105c jego warto\u015b\u0107. ETAP 5: \u0141ADOWANIE ZASADNICZE: \u0142adowanie pr\u0105dem maksymalnym o sta\u0142ym nat\u0119\u017ceniu o warto\u015bci regulowanej automatycznie w zale\u017cno\u015bci od stanu na\u0142adowania akumulatora, do czasu osi\u0105gni\u0119cia 80% pojemno\u015bci akumulatora. ETAP 6: \u0141ADOWANIE KO\u0143COWE: \u0142adowanie pr\u0105dem o malej\u0105cym nat\u0119\u017ceniu i sta\u0142ym napi\u0119ciu do osi\u0105gni\u0119cia 100% pojemno\u015bci akumulatora. ETAP 7: ANALIZA: trwaj\u0105cy oko\u0142o 2 minut test na\u0142adowania akumulatora \u2013 je\u015bli po zatrzymaniu \u0142adowania poziom na\u0142adowania akumulatora nie spada, proces \u0142adowania zostaje zako\u0144czony. ETAP 8: PULSOWANIE: monitorowanie napi\u0119cia akumulatora i utrzymywanie optymalnego na\u0142adowania na poziomie 95-100% pojemno\u015bci poprzez impulsy pr\u0105du \u0142adowania. STEROWANIE MCU (MIKROPROCESOROWE) FUNKCJE BEZPIECZE\u0143STWA Ochrona przeciwprzepi\u0119ciowa &#8211; ochrona w\u0142\u0105cza si\u0119 przy ustawieniu napi\u0119cia \u0142adowania innego ni\u017c wykryty parametr. Funkcja diagnostyki akumulatora &#8211; prostownik stale monitoruje stan akumulatora. Overheating protection (Zabezpieczenie przed przegrzaniem \u0142adowarki): Kiedy temperatura \u0142adowarki przekracza 150\u00b0C, \u0142adowarka przestanie \u0142adowa\u0107. Kiedy temperatura zredukuje si\u0119 do 80\u00b0C, lub wy\u0142\u0105czy si\u0119 prostownik na ok.10 min, po tym czasie mo\u017cna \u0142adowa\u0107 akumulator ponownie. Short-circuit protection (Ochrona przed zwarciem): Kiedy wyst\u0105pi zwarcie w obwodzie nast\u0105pi automatyczne zatrzymanie pracy. Objawi si\u0119 to d\u0142ugim sygna\u0142em d\u017awi\u0119kowym. Wystarczy pod\u0142\u0105czy\u0107 \u0142adowark\u0119 dok\u0142adnie, wtedy nast\u0105pi ponowne automatycznie \u0142adowanie. Reverse-connecting protection (Ochrona przed odwrotnym pod\u0142\u0105czeniem): Podczas, gdy zaciski (+\/-) zostan\u0105 przez pomy\u0142k\u0119 pod\u0142\u0105czone na odwr\u00f3t, \u0142adowarka zaalarmuje to w postaci przerywanych d\u0142ugich sygna\u0142\u00f3w d\u017awi\u0119kowych. Po prawid\u0142owym pod\u0142\u0105czeniu zacisk\u00f3w nast\u0105pi ponowne \u0142adowanie. NOWOCZESNA TECHNOLOGIA \u0141ADOWANIA PWM ZA POMOC\u0104 MCU Prostownik PM-PM-40B marki Powermat to pierwsza na rynku \u0142adowarka akumlator\u00f3w z mikroprocesorowym systemem kontroli i sterowania w technologii PWM z mo\u017cliwo\u015bci\u0105 \u0142adowania akumulator\u00f3w 6V i 12V, kt\u00f3ra inteligentnie i konkretnie dobierze odpowiednie parametry sprawiaj\u0105c, \u017ce Tw\u00f3j roz\u0142adowany i zaniedbany akumulator zostanie zregenerowany. Inteligentne rekondycjonowanie akumulatora odbywa si\u0119 poprzez ci\u0105g\u0142y test systemu i prze\u0142\u0105czania \u0142adowania w 4 trybach (Constant Voltage; Constant Current; Trickle Charge Modulation; Floating Charge Modulation). \u0141adowanie w trybie inteligentnym (SMART) nie potrzebuje Twojej uwagi, gdy\u017c wszystkie programy steruj\u0105ce procesem \u0142adowania zosta\u0142y bardzo dok\u0142adnie zaprojektowane do odpowiednich rodzaj\u00f3w akumulator\u00f3w i ich znamionowych napi\u0119\u0107 w celu najdok\u0142adniejszego doprowadzenia ich do idealnej kondycji. W modelu PM-PM-40B system autowykrywania napi\u0119cia 6V\/12V nie wymaga od u\u017cytkownika ustawienia odpowiedniej warto\u015bci na panelu sterowania. PWM (ang. Pulse-Width Modulation) \u2013 to metoda regulacji sygna\u0142u pr\u0105dowego lub napi\u0119ciowego, o sta\u0142ej amplitudzie i cz\u0119stotliwo\u015bci, polegaj\u0105ca na zmianie wype\u0142nienia sygna\u0142u. Uk\u0142ad PWM zasila urz\u0105dzenie bezpo\u015brednio lub przez filtr dolnoprzepustowy wyg\u0142adzaj\u0105cy zmiany nat\u0119\u017cenia pr\u0105du elektrycznego i napi\u0119cia. Wy\u015bwietlanie procentowego na\u0142adowania umo\u017cliwia dodatkow\u0105 kontrol\u0119 stanu swojego akumulatora. Du\u017cy wy\u015bwietlacz informuje o aktualnym stanie na\u0142adowania wy\u015bwietlaj\u0105c informacje w systemie procentowym. Bardzo wysoka efektywno\u015b\u0107 \u0142adowania przy temperaturach dodatnich. Za pomoc\u0105 zaawansowanego sterowania procesami \u0142adowania efektywno\u015b\u0107 prostownika wynosi 98%, co sprawia \u017ce jest on niepor\u00f3wnywalny z tradycyjnymi typami prostownik\u00f3w bez tego rodzaju technologii.<\/p>\n<h2>Powermat Prostownik Mikroprocesorowy Akumulatorowy 6\/12V Pm-Pm-40B Powermat<\/h2>\n<p>imie paula, zagadki o owocach, wszystkie kraje \u015bwiata quiz, nowe quizy do rozwi\u0105zania, zabawy dla 10 latka, maska karnawa\u0142owa pdf, lol kolorowanki do druku, pomys\u0142 na prezent dla nastolatki, wroc\u0142aw atrakcje dla m\u0142odzie\u017cy, zagadki wielkanocne dla dzieci, co na roczek dla ch\u0142opca, prezent na roczek nie zabawka, maska wilka szablon, zagadki wiosenne dla dzieci, kolorowanka kotek, dobre zagadki logiczne, \u0142ama\u0144ce j\u0119zykowe dla dzieci, jak narysowa\u0107 anio\u0142ka<\/p>\n<p>yyyyy<\/p>\n<p>&nbsp;<\/p>\n","protected":false},"excerpt":{"rendered":"<p>DANE TECHNICZNE marka: POWERMAT model: PM-PM-40B napi\u0119cie znamionowe: 230V \/ 50 Hz obs\u0142ugiwane napi\u0119cia akumulator\u00f3w: 6V \/ 12V (pulse dynamic) identyfikacja napi\u0119cia dla 6V: 2V &#8211; 7,4V identyfikacja napi\u0119cia dla 12V: 8V &#8211; 14,5V pojemno\u015b\u0107 akumulatora 6V\/12V: 6Ah &#8211; 200Ah nat\u0119\u017cenie \u0142adowania: 0A &#8211; 15A proces \u0142adowania: 8-stopniowy (inteligentny lub szybki) temperatura pracy: -30\u00b0C &#8211; [&hellip;]<\/p>\n","protected":false},"featured_media":5170,"comment_status":"closed","ping_status":"open","template":"","meta":[],"product_cat":[1307,1308],"product_tag":[845,682,803,675,628],"class_list":["post-5169","product","type-product","status-publish","has-post-thumbnail","hentry","product_cat-powermat","product_cat-prostowniki-do-akumulatorow","product_tag-ach-spij-kochanie-tekst","product_tag-przyjazn-cytaty","product_tag-szlaczki-do-druku","product_tag-test-z-lektury-kajko-i-kokosz-szkola-latania","product_tag-zagadka"],"_links":{"self":[{"href":"http:\/\/klubmamgdynia.pl\/index.php\/wp-json\/wp\/v2\/product\/5169","targetHints":{"allow":["GET"]}}],"collection":[{"href":"http:\/\/klubmamgdynia.pl\/index.php\/wp-json\/wp\/v2\/product"}],"about":[{"href":"http:\/\/klubmamgdynia.pl\/index.php\/wp-json\/wp\/v2\/types\/product"}],"replies":[{"embeddable":true,"href":"http:\/\/klubmamgdynia.pl\/index.php\/wp-json\/wp\/v2\/comments?post=5169"}],"wp:featuredmedia":[{"embeddable":true,"href":"http:\/\/klubmamgdynia.pl\/index.php\/wp-json\/wp\/v2\/media\/5170"}],"wp:attachment":[{"href":"http:\/\/klubmamgdynia.pl\/index.php\/wp-json\/wp\/v2\/media?parent=5169"}],"wp:term":[{"taxonomy":"product_cat","embeddable":true,"href":"http:\/\/klubmamgdynia.pl\/index.php\/wp-json\/wp\/v2\/product_cat?post=5169"},{"taxonomy":"product_tag","embeddable":true,"href":"http:\/\/klubmamgdynia.pl\/index.php\/wp-json\/wp\/v2\/product_tag?post=5169"}],"curies":[{"name":"wp","href":"https:\/\/api.w.org\/{rel}","templated":true}]}}