{"id":5217,"date":"2014-09-10T07:51:59","date_gmt":"2014-09-10T05:51:59","guid":{"rendered":"http:\/\/klubmamgdynia.pl\/index.php\/produkt\/viofo-kamera-samochodowa-t130-3ch\/"},"modified":"2026-04-24T13:23:26","modified_gmt":"2026-04-24T11:23:26","slug":"viofo-kamera-samochodowa-t130-3ch","status":"publish","type":"product","link":"http:\/\/klubmamgdynia.pl\/index.php\/produkt\/viofo-kamera-samochodowa-t130-3ch\/","title":{"rendered":"Viofo Kamera Samochodowa T130 3Ch"},"content":{"rendered":"<p>Produkt z kategorii &#8222;Poczekalnia&#8221;, wi\u0119cej informacji ju\u017c wkr\u00f3tce.Cena produktu nie zosta\u0142a jeszcze ustalona.Kamera samochodowa VIOFO T130 w pigu\u0142ceZestaw 3 kamer stanowi kompleksowe rozwi\u0105zanie do monitoringu pojazdu.\u0141atwe ustawienie k\u0105ta widzenia dzi\u0119ki oddzielnej regulacji wszystkich kamer oraz podgl\u0105dowi zdalnemu.Wyposa\u017cona w superwydajny przetwornik obrazu Sony Starvis w module g\u0142\u00f3wnym oraz tylnym. Modu\u0142 wewn\u0119trzny posiada sensor Omnivision Nyxel, zoptymalizowany do pracy z diodami podczerwieni.Rejestruj to, co dzieje si\u0119 w poje\u017adzie nawet w trudnych warunkach o\u015bwietleniowych dzi\u0119ki do\u015bwietleniu diodami IR.Kamera wewn\u0119trzna z mo\u017cliwo\u015bci\u0105 uchylenia w lew\u0105 stron\u0119 pozwoli \u0142atwo zarejestrowa\u0107 przebieg ewentualnej kontroli drogowej.Rejestrator polecany jest m. in. do samochod\u00f3w nauki jazdy, taks\u00f3wek oraz pojazd\u00f3w komunikacji zbiorowej.Aktywny tryb parkingowy zadba o kompleksowy monitoring Twojego pojazdu na zewn\u0105trz i od \u015brodka tak\u017ce podczas postoju (funkcja wymaga pod\u0142\u0105czenia do sta\u0142ego zasilania za pomoc\u0105 dedykowanego adaptera zasilania).Pobieraj pliki video z kamery do swojego telefonu za po\u015brednictwem wydajnego modu\u0142u WiFi oraz bezp\u0142atnej, spolszczonej aplikacji VIOFO App na smartfony.Zobacz szczeg\u00f3\u0142owy opis funkcjonalnyPrezentacja rejestratora jazdy VIOFO T130Zapraszamy do zapoznania si\u0119 ze szczeg\u00f3\u0142ow\u0105 wideoprezentacj\u0105 rejestratora VIOFO T130 opublikowan\u0105 na naszym blogu oraz kanale YouTube: link wkr\u00f3tceJako\u015b\u0107 nagra\u0144Testowe nagrania z kamery VIOFO T130 znajdziesz na dedykowanej playli\u015bcie na naszym kanale YouTube: link wkr\u00f3tceSurowe pliki videoPobierz surowe pliki video skopiowane bezpo\u015brednio z kamery VIOFO T130 i sprawd\u017a rzeczywist\u0105 jako\u015b\u0107 obrazu bez wp\u0142ywu stratnej kompresji video stosowanej przez serwis YouTube: link wkr\u00f3tceKontroluj kamer\u0119 bezprzewodowo przez WiFi i BluetoothDzi\u0119ki zintegrowanym w kamerze modu\u0142om WiFi oraz Bluetooth zyskujesz mo\u017cliwo\u015b\u0107 wygodnego kontrolowania urz\u0105dzenia bezprzewodowo. Wideorejestrator VIOFO T130 nie posiada wy\u015bwietlacza LCD, dlatego kluczow\u0105 funkcj\u0119 w obs\u0142udze kamery pe\u0142ni dedykowana aplikacja VIOFO App.Pobierz bezp\u0142atnie aplikacj\u0119 VIOFO App na sw\u00f3j smartfon i za po\u015brednictwem odbiornika WiFi zintegrowanego w kamerze zyskaj dost\u0119p do podgl\u0105du z ka\u017cdej kamery na \u017cywo, konfiguracji urz\u0105dzenia oraz zapisanych na karcie pami\u0119ci plik\u00f3w video.Aplikacja VIOFO App do pobrania bezp\u0142atnie z Google Play (Android) oraz App Store (iOS)Przycisk alarmowy EVENTUmie\u015b\u0107 niewielki, dyskretny przycisk w dogodnym punkcie na desce rozdzielczej i zyskaj wygodny dost\u0119p do funkcji zabezpieczania plik\u00f3w przed skasowaniem w kolejnej p\u0119tli wideorejestratora. Idealne rozwi\u0105zanie w razie zaistnienia nietypowego zdarzenia na drodze. Zdalny przycisk alarmowy RM-100 pracuje w technologii Bluetooth i jest dost\u0119pny osobno.Parametry optyczne kamer VIOFO T130Kamery w rejestratorze jazdy VIOFO T130 wyposa\u017cone s\u0105 w wysokiej klasy uk\u0142ad optyczny marki Sony z linii STARVIS oraz szklane, 7-warstwowe soczewki obiektywu. Dzi\u0119ki temu kamery rejestruj\u0105 wyra\u017any, ostry i czytelny obraz video, tak\u017ce w trudnych warunkach o\u015bwietleniowych.Kamera przednia &#8211; max rozdzielczo\u015b\u0107 2560x1440p 30fps (Quad HD 2.5K) &#8211; k\u0105t widzenia obiektywu to 140\u00b0, jasno\u015b\u0107 F\/1.6.Kamera wewn\u0119trzna &#8211; max rozdzielczo\u015b\u0107 1920x1080p 30fps (Full HD) &#8211; k\u0105t widzenia obiektywu to 165\u00b0, jasno\u015b\u0107 F\/1.8.Kamera tylna &#8211; max rozdzielczo\u015b\u0107 1920x1080p 30fps (Full HD) &#8211; k\u0105t widzenia obiektywu to 130\u00b0, jasno\u015b\u0107 F\/1.8.Kompleksowe monitorowanie parkingoweMonitoruj sw\u00f3j pojazd ca\u0142odobowo &#8211; podczas jazdy, a tak\u017ce podczas postoju. Wideorejestrator VIOFO T130 posiada 3 automatyczne tryby parkingowe pomocne w rejestrowaniu zdarze\u0144 wok\u00f3\u0142 zaparkowanego pojazdu. T130 stanowi jedno z najlepszych rozwi\u0105za\u0144 do kompleksowego monitorowania postojowego.Tryby parkingowe w VIOFO T130Tryb parkingowy Low-Bitrate &#8211; najbardziej polecany tryb, kt\u00f3ry zarejestruje absolutnie wszystkie zdarzenia podczas postoju auta. W trybie Low-Bitrate kamera rejestruje obraz w spos\u00f3b nieprzerwany ze wszystkich trzech kamer jednocze\u015bnie, ale z nieco obni\u017con\u0105 jako\u015bci\u0105 obrazu. Dzi\u0119ki temu zabiegowi, na karcie pami\u0119ci o pojemno\u015bci 256GB zmie\u015bci si\u0119 nawet do 25 godzin nagra\u0144 parkingowych.Tryb parkingowy Time-Lapse &#8211; podobnie jak w trybie Low-Bitrate kamera nagrywa w spos\u00f3b ci\u0105g\u0142y, ale obraz jest poklatkowy (time-lapse). W zale\u017cno\u015bci od ustawie\u0144, kamera rejestruje od 1 do 10 klatek na sekund\u0119 i zapisuje jako plik video. Tryb ten tak\u017ce ma na celu maksymalne zaoszcz\u0119dzenie dost\u0119pnej przestrzeni na karcie pami\u0119ci.Tryb parkingowy Auto Event Detection &#8211; tryb detekcji ruchu i wstrz\u0105s\u00f3w, w kt\u00f3rym wideorejestrator zapisuje plik video tylko po wykryciu ruchu (z kt\u00f3rejkolwiek z kamer) lub uderzenia, czy wstrz\u0105su.Jak aktywowany jest tryb parkingowy?Aby wykorzysta\u0107 funkcjonalno\u015b\u0107 parkingow\u0105 VIOFO T130 wymagane jest pod\u0142\u0105czenie urz\u0105dzenia do sta\u0142ego zasilania za pomoc\u0105 dedykowanego adaptera zasilania VIOFO Hardwire Kit HK3-C (dost\u0119pny osobno). Jest to adapter z dodatkow\u0105 \u017cy\u0142\u0105 zasilaj\u0105c\u0105 &#8222;ACC&#8221;. Co to oznacza? Po w\u0142a\u015bciwym pod\u0142\u0105czeniu adaptera do instalacji elektrycznej samochodu, wideorejestrator b\u0119dzie samoczynnie prze\u0142\u0105cza\u0142 si\u0119 w tryb parkingowy po wy\u0142\u0105czeniu zap\u0142onu (silnika). Z kolei uruchomienie silnika sprawi, \u017ce kamera wznowi normalne nagrywanie w trybie p\u0119tli. Dzi\u0119ki temu rozwi\u0105zaniu, wideorejestrator jest ca\u0142kowicie bezobs\u0142ugowy. Zintegrowany w adapterze zasilania bezpiecznik napi\u0119ciowy z regulacj\u0105 w zakresie od 11.8V\/23.6V do 12.4V\/24.8V zabezpieczy akumulator pojazdu przed nadmiernym roz\u0142adowaniem.Zawarto\u015b\u0107 zestawuKamera VIOFO T130.Kamera tylna.Adapter zasilania wraz ze zintegrowanym przewodem zasilaj\u0105cym z wtykiem USB-C o d\u0142ugo\u015bci ok. 4 metr\u00f3w.Odpinany przew\u00f3d zasilaj\u0105cy kamery tylnej z przewodem obustronnym USB-C o d\u0142ugo\u015bci ok. 6 metr\u00f3w.Przew\u00f3d po\u0142\u0105czeniowy USB-A &#8211; USB-C o d\u0142ugo\u015bci ok. 50 cm.Czytnik kart pami\u0119ci.Zestaw zapasowych naklejek mocuj\u0105cych (do kamery g\u0142\u00f3wnej i tylnej).2 folie antystatyczne u\u0142atwiaj\u0105ce monta\u017c.Szpatu\u0142ka u\u0142atwiaj\u0105ca maskowanie przewod\u00f3w.Polska dystrybucja i gwarancjaWszystkie rejestratory i akcesoria marki VIOFO w naszej ofercie pochodz\u0105 z autoryzowanej polskiej dystrybucji i s\u0105 obj\u0119te 24-miesi\u0119czn\u0105 gwarancj\u0105 (12 miesi\u0119cy w przypadku zakup\u00f3w na faktur\u0119 VAT) udzielan\u0105 i realizowan\u0105 przez autoryzowany serwis VIOFO w Polsce.<\/p>\n<h2>Viofo Kamera Samochodowa T130 3Ch Viofo<\/h2>\n<p>everest psi patrol kolorowanka, kolorowanki do druku zwierz\u0119ta, znaki drogowe quiz, zadania dla dzieci z ukrainy, kolorowanki, fajne zagadki, jak namalowa\u0107 kota, bajka o kreciku, film animowany o \u015bwi\u0119tach, mia, zagadki dla dzieci 7-8 lat, filmy rodzinne na halloween, imi\u0119 r\u00f3\u017ca, zagadki dla ma\u0142ych dzieci, jakie prezenty na roczek, eksperymenty dla dzieci wulkan, kolorowanki do druku dla doros\u0142ych, maska kota<\/p>\n<p>yyyyy<\/p>\n<p>&nbsp;<\/p>\n","protected":false},"excerpt":{"rendered":"<p>Produkt z kategorii &#8222;Poczekalnia&#8221;, wi\u0119cej informacji ju\u017c wkr\u00f3tce.Cena produktu nie zosta\u0142a jeszcze ustalona.Kamera samochodowa VIOFO T130 w pigu\u0142ceZestaw 3 kamer stanowi kompleksowe rozwi\u0105zanie do monitoringu pojazdu.\u0141atwe ustawienie k\u0105ta widzenia dzi\u0119ki oddzielnej regulacji wszystkich kamer oraz podgl\u0105dowi zdalnemu.Wyposa\u017cona w superwydajny przetwornik obrazu Sony Starvis w module g\u0142\u00f3wnym oraz tylnym. Modu\u0142 wewn\u0119trzny posiada sensor Omnivision Nyxel, zoptymalizowany [&hellip;]<\/p>\n","protected":false},"featured_media":5218,"comment_status":"closed","ping_status":"open","template":"","meta":[],"product_cat":[893,892],"product_tag":[817,722,867,705,692,653,779],"class_list":["post-5217","product","type-product","status-publish","has-post-thumbnail","hentry","product_cat-kamery-samochodowe","product_cat-viofo","product_tag-bajka-terapeutyczna-o-emocjach","product_tag-cytaty-o-przyjazni","product_tag-kolorowanki-dla-dziewczynek","product_tag-prezent-na-roczek-dla-chlopca","product_tag-prezenty-na-roczek","product_tag-warszawa-dla-dzieci","product_tag-zarty-na-prima-aprilis-w-domu"],"_links":{"self":[{"href":"http:\/\/klubmamgdynia.pl\/index.php\/wp-json\/wp\/v2\/product\/5217","targetHints":{"allow":["GET"]}}],"collection":[{"href":"http:\/\/klubmamgdynia.pl\/index.php\/wp-json\/wp\/v2\/product"}],"about":[{"href":"http:\/\/klubmamgdynia.pl\/index.php\/wp-json\/wp\/v2\/types\/product"}],"replies":[{"embeddable":true,"href":"http:\/\/klubmamgdynia.pl\/index.php\/wp-json\/wp\/v2\/comments?post=5217"}],"wp:featuredmedia":[{"embeddable":true,"href":"http:\/\/klubmamgdynia.pl\/index.php\/wp-json\/wp\/v2\/media\/5218"}],"wp:attachment":[{"href":"http:\/\/klubmamgdynia.pl\/index.php\/wp-json\/wp\/v2\/media?parent=5217"}],"wp:term":[{"taxonomy":"product_cat","embeddable":true,"href":"http:\/\/klubmamgdynia.pl\/index.php\/wp-json\/wp\/v2\/product_cat?post=5217"},{"taxonomy":"product_tag","embeddable":true,"href":"http:\/\/klubmamgdynia.pl\/index.php\/wp-json\/wp\/v2\/product_tag?post=5217"}],"curies":[{"name":"wp","href":"https:\/\/api.w.org\/{rel}","templated":true}]}}