{"id":5219,"date":"2020-06-15T12:40:04","date_gmt":"2020-06-15T10:40:04","guid":{"rendered":"http:\/\/klubmamgdynia.pl\/index.php\/produkt\/kids-euroswan-szkatulka-na-bizuterie-wow\/"},"modified":"2026-05-03T10:28:18","modified_gmt":"2026-05-03T08:28:18","slug":"kids-euroswan-szkatulka-na-bizuterie-wow","status":"publish","type":"product","link":"http:\/\/klubmamgdynia.pl\/index.php\/produkt\/kids-euroswan-szkatulka-na-bizuterie-wow\/","title":{"rendered":"Kids Euroswan Szkatu\u0142ka Na Bi\u017cuteri\u0119 Wow"},"content":{"rendered":"<h2>Kids Euroswan Szkatu\u0142ka Na Bi\u017cuteri\u0119 Wow Kids Euroswan<\/h2>\n<p>z\u0142ote my\u015bli cytaty o szkole i nauce, z\u0142ote my\u015bli kubu\u015b puchatek cytaty, zadania logiczne, park so\u0142acki, lucjan, dyplomy dla przedszkolak\u00f3w do wydrukowania, ciekawe zagadki, samolot z papieru, test miko\u0142ajek, przysz\u0142a zima bia\u0142a<\/p>\n<p>yyyyy<\/p>\n<p>&nbsp;<\/p>\n","protected":false},"excerpt":{"rendered":"<p>Kids Euroswan Szkatu\u0142ka Na Bi\u017cuteri\u0119 Wow Kids Euroswan z\u0142ote my\u015bli cytaty o szkole i nauce, z\u0142ote my\u015bli kubu\u015b puchatek cytaty, zadania logiczne, park so\u0142acki, lucjan, dyplomy dla przedszkolak\u00f3w do wydrukowania, ciekawe zagadki, samolot z papieru, test miko\u0142ajek, przysz\u0142a zima bia\u0142a yyyyy &nbsp;<\/p>\n","protected":false},"featured_media":5220,"comment_status":"closed","ping_status":"open","template":"","meta":[],"product_cat":[555,1103],"product_tag":[827,801,621,872],"class_list":["post-5219","product","type-product","status-publish","has-post-thumbnail","hentry","product_cat-dzieciece-akcesoria-dekoracyjne","product_cat-kids-euroswan","product_tag-bajki-dla-niemowlat","product_tag-bajki-terapeutyczne-o-emocjach","product_tag-prezenty-roczek","product_tag-zagadki-dla-dzieci-6-lat"],"_links":{"self":[{"href":"http:\/\/klubmamgdynia.pl\/index.php\/wp-json\/wp\/v2\/product\/5219","targetHints":{"allow":["GET"]}}],"collection":[{"href":"http:\/\/klubmamgdynia.pl\/index.php\/wp-json\/wp\/v2\/product"}],"about":[{"href":"http:\/\/klubmamgdynia.pl\/index.php\/wp-json\/wp\/v2\/types\/product"}],"replies":[{"embeddable":true,"href":"http:\/\/klubmamgdynia.pl\/index.php\/wp-json\/wp\/v2\/comments?post=5219"}],"wp:featuredmedia":[{"embeddable":true,"href":"http:\/\/klubmamgdynia.pl\/index.php\/wp-json\/wp\/v2\/media\/5220"}],"wp:attachment":[{"href":"http:\/\/klubmamgdynia.pl\/index.php\/wp-json\/wp\/v2\/media?parent=5219"}],"wp:term":[{"taxonomy":"product_cat","embeddable":true,"href":"http:\/\/klubmamgdynia.pl\/index.php\/wp-json\/wp\/v2\/product_cat?post=5219"},{"taxonomy":"product_tag","embeddable":true,"href":"http:\/\/klubmamgdynia.pl\/index.php\/wp-json\/wp\/v2\/product_tag?post=5219"}],"curies":[{"name":"wp","href":"https:\/\/api.w.org\/{rel}","templated":true}]}}