{"id":5221,"date":"2019-04-05T15:50:45","date_gmt":"2019-04-05T13:50:45","guid":{"rendered":"http:\/\/klubmamgdynia.pl\/index.php\/produkt\/szyba-przednia-czolowa-vw-passat-b4-lift-1995-1996-3a0845091g\/"},"modified":"2026-04-16T23:34:38","modified_gmt":"2026-04-16T21:34:38","slug":"szyba-przednia-czolowa-vw-passat-b4-lift-1995-1996-3a0845091g","status":"publish","type":"product","link":"http:\/\/klubmamgdynia.pl\/index.php\/produkt\/szyba-przednia-czolowa-vw-passat-b4-lift-1995-1996-3a0845091g\/","title":{"rendered":"SZYBA PRZEDNIA CZO\u0141OWA VW PASSAT B4 LIFT 1995-1996 3A0845091G"},"content":{"rendered":"<h2>SZYBA PRZEDNIA CZO\u0141OWA VW PASSAT B4 LIFT 1995-1996 3A0845091G <\/h2>\n<p>wpad\u0142a bomba do piwnicy, dzieci z bullerbyn quiz, liwia imi\u0119, miriam imi\u0119, rzadkie imiona \u017ce\u0144skie polskie, zagadki matematyczne, anio\u0142 rysunek prosty, zdrowe przepisy dla dzieci, prezent dla jedenastolatka<\/p>\n<p>yyyyy<\/p>\n<p>&nbsp;<\/p>\n","protected":false},"excerpt":{"rendered":"<p>SZYBA PRZEDNIA CZO\u0141OWA VW PASSAT B4 LIFT 1995-1996 3A0845091G wpad\u0142a bomba do piwnicy, dzieci z bullerbyn quiz, liwia imi\u0119, miriam imi\u0119, rzadkie imiona \u017ce\u0144skie polskie, zagadki matematyczne, anio\u0142 rysunek prosty, zdrowe przepisy dla dzieci, prezent dla jedenastolatka yyyyy &nbsp;<\/p>\n","protected":false},"featured_media":5222,"comment_status":"closed","ping_status":"open","template":"","meta":[],"product_cat":[1293],"product_tag":[673,780,576],"class_list":["post-5221","product","type-product","status-publish","has-post-thumbnail","hentry","product_cat-szyby-przednie","product_tag-juz-blisko-koleda-tekst","product_tag-krecik-bajka","product_tag-trudne-zagadki"],"_links":{"self":[{"href":"http:\/\/klubmamgdynia.pl\/index.php\/wp-json\/wp\/v2\/product\/5221","targetHints":{"allow":["GET"]}}],"collection":[{"href":"http:\/\/klubmamgdynia.pl\/index.php\/wp-json\/wp\/v2\/product"}],"about":[{"href":"http:\/\/klubmamgdynia.pl\/index.php\/wp-json\/wp\/v2\/types\/product"}],"replies":[{"embeddable":true,"href":"http:\/\/klubmamgdynia.pl\/index.php\/wp-json\/wp\/v2\/comments?post=5221"}],"wp:featuredmedia":[{"embeddable":true,"href":"http:\/\/klubmamgdynia.pl\/index.php\/wp-json\/wp\/v2\/media\/5222"}],"wp:attachment":[{"href":"http:\/\/klubmamgdynia.pl\/index.php\/wp-json\/wp\/v2\/media?parent=5221"}],"wp:term":[{"taxonomy":"product_cat","embeddable":true,"href":"http:\/\/klubmamgdynia.pl\/index.php\/wp-json\/wp\/v2\/product_cat?post=5221"},{"taxonomy":"product_tag","embeddable":true,"href":"http:\/\/klubmamgdynia.pl\/index.php\/wp-json\/wp\/v2\/product_tag?post=5221"}],"curies":[{"name":"wp","href":"https:\/\/api.w.org\/{rel}","templated":true}]}}