{"id":5229,"date":"2016-07-19T00:41:15","date_gmt":"2016-07-18T22:41:15","guid":{"rendered":"http:\/\/klubmamgdynia.pl\/index.php\/produkt\/nokian-tyres-powerproof-225-45r17-91y\/"},"modified":"2026-04-08T22:06:18","modified_gmt":"2026-04-08T20:06:18","slug":"nokian-tyres-powerproof-225-45r17-91y","status":"publish","type":"product","link":"http:\/\/klubmamgdynia.pl\/index.php\/produkt\/nokian-tyres-powerproof-225-45r17-91y\/","title":{"rendered":"Nokian Tyres Powerproof 225\/45R17 91Y"},"content":{"rendered":"<p>Nokian Tyres jest wynalazc\u0105 opony zimowej, a zarazem najbardziej na p\u00f3\u0142noc wysuni\u0119tym producentem opon na \u015awiecie.\u00a0Jeste\u015bmy przy tym liderem zr\u00f3wnowa\u017conego rozwoju w bran\u017cy oponiarskiej.                            <\/p>\n<p>NOKIAN TYRES POWERPROOFOPONY LETNIE PREMIUM DO WYDAJNYCH SAMOCHOD\u00d3W SPORTOWYCHStabilno\u015b\u0107 i precyzja sterowania przy je\u017adzie z du\u017c\u0105 pr\u0119dko\u015bci\u0105Znakomita przyczepno\u015b\u0107 na mokrej nawierzchniRado\u015b\u0107 z jazdy<\/p>\n<p>NOKIAN TYRES POWERPROOF 225\/45R17 91Y<br \/>\nSezon: opony letnieIndeks pr\u0119dko\u015bci: Y= maks. 300 km\/hIndeks no\u015bno\u015bci: 91= maks. 615 kg                            <\/p>\n<p>NASZA OBIETNICA, TWOJE ZADOWOLENIEDWA LATA DODATKOWEJ GWARANCJI NOKIAN TYRES*Podr\u00f3\u017c na naszych oponach trwa nawet pomimo pecha. Aby zwi\u0119kszy\u0107 Twoje bezpiecze\u0144stwo, w razie przypadkowego uszkodzenia opony otrzymasz bezp\u0142atnie now\u0105 opon\u0119 odpowiedniego typu w ramach Dodatkowej gwarancji.GWARANCJA ZADOWOLENIA NOKIAN TYRES*Gwarantujemy zakup bez ryzyka. Wybierz nasze wysokiej jako\u015bci opony premium, a dostaniesz 14 dni na to, by sprawdzi\u0107 ich osi\u0105gi i bezpiecze\u0144stwo w ka\u017cdych mo\u017cliwych warunkach. Je\u017celi nie spe\u0142ni\u0105 Twoich oczekiwa\u0144, wymienimy je bezp\u0142atnie na inny komplet.*wi\u0119cej szczeg\u00f3\u0142\u00f3w na stronie producenta                            <\/p>\n<p>95 % U\u017bYTKOWNIK\u00d3W POLECA NASZE PRODUKTYRacjonalni klienci wymagaj\u0105 du\u017co od zakupionych produkt\u00f3w. Wra\u017cenia z osobistego u\u017cytkowania produktu tworz\u0105 silne poczucie, czy zakup by\u0142 dobry.Oce\u0144 swoje opony!Napisz swoj\u0105 w\u0142asn\u0105 ocen\u0119Sprawd\u017a recenzje oceny produkt\u00f3w                            <\/p>\n<p>MIESZANKA GUMOWA DYNAMIC GRIPMaksymalna przyczepno\u015b\u0107 i wytrzyma\u0142o\u015b\u0107Tajemnic\u0105 przyczepno\u015bci opon Nokian Tyres Powerproof na suchej i mokrej nawierzchni jest wyj\u0105tkowa mieszanka gumowa Dynamic Grip. Funkcjonalne \u0142a\u0144cuchy cz\u0105steczek i polimer\u00f3w tworz\u0105 g\u0119st\u0105, elastyczn\u0105 struktur\u0119 przypominaj\u0105c\u0105 siateczk\u0119, kt\u00f3ra zapewnia przyczepno\u015b\u0107 przy je\u017adzie z du\u017c\u0105 pr\u0119dko\u015bci\u0105. Wielowarstwowa struktura zmniejsza opory toczenia, co przek\u0142ada si\u0119 na oszcz\u0119dno\u015b\u0107 paliwa.                            <\/p>\n<p>RADO\u015a\u0106 Z JAZDY PO LETNICH DROGACHZaprojektowane do szybkiej jazdy opony UHP Nokian Tyres Powerproof zapewniaj\u0105 bezpiecze\u0144stwo i precyzj\u0119 w ulewnym deszczu na autostradzie i na zalanym s\u0142o\u0144cem bulwarze. Doskonale radz\u0105 sobie we wszystkich letnich warunkach. Zapewniaj\u0105 wyj\u0105tkow\u0105 stabilno\u015b\u0107 i precyzyjne sterowanie przy nag\u0142ych zmianach pasa ruchu i ostrym hamowaniu. Nowa wzmocniona konstrukcja gwarantuje ich du\u017c\u0105 wytrzyma\u0142o\u015b\u0107.<\/p>\n<h2>Nokian Tyres Powerproof 225\/45R17 91Y Nokian Tyres<\/h2>\n<p>zagadki dla 6 latka, zaj\u0119cia kulinarne dla dzieci pomys\u0142y, zagadki dla dzieci 10 12 lat z odpowiedziami, \u015bwinka peppa kolorowanka, quiz konie, opis rodzina, zagadki dla starszych dzieci, \u017carty na prima aprilis dla mamy, sentencja dla dziecka, zagadki logiczne na inteligencj\u0119, najlepsze zagadki, sporty po francusku, kolorowanki do druku dla doros\u0142ych, bombki do kolorowania, kalina imi\u0119, kolorowanka do wydruku, do druku dla dzieci, aurora imi\u0119, zaproszenie na urodziny dziecka tekst do druku, psi patrol rysunek<\/p>\n<p>yyyyy<\/p>\n<p>&nbsp;<\/p>\n","protected":false},"excerpt":{"rendered":"<p>Nokian Tyres jest wynalazc\u0105 opony zimowej, a zarazem najbardziej na p\u00f3\u0142noc wysuni\u0119tym producentem opon na \u015awiecie.\u00a0Jeste\u015bmy przy tym liderem zr\u00f3wnowa\u017conego rozwoju w bran\u017cy oponiarskiej. NOKIAN TYRES POWERPROOFOPONY LETNIE PREMIUM DO WYDAJNYCH SAMOCHOD\u00d3W SPORTOWYCHStabilno\u015b\u0107 i precyzja sterowania przy je\u017adzie z du\u017c\u0105 pr\u0119dko\u015bci\u0105Znakomita przyczepno\u015b\u0107 na mokrej nawierzchniRado\u015b\u0107 z jazdy NOKIAN TYRES POWERPROOF 225\/45R17 91Y Sezon: opony letnieIndeks [&hellip;]<\/p>\n","protected":false},"featured_media":5230,"comment_status":"closed","ping_status":"open","template":"","meta":[],"product_cat":[1317,548],"product_tag":[837,731,652,846,771],"class_list":["post-5229","product","type-product","status-publish","has-post-thumbnail","hentry","product_cat-nokian-tyres","product_cat-opony-letnie","product_tag-cicha-noc-po-angielsku","product_tag-maly-ksiaze-cytaty","product_tag-otto","product_tag-rysowanki","product_tag-stolice-europy-quiz"],"_links":{"self":[{"href":"http:\/\/klubmamgdynia.pl\/index.php\/wp-json\/wp\/v2\/product\/5229","targetHints":{"allow":["GET"]}}],"collection":[{"href":"http:\/\/klubmamgdynia.pl\/index.php\/wp-json\/wp\/v2\/product"}],"about":[{"href":"http:\/\/klubmamgdynia.pl\/index.php\/wp-json\/wp\/v2\/types\/product"}],"replies":[{"embeddable":true,"href":"http:\/\/klubmamgdynia.pl\/index.php\/wp-json\/wp\/v2\/comments?post=5229"}],"wp:featuredmedia":[{"embeddable":true,"href":"http:\/\/klubmamgdynia.pl\/index.php\/wp-json\/wp\/v2\/media\/5230"}],"wp:attachment":[{"href":"http:\/\/klubmamgdynia.pl\/index.php\/wp-json\/wp\/v2\/media?parent=5229"}],"wp:term":[{"taxonomy":"product_cat","embeddable":true,"href":"http:\/\/klubmamgdynia.pl\/index.php\/wp-json\/wp\/v2\/product_cat?post=5229"},{"taxonomy":"product_tag","embeddable":true,"href":"http:\/\/klubmamgdynia.pl\/index.php\/wp-json\/wp\/v2\/product_tag?post=5229"}],"curies":[{"name":"wp","href":"https:\/\/api.w.org\/{rel}","templated":true}]}}