{"id":5235,"date":"2023-08-06T23:26:23","date_gmt":"2023-08-06T21:26:23","guid":{"rendered":"http:\/\/klubmamgdynia.pl\/?post_type=product&#038;p=5235"},"modified":"2026-04-08T19:07:34","modified_gmt":"2026-04-08T17:07:34","slug":"generator-pary-braun-carestyle-compact-is-2144vi","status":"publish","type":"product","link":"http:\/\/klubmamgdynia.pl\/index.php\/produkt\/generator-pary-braun-carestyle-compact-is-2144vi\/","title":{"rendered":"Generator pary BRAUN CareStyle Compact IS 2144VI"},"content":{"rendered":"<p>Nowe \u017celazko z generatorem pary CareStyle Compact IS 2144 VI<\/p>\n<p>CareStyle Compact powraca w nowej, unowocze\u015bnionej wersji. Najmniejsze \u017celazko z generatorem pary Braun \u2013 zaskakuje funkcjonalno\u015bci\u0105 i u\u0142atwia codzienne dbanie o garderob\u0119. Posiada unikalny, pionowy kszta\u0142t, a jego podstawa mie\u015bci si\u0119 na kartce A4, dzi\u0119ki czemu jest niezwykle proste w u\u017cytkowaniu i przechowywaniu. Ulepszony design \u017celazka o wygodn\u0105, mi\u0119kk\u0105 w dotyku, gumow\u0105 r\u0105czk\u0119 zapewnia pe\u0142n\u0105 wygod\u0119 pracy. Wyposa\u017cone w inteligentn\u0105 technologi\u0119 iCare, mocny wyrzut pary, pierwsz\u0105 na \u015bwiecie stop\u0119 Eloxal FreeGlide 3D oraz szereg innowacji, bez problemu poradzi sobie z najtrudniejszymi zagnieceniami tkanin. Nowa, ulepszona seria CareStyle Compact zosta\u0142a tak\u017ce wyposa\u017cona w jeszcze wi\u0119kszy, por\u0119czny zbiornik na wod\u0119 o pojemno\u015bci 1,5 l. Dzi\u0119ki temu, a tak\u017ce dzi\u0119ki niskiej wadze \u017celazka oraz jego kompaktowym wymiarom prasowanie nawet du\u017cej ilo\u015bci ubra\u0144, po\u015bcieli czy r\u0119cznik\u00f3w b\u0119dzie szybkie, efektywne i przyjemne. Z CareStyle Compact zaoszcz\u0119dzisz a\u017c 50% czasu, po\u015bwi\u0119canego do tej pory na prasowanie oraz 50% miejsca, kt\u00f3re zajmuje \u017celazko.* Dodatkowo, z nowym \u017celazkiem CS Compact IS 2144 VI nie potrzebujesz ju\u017c filtr\u00f3w antywapiennych! IS 2144 VI wyposa\u017cone zosta\u0142o w nowy, innowacyjny system odkamieniania Easy CalcClean za pomoc\u0105 kt\u00f3rego odkamienisz \u017celazko w prosty i szybki spos\u00f3b.*50% zaoszcz\u0119dzonego czasu (wewn\u0119trzne badania laboratoryjne, w por\u00f3wnaniu do \u017celazka parowego Braun TS5) i 50% zaoszcz\u0119dzonego miejsca (w por\u00f3wnaniu do \u017celazka z generatorem pary Braun IS7056)                            <\/p>\n<p>            Innowacyjna stopa <\/p>\n<p>\u017belazko z generatorem pary CareStyle Compact zosta\u0142o wyposa\u017cone w pierwsz\u0105 na \u015bwiecie stop\u0119 EloxalPlus FreeGlide 3D zapewniaj\u0105c\u0105 niezwyk\u0142\u0105 \u0142atwo\u015b\u0107 manewr\u00f3w 360\u00b0 po tkaninie &#8211; w prz\u00f3d i w ty\u0142, nawet przy suwakach, kieszeniach czy guzikach. Zaokr\u0105glony, wygi\u0119ty u do\u0142u kszta\u0142t stopy \u2013 inspirowany desk\u0105 snowboardow\u0105 pozwala na szybsze i efektywne prasowanie, u\u0142atwiaj\u0105c dotarcie do trudno dost\u0119pnych miejsc, takich jak: zaszewki, zamki czy fa\u0142dy oraz umo\u017cliwia g\u0142adki po\u015blizg \u017celazkiem po tkaninie tak\u017ce w ty\u0142, bez marszczenia materia\u0142u. Pokrycie stopy z eloxalu jest dwukrotnie twardsze od stali nierdzewnej, co gwarantuje wyj\u0105tkow\u0105 odporno\u015b\u0107 na zarysowania.                            <\/p>\n<p>            Mocny wyrzut pary<\/p>\n<p>Si\u0142\u0105 i gwarancj\u0105 skuteczno\u015bci CareStyle Compact jest mocny wyrzut pary wodnej, kt\u00f3ry pozwala usun\u0105\u0107 wszelkie niedoskona\u0142o\u015bci, bez wzgl\u0119du na to, jak bardzo pognieciony jest materia\u0142. Moc 2400 W w po\u0142\u0105czeniu z silnym wyrzutem pary \u2013 a\u017c 125g\/min &#8211; pozwala szybko i precyzyjnie wyprasowa\u0107 ka\u017cd\u0105 cz\u0119\u015b\u0107 garderoby, docieraj\u0105c tak\u017ce do najtrudniej dost\u0119pnych miejsc. Dodatkowe uderzenie pary (440 g\/min) pozwala jej dok\u0142adnie przenika\u0107 tkaniny, aby zaoszcz\u0119dzi\u0107 czas, sp\u0119dzony na prasowaniu, a do osi\u0105gni\u0119cia doskona\u0142ych efekt\u00f3w nie trzeba by\u0142o u\u017cywa\u0107 tyle si\u0142y, co dotychczas. Dzi\u0119ki mo\u017cliwo\u015bci prasowania par\u0105 w pionie, mo\u017cesz te\u017c szybko od\u015bwie\u017cy\u0107 ubrania.                            <\/p>\n<p>            Zaoszcz\u0119d\u017a 50% miejsca<\/p>\n<p>CareStyle Compact jest najmniejszym \u017celazkiem z generatorem pary Braun. Posiada unikalny, pionowy kszta\u0142t, a jego podstawa mie\u015bci si\u0119 na kartce A4. Kompaktowe wymiary i unikalny projekt, u\u0142atwiaj\u0105 jego u\u017cytkowanie i przechowywanie, np. w szafce lub na p\u00f3\u0142ce w garderobie. Dzi\u0119ki specjalnej pokrywie zbiornika na wod\u0119, nie musisz martwi\u0107 si\u0119 o zachlapania przy przek\u0142adaniu \u017celazka, a blokada pozwala bezpiecznie przenosi\u0107 je jedn\u0105 r\u0119k\u0105. Urz\u0105dzenie wyposa\u017cono tak\u017ce w wygodny uchwyt na kabel oraz mi\u0119kk\u0105 w dotyku, gumow\u0105 r\u0105czk\u0119 zapewniaj\u0105c\u0105 pe\u0142en komfort pracy.                             <\/p>\n<p>            Technologia Double Steam<\/p>\n<p>Aktywne strefy pary, z silnym wyrzutem w pionie i poziomie u\u0142atwi\u0105 prasowanie najtrudniejszych obszar\u00f3w: okr\u0105g\u0142ych guzik\u00f3w, ko\u0142nierzy, mankiet\u00f3w, kieszeni, koronek czy falban. Wst\u0119pne nawil\u017canie pozwala parze lepiej wnikn\u0105\u0107 w ubranie, za\u015b jej pe\u0142ny wyrzut idealnie usunie nawet najg\u0142\u0119bsze zagniecenia. Technologia Double Steam wytwarza ponad dwa razy wi\u0119cej pary ni\u017c zwyk\u0142e \u017celazka parowe.* * Na bazie wewn\u0119trznych test\u00f3w Braun, w por\u00f3wnaniu do \u017celazek TexStyle.                            <\/p>\n<p>            Zaawansowana technologia iCare<\/p>\n<p>Nowoczesna technologia iCare zmienia prasowanie w intuicyjn\u0105 i prost\u0105 czynno\u015b\u0107, bez potrzeby sortowania ubra\u0144 i niezale\u017cnie od specyfiki poszczeg\u00f3lnych tkanin. iCare chroni materia\u0142y poprzez automatyczne nastawienie bezpiecznej temperatury. Dostosowuje j\u0105 nawet do delikatnych tkanin, bez konieczno\u015bci oczekiwania na nagrzanie lub sch\u0142odzenie stopy. W ten spos\u00f3b nie tylko pozwala zaoszcz\u0119dzi\u0107 du\u017co czasu, ale tak\u017ce dba o Twoje ubrania, chroni\u0105c je tak\u017ce przed przypaleniem. Nawet, gdy zostawisz \u017celazko z generatorem pary bez nadzoru, system ochroni tkanin\u0119 przed spaleniem.                             <\/p>\n<p>            Wi\u0119kszy zbiornik na wod\u0119 (1,5L)<\/p>\n<p>Praktyczny zbiornik na wod\u0119 mie\u015bci wi\u0119cej p\u0142ynu, ni\u017c tradycyjne \u017celazko, a otw\u00f3r do wlewania wody XL u\u0142atwia jego nape\u0142nianie. Jego pojemno\u015b\u0107 pozwala znacznie skr\u00f3ci\u0107 czas prasowania. Mo\u017cesz prasowa\u0107 ponad godzin\u0119 bez przerwy po jednym uzupe\u0142nieniu zbiornika. Pojemnik jest zintegrowany ze stacj\u0105, wi\u0119c nie zwi\u0119ksza wagi \u017celazka.                             <\/p>\n<p>            Pe\u0142na wygoda u\u017cytkowania<\/p>\n<p>Odk\u0142adanie \u017celazka tak\u017ce jest wygodne i por\u0119czne, dzi\u0119ki 3 opcjonalnym pozycjom: pionowo lub poziomo na desce do prasowania lub pionowo na podstawie stacji.                            <\/p>\n<p>            Nowy system odkamieniania Easy CalcClean z przypomnieniem<\/p>\n<p>System Easy CalcClean chroni Twoje \u017celazko z generatorem pary i zapewnia d\u0142ugotrwa\u0142e dzia\u0142anie. Odkamienianie trwa kr\u00f3tko, a dzi\u0119ki innowacjom technologicznym, nie wymaga od u\u017cytkownika \u017cadnego wysi\u0142ku. Nie trzeba potrz\u0105sa\u0107 stacj\u0105 pary ani marnowa\u0107 wody na p\u0142ukanie boilera. W zestawie znajdziesz pojemnik czyszcz\u0105cy za pomoc\u0105 kt\u00f3rego \u0142atwo odkamienisz \u017celazko. System gwarantuje d\u0142ugoletni\u0105, niezawodn\u0105 prac\u0119 urz\u0105dzenia, bez tworzenia plam czy przebarwie\u0144 na ubraniach.                             <\/p>\n<p>            System automatycznego wy\u0142\u0105czania Auto-off <\/p>\n<p>Praktyczny system Auto-off zapewnia pe\u0142ne bezpiecze\u0144stwo u\u017cytkowania \u017celazka z generatorem pary. Gdy przestaje by\u0107 u\u017cywane, nast\u0119puje jego automatyczne wy\u0142\u0105czenie. Kiedy w po\u015bpiechu ko\u0144czysz prasowanie lub zapomnisz wy\u0142\u0105czy\u0107 \u017celazka, system automatycznie od\u0142\u0105czy zasilanie po 10 minutach, co gwarantuje bezpiecze\u0144stwo dla domu oraz zapewnia optymalne wykorzystanie energii elektrycznej.                            <\/p>\n<p>            Blokada kapania<\/p>\n<p>Dzi\u0119ki zaawansowanej technologii, zastosowanej w stacjach pary CareStyle, temperatura jest kontrolowana skuteczniej. W tradycyjnych \u017celazkach z generatorem pary z termostatem, przy maksymalnym ustawieniu pokr\u0119t\u0142a pary, po w\u0142\u0105czeniu urz\u0105dzenia przez kilka pierwszych sekund wydobywa si\u0119 z niego woda, poniewa\u017c nienagrzana stopa nie zmieni\u0142a jej jeszcze w par\u0119 wodn\u0105. To powoduje k\u0142opotliwe zachlapania prasowanych ubra\u0144. Innowacyjna, blokada kapania dzia\u0142a ju\u017c od momentu w\u0142\u0105czenia \u017celazka, zapobiegaj\u0105c dystrybucji wody, dop\u00f3ki urz\u0105dzenie si\u0119 nie rozgrzeje. Dzi\u0119ki niej oszcz\u0119dzasz czas, a samo prasowanie jest jeszcze \u0142atwiejsze, bo nie musisz skupia\u0107 si\u0119 na ustawieniach \u017celazka.                            <\/p>\n<p>            Tryb ECO<\/p>\n<p>Tryb Eco pozwala na ustawienie optymalnej temperatury dla doskona\u0142ych rezultat\u00f3w prasowania delikatnych materia\u0142\u00f3w, takich jak: jedwab, satyna, we\u0142na czy materia\u0142y syntetyczne. Co wi\u0119cej, umo\u017cliwia dbanie o \u015brodowisko, oszcz\u0119dzaj\u0105c podczas prasowania ponad 48% energii elektrycznej*. Wystarczy uruchomi\u0107 tryb ECO, aby uzyska\u0107 mniejsz\u0105 ilo\u015b\u0107 pary i tak znaczn\u0105 oszcz\u0119dno\u015b\u0107 energii.*W por\u00f3wnaniu do pracy w trybie Turbo.                            <\/p>\n<p>            CareStyle Compact &#8211; oszcz\u0119dno\u015b\u0107 czasu i miejsca<\/p>\n<p>Korzystaj\u0105c z \u017celazka z generatorem pary CareStyle Compact, oszcz\u0119dzasz a\u017c 50% czasu, po\u015bwi\u0119canego do tej pory na prasowanie oraz miejsca, kt\u00f3re zajmuje \u017celazko.* Nie musisz d\u0142ugo czeka\u0107 na nagrzanie urz\u0105dzenia, co pozwala szybko uprasowa\u0107 ubrania, gdy bardzo si\u0119 spieszysz. Dzi\u0119ki technologii iCare, stacja parowa ustawia bezpieczn\u0105 temperatur\u0119 nawet do najbardziej delikatnych tkanin, bez konieczno\u015bci oczekiwania na nagrzanie lub sch\u0142odzenie stopy, oszcz\u0119dzaj\u0105c Tw\u00f3j czas. *50% zaoszcz\u0119dzonego czasu (wewn\u0119trzne badania laboratoryjne, w por\u00f3wnaniu do \u017celazka parowego Braun TS5) i 50% zaoszcz\u0119dzonego miejsca (w por\u00f3wnaniu do \u017celazka z generatorem pary Braun IS7056)                            <\/p>\n<p>            Poznaj \u017celazka z generatorem pary CareStyle Compact<\/p>\n<p>            Zaoszcz\u0119d\u017a 50% w szafie<\/p>\n<h2>Generator pary BRAUN CareStyle Compact IS 2144VI Braun<\/h2>\n<p>kotki do druku, zagadki dla dzieci 6 lat, m.i.a., kolorowanki dla dziewczynek, gdzie strumyk p\u0142ynie z wolna tekst, lidia imie, wzory zaprosze\u0144 zaproszenie na urodziny szablon do druku, miko\u0142ajek test z lektury, zagadki na dzie\u0144 przedszkolaka, cytaty o dziecku, stare bajki, przysz\u0142a zima bia\u0142a, zagadki \u015bwi\u0105teczne dla dzieci, zabawy dla 7 latka, bajki dla dzieci na dobranoc do czytania, kolorowanki \u015bwi\u0105teczne do druku pdf, bajka dla dzieci do czytania, znaczenie imienia alan<\/p>\n<p>yyyyy<\/p>\n<p>&nbsp;<\/p>\n","protected":false},"excerpt":{"rendered":"<p>Nowe \u017celazko z generatorem pary CareStyle Compact IS 2144 VI CareStyle Compact powraca w nowej, unowocze\u015bnionej wersji. Najmniejsze \u017celazko z generatorem pary Braun \u2013 zaskakuje funkcjonalno\u015bci\u0105 i u\u0142atwia codzienne dbanie o garderob\u0119. Posiada unikalny, pionowy kszta\u0142t, a jego podstawa mie\u015bci si\u0119 na kartce A4, dzi\u0119ki czemu jest niezwykle proste w u\u017cytkowaniu i przechowywaniu. Ulepszony design [&hellip;]<\/p>\n","protected":false},"featured_media":5236,"comment_status":"closed","ping_status":"open","template":"","meta":[],"product_cat":[1319,1320],"product_tag":[750,810,764],"class_list":["post-5235","product","type-product","status-publish","has-post-thumbnail","hentry","product_cat-braun","product_cat-stacje-parowe","product_tag-imie-kostek","product_tag-nauka-zegara-do-druku","product_tag-prezenty-na-roczek-dla-dziewczynki"],"_links":{"self":[{"href":"http:\/\/klubmamgdynia.pl\/index.php\/wp-json\/wp\/v2\/product\/5235","targetHints":{"allow":["GET"]}}],"collection":[{"href":"http:\/\/klubmamgdynia.pl\/index.php\/wp-json\/wp\/v2\/product"}],"about":[{"href":"http:\/\/klubmamgdynia.pl\/index.php\/wp-json\/wp\/v2\/types\/product"}],"replies":[{"embeddable":true,"href":"http:\/\/klubmamgdynia.pl\/index.php\/wp-json\/wp\/v2\/comments?post=5235"}],"wp:featuredmedia":[{"embeddable":true,"href":"http:\/\/klubmamgdynia.pl\/index.php\/wp-json\/wp\/v2\/media\/5236"}],"wp:attachment":[{"href":"http:\/\/klubmamgdynia.pl\/index.php\/wp-json\/wp\/v2\/media?parent=5235"}],"wp:term":[{"taxonomy":"product_cat","embeddable":true,"href":"http:\/\/klubmamgdynia.pl\/index.php\/wp-json\/wp\/v2\/product_cat?post=5235"},{"taxonomy":"product_tag","embeddable":true,"href":"http:\/\/klubmamgdynia.pl\/index.php\/wp-json\/wp\/v2\/product_tag?post=5235"}],"curies":[{"name":"wp","href":"https:\/\/api.w.org\/{rel}","templated":true}]}}