{"id":5243,"date":"2012-10-26T18:02:24","date_gmt":"2012-10-26T16:02:24","guid":{"rendered":"http:\/\/klubmamgdynia.pl\/index.php\/produkt\/kids-euroswan-bidon-termiczny-stalowy-400ml-fairy-princess-kl11259\/"},"modified":"2026-04-06T22:34:32","modified_gmt":"2026-04-06T20:34:32","slug":"kids-euroswan-bidon-termiczny-stalowy-400ml-fairy-princess-kl11259","status":"publish","type":"product","link":"http:\/\/klubmamgdynia.pl\/index.php\/produkt\/kids-euroswan-bidon-termiczny-stalowy-400ml-fairy-princess-kl11259\/","title":{"rendered":"Kids Euroswan Bidon Termiczny Stalowy 400Ml Fairy Princess Kl11259"},"content":{"rendered":"<p>SUPER CENA &#8211; TANIA DOSTAWA ! &#8211; Bidon termiczny stalowy 400ml Fairy Princess KL11259 Kids Euroswan &#8211; PACZKOMAT, POCZTA, KURIER<\/p>\n<h2>Kids Euroswan Bidon Termiczny Stalowy 400Ml Fairy Princess Kl11259 Kids Euroswan<\/h2>\n<p>zagadki wielkanocne dla dzieci, carmen imie, bajka dla dziewczynek, narysowa\u0107 rysunki \u0142atwe, zagdki, quiz o miko\u0142ajku, ida swieta wielkanocne ida swieta, gry planszowe dla nastolatk\u00f3w, kolorowanki dla dziewczynek do druku, kolorowanki antystresowe do druku, cytaty o dzieciach i rodzinie, opowiadanie o jesieni dla dzieci, ida swieta wielkanocne ida swieta<\/p>\n<p>yyyyy<\/p>\n<p>&nbsp;<\/p>\n","protected":false},"excerpt":{"rendered":"<p>SUPER CENA &#8211; TANIA DOSTAWA ! &#8211; Bidon termiczny stalowy 400ml Fairy Princess KL11259 Kids Euroswan &#8211; PACZKOMAT, POCZTA, KURIER Kids Euroswan Bidon Termiczny Stalowy 400Ml Fairy Princess Kl11259 Kids Euroswan zagadki wielkanocne dla dzieci, carmen imie, bajka dla dziewczynek, narysowa\u0107 rysunki \u0142atwe, zagdki, quiz o miko\u0142ajku, ida swieta wielkanocne ida swieta, gry planszowe dla [&hellip;]<\/p>\n","protected":false},"featured_media":5244,"comment_status":"closed","ping_status":"open","template":"","meta":[],"product_cat":[1103,215],"product_tag":[784,644,773],"class_list":["post-5243","product","type-product","status-publish","has-post-thumbnail","hentry","product_cat-kids-euroswan","product_cat-naczynia-i-sztucce-dla-dzieci","product_tag-hymn-gorniczy","product_tag-mia","product_tag-test-z-lektury-opowiesci-z-narnii-lew-czarownica-i-stara-szafa"],"_links":{"self":[{"href":"http:\/\/klubmamgdynia.pl\/index.php\/wp-json\/wp\/v2\/product\/5243","targetHints":{"allow":["GET"]}}],"collection":[{"href":"http:\/\/klubmamgdynia.pl\/index.php\/wp-json\/wp\/v2\/product"}],"about":[{"href":"http:\/\/klubmamgdynia.pl\/index.php\/wp-json\/wp\/v2\/types\/product"}],"replies":[{"embeddable":true,"href":"http:\/\/klubmamgdynia.pl\/index.php\/wp-json\/wp\/v2\/comments?post=5243"}],"wp:featuredmedia":[{"embeddable":true,"href":"http:\/\/klubmamgdynia.pl\/index.php\/wp-json\/wp\/v2\/media\/5244"}],"wp:attachment":[{"href":"http:\/\/klubmamgdynia.pl\/index.php\/wp-json\/wp\/v2\/media?parent=5243"}],"wp:term":[{"taxonomy":"product_cat","embeddable":true,"href":"http:\/\/klubmamgdynia.pl\/index.php\/wp-json\/wp\/v2\/product_cat?post=5243"},{"taxonomy":"product_tag","embeddable":true,"href":"http:\/\/klubmamgdynia.pl\/index.php\/wp-json\/wp\/v2\/product_tag?post=5243"}],"curies":[{"name":"wp","href":"https:\/\/api.w.org\/{rel}","templated":true}]}}