{"id":5245,"date":"2021-06-04T22:56:48","date_gmt":"2021-06-04T20:56:48","guid":{"rendered":"http:\/\/klubmamgdynia.pl\/index.php\/produkt\/pro-aktiv-nano-zloto-koloidalne-au-100-300ml\/"},"modified":"2026-05-17T22:46:30","modified_gmt":"2026-05-17T20:46:30","slug":"pro-aktiv-nano-zloto-koloidalne-au-100-300ml","status":"publish","type":"product","link":"http:\/\/klubmamgdynia.pl\/index.php\/produkt\/pro-aktiv-nano-zloto-koloidalne-au-100-300ml\/","title":{"rendered":"Pro-Aktiv Nano-z\u0142oto koloidalne Au 100, 300ml"},"content":{"rendered":"<p>Tak jak Niejonowe Nano Srebro Koloidalne, Niejonowe Nano Z\u0142oto Koloidalne jest czystym, ca\u0142kowicie naturalnym \u015brodkiem o submikroskopijnych nanocz\u0105steczkach (miliardowa cz\u0119\u015b\u0107) z\u0142ota na\u0142adowanych elektromagnetycznie i zawieszonych w czystej dejonizowanej wodzie. Jest ono bioprzyswajalne, nietoksyczne, nie ma smaku ani zapachu. Podstawowa charakterystyka &#8211; BEZPIECZNE &#8211; NIETOKSYCZNE &#8211; NIEDRA\u017bNI\u0104CE (nie powoduj\u0105ce podra\u017cnie\u0144) &#8211; dzia\u0142a jak ANTYBIOTYK &#8211; BEZ SMAKU\/ZAPACHU &#8211; DZIA\u0141ANIE FIZYCZNE I EMOCJONALNE &#8211; NIEINWAZYJNE &#8211; NIE KUMULUJE SI\u0118 &#8211; PODNOSI \u017bYWOTNO\u015a\u0106 &#8211; BIOPRZYSWAJALNE &#8211; NIE UZALE\u017bNIA &#8211; PRZECIWZAPALNE &#8211; STYMULUJE GOJENIE SI\u0118 Z\u0142oto w kosmetyce i urodzie: Wiedza o w\u0142a\u015bciwo\u015bciach leczniczych z\u0142ota znana by\u0142a w Chinach od oko\u0142o 2500 p.n.e. W Europie, do cel\u00f3w leczniczych, zacz\u0119to wykorzystywa\u0107 ten szlachetny metal, dopiero od 1890 roku po przeprowadzeniu bada\u0144 przez Roberta Kocha. Okaza\u0142o si\u0119 w\u00f3wczas, \u017ce cyjanek z\u0142ota hamuje rozw\u00f3j bakterii gru\u017alicy. 24 karatowe z\u0142oto stosuje si\u0119 w kosmetologii do zabieg\u00f3w upi\u0119kszania: z\u0142oto zmniejsza powstawanie zmarszczek regeneruje ju\u017c istniej\u0105ce, a ponadto nawil\u017ca sk\u00f3r\u0119 i likwiduje przebarwienia sk\u00f3rne. Z\u0142oto nano-koloidalne dzia\u0142a na zasadzie pompy jonowej: przyspiesza migracj\u0119 sk\u0142adnik\u00f3w aktywnych, wymian\u0119 jonow\u0105 (g\u0142\u00f3wnie mikroelementy), stymuluje proces oczyszczania organizmu drog\u0105 sk\u00f3rn\u0105. Stymuluje syntez\u0119 kolagenu, przyczyniaj\u0105c si\u0119 do rekonstrukcji tkanki sk\u00f3rnej. Z\u0142oto nano-koloidalne dzia\u0142a antybakteryjnie. Uzyskuje si\u0119 dzi\u0119ki niemu wra\u017cenie roz\u015bwietlonej, pe\u0142nej blasku cery. G\u0142\u00f3wne zastosowania: &#8211; Artretyzm i Reumatyzm &#8211; Oparzenia &#8211; B\u00f3le mi\u0119\u015bni &#8211; Chroniczne stany zapalne &#8211; Problemy z kr\u0105\u017ceniem &#8211; Rany kute &#8211; Wypadanie w\u0142os\u00f3w &#8211; Przewlek\u0142e dermatozy &#8211; Przewlek\u0142y katar. Nano-z\u0142oto dzia\u0142a przeciwzapalnie. Likwiduje objawy przewlek\u0142ych chor\u00f3b alergicznych. Nano-koloid z\u0142ota wykazuje silny wp\u0142yw przeciwtr\u0105dzikowy. Nano-koloidalne z\u0142oto jest niezwykle skuteczne przy leczeniu rozleg\u0142ych oparze\u0144. Z\u0142oto w injekcjach stosowane jest w chorobie reumatoidalnej. Wyst\u0119puj\u0105ce na rynku &#8222;z\u0142oto do injekcji&#8221; wykazuje jednak szereg niekorzystnych efekt\u00f3w ubocznych wynikaj\u0105cych z zanieczyszcze\u0144 powierzchniowych nano-cz\u0105steczek. Tych efekt\u00f3w nie daje jednak nasze z\u0142oto, gdy\u017c wytwarzane na drodze fizycznej jest ono wolne od zanieczyszcze\u0144. Nano-z\u0142oto koloidalne mo\u017cna zewn\u0119trznie stosowa\u0107 w celu: &#8211; przeciwdzia\u0142ania i zmniejszenia ju\u017c istniej\u0105cych zmarszczek, &#8211; do nawil\u017cenia sk\u00f3ry i zmniejszenia r\u00f3\u017cnego rodzaju podra\u017cnie\u0144, &#8211; w przypadku przebarwie\u0144 sk\u00f3rnych, &#8211; w celu oczyszczenia organizmu drog\u0105 sk\u00f3rn\u0105, &#8211; do rekonstrukcji tkanki sk\u00f3rnej, &#8211; w przypadku \u0142uszczycy, bielactwa, &#8211; w przypadku ropni, liszaj\u00f3w, &#8211; w przypadku przewlek\u0142ych wyprysk\u00f3w, &#8211; tr\u0105dziku, w zapaleniu staw\u00f3w, narz\u0105d\u00f3w p\u0142ciowych, oczu. Sk\u0142ad: &#8211; Woda dejonizowana(czysto\u015b\u0107 H2O: 6n) &#8211; Z\u0142oto Au(czysto\u015b\u0107 Au: 4n) w formie nano koloidalnej o koncentracji Au0 10 ppm(10 mg\/l). 10 ml produktu zawiera 10 \u03bcg z\u0142ota Z\u0142oto Koloidalne zosta\u0142o wyprodukowane w oparciu o zaawansowan\u0105 technologi\u0119 gwarantuj\u0105c\u0105 jego najwy\u017csz\u0105 jako\u015b\u0107. Pojemno\u015b\u0107: 300 ml<\/p>\n<h2>Pro-Aktiv Nano-z\u0142oto koloidalne Au 100, 300ml Inny<\/h2>\n<p>wakacje kolorowanka, fajne \u017carty na prima aprilis, zagadka o wio\u015bnie, bajka o dinozaurach do czytania, czytanki na dobranoc, zabawy z pi\u0142k\u0105, quiz psi patrol, jagna, kolorowanki konie z je\u017ad\u017acem, planety uk\u0142ad s\u0142oneczny dla dzieci do druku, atrakcje dla dzieci warszawa, imie leon, zagadki o bajkach, zagadki o psach, kr\u00f3tkie bajki na dobranoc o mi\u0142o\u015bci<\/p>\n<p>yyyyy<\/p>\n<p>&nbsp;<\/p>\n","protected":false},"excerpt":{"rendered":"<p>Tak jak Niejonowe Nano Srebro Koloidalne, Niejonowe Nano Z\u0142oto Koloidalne jest czystym, ca\u0142kowicie naturalnym \u015brodkiem o submikroskopijnych nanocz\u0105steczkach (miliardowa cz\u0119\u015b\u0107) z\u0142ota na\u0142adowanych elektromagnetycznie i zawieszonych w czystej dejonizowanej wodzie. Jest ono bioprzyswajalne, nietoksyczne, nie ma smaku ani zapachu. Podstawowa charakterystyka &#8211; BEZPIECZNE &#8211; NIETOKSYCZNE &#8211; NIEDRA\u017bNI\u0104CE (nie powoduj\u0105ce podra\u017cnie\u0144) &#8211; dzia\u0142a jak ANTYBIOTYK &#8211; BEZ [&hellip;]<\/p>\n","protected":false},"featured_media":5246,"comment_status":"closed","ping_status":"open","template":"","meta":[],"product_cat":[169,1249],"product_tag":[578,706,757,773],"class_list":["post-5245","product","type-product","status-publish","has-post-thumbnail","hentry","product_cat-inny","product_cat-preparaty-medycyny-naturalnej","product_tag-fajne-zarty-na-prima-aprilis","product_tag-imie-kuba","product_tag-test-z-lektury-ania-z-zielonego-wzgorza-klasa-6-z-odpowiedziami","product_tag-test-z-lektury-opowiesci-z-narnii-lew-czarownica-i-stara-szafa"],"_links":{"self":[{"href":"http:\/\/klubmamgdynia.pl\/index.php\/wp-json\/wp\/v2\/product\/5245","targetHints":{"allow":["GET"]}}],"collection":[{"href":"http:\/\/klubmamgdynia.pl\/index.php\/wp-json\/wp\/v2\/product"}],"about":[{"href":"http:\/\/klubmamgdynia.pl\/index.php\/wp-json\/wp\/v2\/types\/product"}],"replies":[{"embeddable":true,"href":"http:\/\/klubmamgdynia.pl\/index.php\/wp-json\/wp\/v2\/comments?post=5245"}],"wp:featuredmedia":[{"embeddable":true,"href":"http:\/\/klubmamgdynia.pl\/index.php\/wp-json\/wp\/v2\/media\/5246"}],"wp:attachment":[{"href":"http:\/\/klubmamgdynia.pl\/index.php\/wp-json\/wp\/v2\/media?parent=5245"}],"wp:term":[{"taxonomy":"product_cat","embeddable":true,"href":"http:\/\/klubmamgdynia.pl\/index.php\/wp-json\/wp\/v2\/product_cat?post=5245"},{"taxonomy":"product_tag","embeddable":true,"href":"http:\/\/klubmamgdynia.pl\/index.php\/wp-json\/wp\/v2\/product_tag?post=5245"}],"curies":[{"name":"wp","href":"https:\/\/api.w.org\/{rel}","templated":true}]}}