{"id":5261,"date":"2023-03-16T22:01:42","date_gmt":"2023-03-16T21:01:42","guid":{"rendered":"http:\/\/klubmamgdynia.pl\/?post_type=product&#038;p=5261"},"modified":"2026-04-18T19:15:58","modified_gmt":"2026-04-18T17:15:58","slug":"lionelo-amber-grey-graphite-spacerowy","status":"publish","type":"product","link":"http:\/\/klubmamgdynia.pl\/index.php\/produkt\/lionelo-amber-grey-graphite-spacerowy\/","title":{"rendered":"Lionelo Amber Grey Graphite Spacerowy"},"content":{"rendered":"<p>W\u00f3zek 3w1 Lionelo Amber Spacer\u00f3wka Gondola Fotelik<\/p>\n<h2>Lionelo Amber Grey Graphite Spacerowy Lionelo<\/h2>\n<p>wydarzenia warszawa dzisiaj, lol kolorowanka, zagadki matematyczne dla dzieci, prezent na roczek dziewczynka, bajka terapeutyczna o z\u0142o\u015bci pdf, atrakcje dla dzieci w warszawie dzi\u015b, cytat o dzieciach, co kupi\u0107 nastolatkowi, kolorowanki do wydruku, zabawy miko\u0142ajkowe dla dzieci, cytaty o wychowaniu dzieci, zaproszenia na urodziny do wydruku czarno bia\u0142e, zagadki na inteligencj\u0119, kolorowanka lego<\/p>\n<p>yyyyy<\/p>\n<p>&nbsp;<\/p>\n","protected":false},"excerpt":{"rendered":"<p>W\u00f3zek 3w1 Lionelo Amber Spacer\u00f3wka Gondola Fotelik Lionelo Amber Grey Graphite Spacerowy Lionelo wydarzenia warszawa dzisiaj, lol kolorowanka, zagadki matematyczne dla dzieci, prezent na roczek dziewczynka, bajka terapeutyczna o z\u0142o\u015bci pdf, atrakcje dla dzieci w warszawie dzi\u015b, cytat o dzieciach, co kupi\u0107 nastolatkowi, kolorowanki do wydruku, zabawy miko\u0142ajkowe dla dzieci, cytaty o wychowaniu dzieci, zaproszenia [&hellip;]<\/p>\n","protected":false},"featured_media":5262,"comment_status":"closed","ping_status":"open","template":"","meta":[],"product_cat":[967,71],"product_tag":[668,851,653,822],"class_list":["post-5261","product","type-product","status-publish","has-post-thumbnail","hentry","product_cat-lionelo","product_cat-wozki-spacerowe","product_tag-atrakcje-dla-dzieci-wroclaw","product_tag-jak-narysowac-kota","product_tag-warszawa-dla-dzieci","product_tag-wierszyki-o-wakacjach-krotkie"],"_links":{"self":[{"href":"http:\/\/klubmamgdynia.pl\/index.php\/wp-json\/wp\/v2\/product\/5261","targetHints":{"allow":["GET"]}}],"collection":[{"href":"http:\/\/klubmamgdynia.pl\/index.php\/wp-json\/wp\/v2\/product"}],"about":[{"href":"http:\/\/klubmamgdynia.pl\/index.php\/wp-json\/wp\/v2\/types\/product"}],"replies":[{"embeddable":true,"href":"http:\/\/klubmamgdynia.pl\/index.php\/wp-json\/wp\/v2\/comments?post=5261"}],"wp:featuredmedia":[{"embeddable":true,"href":"http:\/\/klubmamgdynia.pl\/index.php\/wp-json\/wp\/v2\/media\/5262"}],"wp:attachment":[{"href":"http:\/\/klubmamgdynia.pl\/index.php\/wp-json\/wp\/v2\/media?parent=5261"}],"wp:term":[{"taxonomy":"product_cat","embeddable":true,"href":"http:\/\/klubmamgdynia.pl\/index.php\/wp-json\/wp\/v2\/product_cat?post=5261"},{"taxonomy":"product_tag","embeddable":true,"href":"http:\/\/klubmamgdynia.pl\/index.php\/wp-json\/wp\/v2\/product_tag?post=5261"}],"curies":[{"name":"wp","href":"https:\/\/api.w.org\/{rel}","templated":true}]}}